{"id":5270,"date":"2026-04-23T22:52:54","date_gmt":"2026-04-23T20:52:54","guid":{"rendered":"http:\/\/localhost\/borrador\/?post_type=product&#038;p=5270"},"modified":"2026-05-06T17:26:18","modified_gmt":"2026-05-06T22:26:18","slug":"lente-lssp300-cl-segpro-antirayadura","status":"publish","type":"product","link":"https:\/\/valesafety.com.pe\/?product=lente-lssp300-cl-segpro-antirayadura","title":{"rendered":"Lente LSSP300 CL Segpro Antirayadura"},"content":{"rendered":"<h2>Lente LSSP300 CL Segpro Antirayadura<\/h2>\n<ul>\n<li data-start=\"1386\" data-end=\"1469\">Lente de seguridad fabricado en policarbonato de alta resistencia a impactos.<\/li>\n<li data-start=\"1472\" data-end=\"1541\">Protecci\u00f3n UV 99.9 % para mayor seguridad ocular en exteriores.<\/li>\n<li data-start=\"1544\" data-end=\"1620\">Tratamiento antifog que evita el empa\u00f1amiento en ambientes de trabajo.<\/li>\n<li data-start=\"1623\" data-end=\"1693\">Recubrimiento anti-rayadura que mejora la durabilidad del lente.<\/li>\n<li data-start=\"1696\" data-end=\"1777\">Transmisi\u00f3n de luz del 95 %, ideal para interiores o zonas bien iluminadas.<\/li>\n<li data-start=\"1780\" data-end=\"1849\">Dise\u00f1o ergon\u00f3mico con patillas regulables para mayor comodidad.<\/li>\n<li data-start=\"1852\" data-end=\"1929\">Permite visi\u00f3n perif\u00e9rica amplia para mejorar la seguridad del usuario.<\/li>\n<li data-start=\"1932\" data-end=\"2010\">Peso ligero de 25 gramos que reduce la fatiga durante el uso prolongado.<\/li>\n<li data-start=\"2013\" data-end=\"2062\">Certificaciones ANSI Z87.1+2020 y CE EN166.<\/li>\n<li data-start=\"2065\" data-end=\"2136\">Material del lente en policarbonato y marco con PVC resistente.<\/li>\n<\/ul>\n<p>Necesitas m\u00e1s productos encu\u00e9ntralos en nuestra <a href=\"https:\/\/valesafety.com.pe\/tienda\">tienda .<\/a><\/p>\n<p>Para m\u00e1s informaci\u00f3n sobre este y otros productos, no dudes en contactarnos por\u00a0<a href=\"http:\/\/wa.me\/977762682\" target=\"_blank\" rel=\"noopener\">WhatsApp<\/a>.<\/p>\n","protected":false},"excerpt":{"rendered":"<p>Lente LSSP300 CL Segpro Antirayadura fabricado en policarbonato de alta resistencia, dise\u00f1ado para brindar protecci\u00f3n ocular frente a impactos, polvo y part\u00edculas en ambientes industriales. Cuenta con tratamiento antifog que evita el empa\u00f1amiento y recubrimiento anti-rayadura que prolonga la vida \u00fatil del lente.<\/p>\n","protected":false},"featured_media":5302,"comment_status":"closed","ping_status":"closed","template":"","meta":{"_acf_changed":false},"product_brand":[35],"product_cat":[103,65],"product_tag":[515,613,338],"class_list":{"0":"post-5270","1":"product","2":"type-product","3":"status-publish","4":"has-post-thumbnail","6":"product_brand-segpro","7":"product_cat-anteojos-de-seguridad","8":"product_cat-proteccion-visual","9":"product_tag-distribuidor-segpro","10":"product_tag-lentes-segpro","11":"product_tag-segpro","13":"first","14":"instock","15":"shipping-taxable","16":"purchasable","17":"product-type-simple"},"acf":[],"_links":{"self":[{"href":"https:\/\/valesafety.com.pe\/index.php?rest_route=\/wp\/v2\/product\/5270","targetHints":{"allow":["GET"]}}],"collection":[{"href":"https:\/\/valesafety.com.pe\/index.php?rest_route=\/wp\/v2\/product"}],"about":[{"href":"https:\/\/valesafety.com.pe\/index.php?rest_route=\/wp\/v2\/types\/product"}],"replies":[{"embeddable":true,"href":"https:\/\/valesafety.com.pe\/index.php?rest_route=%2Fwp%2Fv2%2Fcomments&post=5270"}],"wp:featuredmedia":[{"embeddable":true,"href":"https:\/\/valesafety.com.pe\/index.php?rest_route=\/wp\/v2\/media\/5302"}],"wp:attachment":[{"href":"https:\/\/valesafety.com.pe\/index.php?rest_route=%2Fwp%2Fv2%2Fmedia&parent=5270"}],"wp:term":[{"taxonomy":"product_brand","embeddable":true,"href":"https:\/\/valesafety.com.pe\/index.php?rest_route=%2Fwp%2Fv2%2Fproduct_brand&post=5270"},{"taxonomy":"product_cat","embeddable":true,"href":"https:\/\/valesafety.com.pe\/index.php?rest_route=%2Fwp%2Fv2%2Fproduct_cat&post=5270"},{"taxonomy":"product_tag","embeddable":true,"href":"https:\/\/valesafety.com.pe\/index.php?rest_route=%2Fwp%2Fv2%2Fproduct_tag&post=5270"}],"curies":[{"name":"wp","href":"https:\/\/api.w.org\/{rel}","templated":true}]}}