{"id":5242,"date":"2026-04-23T22:51:57","date_gmt":"2026-04-23T20:51:57","guid":{"rendered":"http:\/\/localhost\/borrador\/?post_type=product&#038;p=5242"},"modified":"2026-05-07T10:53:13","modified_gmt":"2026-05-07T15:53:13","slug":"vara-luminosa-recargable-sikurnost","status":"publish","type":"product","link":"https:\/\/valesafety.com.pe\/?product=vara-luminosa-recargable-sikurnost","title":{"rendered":"Vara Luminosa Recargable Sikurnost"},"content":{"rendered":"<ul>\n<li data-start=\"1063\" data-end=\"1274\">Vara luminosa recargable<\/li>\n<li data-start=\"1063\" data-end=\"1274\">Colores disponibles: rojo y verde<\/li>\n<li data-start=\"1063\" data-end=\"1274\">Alta visibilidad en ambientes oscuros<\/li>\n<li data-start=\"1063\" data-end=\"1274\">Dise\u00f1o reutilizable y pr\u00e1ctico<\/li>\n<li data-start=\"1063\" data-end=\"1274\">F\u00e1cil de transportar y usar<\/li>\n<li data-start=\"1063\" data-end=\"1274\">Ideal para se\u00f1alizaci\u00f3n y control<\/li>\n<\/ul>\n<h2 data-start=\"1276\" data-end=\"1306\">Aplicaciones recomendadas<\/h2>\n<p data-start=\"1307\" data-end=\"1409\">Control de tr\u00e1nsito, seguridad vial, obras, industria, eventos, estacionamientos y trabajos nocturnos.<\/p>\n<p>Necesitas m\u00e1s productos encu\u00e9ntralos en nuestra <a href=\"https:\/\/valesafety.com.pe\/tienda\">tienda .<\/a><\/p>\n<p>Para m\u00e1s informaci\u00f3n sobre este y otros productos, no dudes en contactarnos por\u00a0<a href=\"http:\/\/wa.me\/977762682\" target=\"_blank\" rel=\"noopener\">WhatsApp<\/a>.<\/p>\n","protected":false},"excerpt":{"rendered":"<p>La Vara Luminosa Recargable Sikurnost est\u00e1 dise\u00f1ada para brindar alta visibilidad y se\u00f1alizaci\u00f3n efectiva en entornos de trabajo, tr\u00e1nsito y seguridad. Disponible en colores rojo y verde, permite una comunicaci\u00f3n visual clara en condiciones de baja iluminaci\u00f3n o trabajos nocturnos.<\/p>\n","protected":false},"featured_media":5290,"comment_status":"closed","ping_status":"closed","template":"","meta":{"_acf_changed":false},"product_brand":[40],"product_cat":[64],"product_tag":[602,603,610],"class_list":{"0":"post-5242","1":"product","2":"type-product","3":"status-publish","4":"has-post-thumbnail","6":"product_brand-sikurnost","7":"product_cat-proteccion-vial","8":"product_tag-distribuidor-sikurnost","9":"product_tag-sikurnost","10":"product_tag-vara-luminosa-sikurnost","12":"first","13":"instock","14":"shipping-taxable","15":"purchasable","16":"product-type-simple"},"acf":[],"_links":{"self":[{"href":"https:\/\/valesafety.com.pe\/index.php?rest_route=\/wp\/v2\/product\/5242","targetHints":{"allow":["GET"]}}],"collection":[{"href":"https:\/\/valesafety.com.pe\/index.php?rest_route=\/wp\/v2\/product"}],"about":[{"href":"https:\/\/valesafety.com.pe\/index.php?rest_route=\/wp\/v2\/types\/product"}],"replies":[{"embeddable":true,"href":"https:\/\/valesafety.com.pe\/index.php?rest_route=%2Fwp%2Fv2%2Fcomments&post=5242"}],"wp:featuredmedia":[{"embeddable":true,"href":"https:\/\/valesafety.com.pe\/index.php?rest_route=\/wp\/v2\/media\/5290"}],"wp:attachment":[{"href":"https:\/\/valesafety.com.pe\/index.php?rest_route=%2Fwp%2Fv2%2Fmedia&parent=5242"}],"wp:term":[{"taxonomy":"product_brand","embeddable":true,"href":"https:\/\/valesafety.com.pe\/index.php?rest_route=%2Fwp%2Fv2%2Fproduct_brand&post=5242"},{"taxonomy":"product_cat","embeddable":true,"href":"https:\/\/valesafety.com.pe\/index.php?rest_route=%2Fwp%2Fv2%2Fproduct_cat&post=5242"},{"taxonomy":"product_tag","embeddable":true,"href":"https:\/\/valesafety.com.pe\/index.php?rest_route=%2Fwp%2Fv2%2Fproduct_tag&post=5242"}],"curies":[{"name":"wp","href":"https:\/\/api.w.org\/{rel}","templated":true}]}}