{"id":5220,"date":"2026-04-23T22:51:28","date_gmt":"2026-04-23T20:51:28","guid":{"rendered":"http:\/\/localhost\/borrador\/?post_type=product&#038;p=5220"},"modified":"2026-05-06T16:32:19","modified_gmt":"2026-05-06T21:32:19","slug":"guante-edge-48-705-ansell","status":"publish","type":"product","link":"https:\/\/valesafety.com.pe\/?product=guante-edge-48-705-ansell","title":{"rendered":"Guante Edge 48-705 Ansell"},"content":{"rendered":"<h2>Guante Edge 48-705 Ansell<\/h2>\n<ul>\n<li><strong data-start=\"775\" data-end=\"794\">Alta comodidad:<\/strong> Forro sin costuras con mu\u00f1eca de punto y ajuste ce\u00f1ido.<\/li>\n<li><strong data-start=\"855\" data-end=\"879\">Protecci\u00f3n al corte:<\/strong> Dos niveles de resistencia seg\u00fan la aplicaci\u00f3n.<\/li>\n<li><strong data-start=\"932\" data-end=\"953\" data-is-only-node=\"\">Alta resistencia:<\/strong> Nivel 6 de abrasi\u00f3n ANSI.<\/li>\n<li><strong data-start=\"984\" data-end=\"1006\">Mayor durabilidad:<\/strong> Recubrimiento de PU para entornos ligeramente aceitosos.<\/li>\n<li><strong data-start=\"1068\" data-end=\"1084\">Buen agarre:<\/strong> Desempe\u00f1o confiable en superficies secas.<\/li>\n<li><strong data-start=\"1131\" data-end=\"1151\">Opci\u00f3n rentable:<\/strong> Alternativa eficiente a guantes de cuero, algod\u00f3n grueso y aramida.<\/li>\n<\/ul>\n<p>Necesitas m\u00e1s productos encu\u00e9ntralos en nuestra <a href=\"https:\/\/valesafety.com.pe\/tienda\">tienda .<\/a><\/p>\n<p>Para m\u00e1s informaci\u00f3n sobre este y otros productos, no dudes en contactarnos por\u00a0<a href=\"http:\/\/wa.me\/977762682\" target=\"_blank\" rel=\"noopener\">WhatsApp<\/a>.<\/p>\n","protected":false},"excerpt":{"rendered":"<p>El Guante EDGE 48-705 est\u00e1 dise\u00f1ado para aplicaciones resistentes al corte que requieren comodidad, flexibilidad y protecci\u00f3n confiable. Su forro sin costuras con mu\u00f1eca de punto ofrece un ajuste ce\u00f1ido y ergon\u00f3mico, ideal para trabajos de alta destreza.<\/p>\n","protected":false},"featured_media":5267,"comment_status":"closed","ping_status":"closed","template":"","meta":{"_acf_changed":false},"product_brand":[39],"product_cat":[59],"product_tag":[601,563,600],"class_list":{"0":"post-5220","1":"product","2":"type-product","3":"status-publish","4":"has-post-thumbnail","6":"product_brand-ansell","7":"product_cat-proteccion-de-las-manos","8":"product_tag-ansell","9":"product_tag-distribuidor-ansell","10":"product_tag-guante-ansell","12":"first","13":"instock","14":"shipping-taxable","15":"purchasable","16":"product-type-simple"},"acf":[],"_links":{"self":[{"href":"https:\/\/valesafety.com.pe\/index.php?rest_route=\/wp\/v2\/product\/5220","targetHints":{"allow":["GET"]}}],"collection":[{"href":"https:\/\/valesafety.com.pe\/index.php?rest_route=\/wp\/v2\/product"}],"about":[{"href":"https:\/\/valesafety.com.pe\/index.php?rest_route=\/wp\/v2\/types\/product"}],"replies":[{"embeddable":true,"href":"https:\/\/valesafety.com.pe\/index.php?rest_route=%2Fwp%2Fv2%2Fcomments&post=5220"}],"wp:featuredmedia":[{"embeddable":true,"href":"https:\/\/valesafety.com.pe\/index.php?rest_route=\/wp\/v2\/media\/5267"}],"wp:attachment":[{"href":"https:\/\/valesafety.com.pe\/index.php?rest_route=%2Fwp%2Fv2%2Fmedia&parent=5220"}],"wp:term":[{"taxonomy":"product_brand","embeddable":true,"href":"https:\/\/valesafety.com.pe\/index.php?rest_route=%2Fwp%2Fv2%2Fproduct_brand&post=5220"},{"taxonomy":"product_cat","embeddable":true,"href":"https:\/\/valesafety.com.pe\/index.php?rest_route=%2Fwp%2Fv2%2Fproduct_cat&post=5220"},{"taxonomy":"product_tag","embeddable":true,"href":"https:\/\/valesafety.com.pe\/index.php?rest_route=%2Fwp%2Fv2%2Fproduct_tag&post=5220"}],"curies":[{"name":"wp","href":"https:\/\/api.w.org\/{rel}","templated":true}]}}