{"id":5172,"date":"2026-04-23T22:49:52","date_gmt":"2026-04-23T20:49:52","guid":{"rendered":"http:\/\/localhost\/borrador\/?post_type=product&#038;p=5172"},"modified":"2026-05-06T10:19:16","modified_gmt":"2026-05-06T15:19:16","slug":"alcohol-gel-1-litro-palmera","status":"publish","type":"product","link":"https:\/\/valesafety.com.pe\/?product=alcohol-gel-1-litro-palmera","title":{"rendered":"Alcohol Gel 1 Litro Palmera"},"content":{"rendered":"<h2>Alcohol Gel 1 Litro Palmera<\/h2>\n<p>Limpian instant\u00e1neamente las manos sin usar agua y jab\u00f3n.<\/p>\n<p>La f\u00f3rmula a base de alcohol ayuda a combatir los g\u00e9rmenes y bacterias comunes.<\/p>\n<p>Deja sus manos suaves y limpia de bacterias comunes.<\/p>\n<p>Solo tienes que aplicar la cantidad suficiente de alcohol en gel directamente sobre las manos y frotar hasta que este seco.<\/p>\n<p>Los principios activos en la mayor\u00eda de los geles sanitizantes son alcohol, isoprop\u00edlico, et\u00edlico o prop\u00edlico.<\/p>\n<p>Necesitas m\u00e1s productos encu\u00e9ntralos en nuestra\u00a0<a href=\"https:\/\/valesafety.com.pe\/tienda\">tienda .<\/a><\/p>\n<p>Para m\u00e1s informaci\u00f3n sobre este y otros productos, no dudes en contactarnos por\u00a0<a href=\"http:\/\/wa.me\/977762682\" target=\"_blank\" rel=\"noopener\">WhatsApp<\/a>.<\/p>\n","protected":false},"excerpt":{"rendered":"<p>El alcohol gel 1 litro de palmera es una alternativa para el agua y jab\u00f3n para lavarse las manos, aplicar una cantidad suficiente de alcohol directamente sobre las manos.<\/p>\n","protected":false},"featured_media":5218,"comment_status":"closed","ping_status":"closed","template":"","meta":{"_acf_changed":false},"product_brand":[625],"product_cat":[57],"product_tag":[593,594],"class_list":{"0":"post-5172","1":"product","2":"type-product","3":"status-publish","4":"has-post-thumbnail","6":"product_brand-palmera","7":"product_cat-proteccion-corporal","8":"product_tag-alcohol-en-gel","9":"product_tag-palmera","11":"first","12":"instock","13":"shipping-taxable","14":"purchasable","15":"product-type-simple"},"acf":[],"_links":{"self":[{"href":"https:\/\/valesafety.com.pe\/index.php?rest_route=\/wp\/v2\/product\/5172","targetHints":{"allow":["GET"]}}],"collection":[{"href":"https:\/\/valesafety.com.pe\/index.php?rest_route=\/wp\/v2\/product"}],"about":[{"href":"https:\/\/valesafety.com.pe\/index.php?rest_route=\/wp\/v2\/types\/product"}],"replies":[{"embeddable":true,"href":"https:\/\/valesafety.com.pe\/index.php?rest_route=%2Fwp%2Fv2%2Fcomments&post=5172"}],"wp:featuredmedia":[{"embeddable":true,"href":"https:\/\/valesafety.com.pe\/index.php?rest_route=\/wp\/v2\/media\/5218"}],"wp:attachment":[{"href":"https:\/\/valesafety.com.pe\/index.php?rest_route=%2Fwp%2Fv2%2Fmedia&parent=5172"}],"wp:term":[{"taxonomy":"product_brand","embeddable":true,"href":"https:\/\/valesafety.com.pe\/index.php?rest_route=%2Fwp%2Fv2%2Fproduct_brand&post=5172"},{"taxonomy":"product_cat","embeddable":true,"href":"https:\/\/valesafety.com.pe\/index.php?rest_route=%2Fwp%2Fv2%2Fproduct_cat&post=5172"},{"taxonomy":"product_tag","embeddable":true,"href":"https:\/\/valesafety.com.pe\/index.php?rest_route=%2Fwp%2Fv2%2Fproduct_tag&post=5172"}],"curies":[{"name":"wp","href":"https:\/\/api.w.org\/{rel}","templated":true}]}}