{"id":5163,"date":"2026-04-23T22:49:25","date_gmt":"2026-04-23T20:49:25","guid":{"rendered":"http:\/\/localhost\/borrador\/?post_type=product&#038;p=5163"},"modified":"2026-05-06T10:19:20","modified_gmt":"2026-05-06T15:19:20","slug":"alcohol-gel-5000ml-5l-palmera","status":"publish","type":"product","link":"https:\/\/valesafety.com.pe\/?product=alcohol-gel-5000ml-5l-palmera","title":{"rendered":"Alcohol Gel 5000ml (5L) Palmera"},"content":{"rendered":"<p>Limpian instant\u00e1neamente las manos sin usar agua y jab\u00f3n.<\/p>\n<p>La f\u00f3rmula a base de alcohol ayuda a combatir los g\u00e9rmenes y bacterias comunes.<\/p>\n<p>Deja sus manos suaves y limpia de bacterias comunes.<\/p>\n<p>Solo tienes que aplicar la cantidad suficiente de alcohol en gel directamente sobre las manos y frotar hasta que este seco.<\/p>\n<p>Necesitas m\u00e1s productos encu\u00e9ntralos en nuestra <a href=\"https:\/\/valesafety.com.pe\/tienda\">tienda .<\/a><\/p>\n<p>Para m\u00e1s informaci\u00f3n sobre este y otros productos, no dudes en contactarnos por\u00a0<a href=\"http:\/\/wa.me\/977762682\" target=\"_blank\" rel=\"noopener\">WhatsApp<\/a>.<\/p>\n","protected":false},"excerpt":{"rendered":"<p>Es un producto antis\u00e9ptico utilizado como opci\u00f3n al lavado tradicional con agua y jab\u00f3n para la higiene de las manos. La mayor\u00eda de los geles sanitizantes contienen como principios activos alcohol isoprop\u00edlico, et\u00edlico o prop\u00edlico.<\/p>\n","protected":false},"featured_media":5217,"comment_status":"closed","ping_status":"closed","template":"","meta":{"_acf_changed":false},"product_brand":[625],"product_cat":[57],"product_tag":[593],"class_list":{"0":"post-5163","1":"product","2":"type-product","3":"status-publish","4":"has-post-thumbnail","6":"product_brand-palmera","7":"product_cat-proteccion-corporal","8":"product_tag-alcohol-en-gel","10":"first","11":"instock","12":"shipping-taxable","13":"purchasable","14":"product-type-simple"},"acf":[],"_links":{"self":[{"href":"https:\/\/valesafety.com.pe\/index.php?rest_route=\/wp\/v2\/product\/5163","targetHints":{"allow":["GET"]}}],"collection":[{"href":"https:\/\/valesafety.com.pe\/index.php?rest_route=\/wp\/v2\/product"}],"about":[{"href":"https:\/\/valesafety.com.pe\/index.php?rest_route=\/wp\/v2\/types\/product"}],"replies":[{"embeddable":true,"href":"https:\/\/valesafety.com.pe\/index.php?rest_route=%2Fwp%2Fv2%2Fcomments&post=5163"}],"wp:featuredmedia":[{"embeddable":true,"href":"https:\/\/valesafety.com.pe\/index.php?rest_route=\/wp\/v2\/media\/5217"}],"wp:attachment":[{"href":"https:\/\/valesafety.com.pe\/index.php?rest_route=%2Fwp%2Fv2%2Fmedia&parent=5163"}],"wp:term":[{"taxonomy":"product_brand","embeddable":true,"href":"https:\/\/valesafety.com.pe\/index.php?rest_route=%2Fwp%2Fv2%2Fproduct_brand&post=5163"},{"taxonomy":"product_cat","embeddable":true,"href":"https:\/\/valesafety.com.pe\/index.php?rest_route=%2Fwp%2Fv2%2Fproduct_cat&post=5163"},{"taxonomy":"product_tag","embeddable":true,"href":"https:\/\/valesafety.com.pe\/index.php?rest_route=%2Fwp%2Fv2%2Fproduct_tag&post=5163"}],"curies":[{"name":"wp","href":"https:\/\/api.w.org\/{rel}","templated":true}]}}