{"id":5161,"date":"2026-04-23T22:49:25","date_gmt":"2026-04-23T20:49:25","guid":{"rendered":"http:\/\/localhost\/borrador\/?post_type=product&#038;p=5161"},"modified":"2026-05-07T10:27:52","modified_gmt":"2026-05-07T15:27:52","slug":"respirador-media-cara-s950-air","status":"publish","type":"product","link":"https:\/\/valesafety.com.pe\/?product=respirador-media-cara-s950-air","title":{"rendered":"Respirador Media Cara S950 AIR"},"content":{"rendered":"<h2>Respirador Media Cara S950 AIR<\/h2>\n<ul>\n<li>Sello facial de silicona de alta confortabilidad.<\/li>\n<li>Sistema de ajuste fijo y deslizable.<\/li>\n<li>L\u00ednea de sello mayor anat\u00f3micamente actualizado.<\/li>\n<li>Tapa frontal removible para una f\u00e1cil mantenci\u00f3n.<\/li>\n<li>V\u00e1lvula de exhalaci\u00f3n MAX FLOW que reduce eficientemente la temperatura, humedad y contenido de CO2 en el interior del respirador.<\/li>\n<\/ul>\n<h3>Aplicaci\u00f3n:<\/h3>\n<p>Protecci\u00f3n de las v\u00edas respiratorias contra la inhalaci\u00f3n de part\u00edculas s\u00f3lidas, part\u00edculas l\u00edquidas, gases y vapores cuando es utilizado con filtros mec\u00e1nicos\/electrost\u00e1ticos, qu\u00edmicos o mixtos adecuados.<\/p>\n<h4>Certificaci\u00f3n:<\/h4>\n<p>EN140:1998, conforme a lo dispuesto en el reglamento (UE) 2016\/425 relativo a los equipos de protecci\u00f3n individual.<\/p>\n<p>Necesitas m\u00e1s productos encu\u00e9ntralos en nuestra <a href=\"https:\/\/valesafety.com.pe\/tienda\">tienda .<\/a><\/p>\n<p>Para m\u00e1s informaci\u00f3n sobre este y otros productos, no dudes en contactarnos por\u00a0<a href=\"http:\/\/wa.me\/977762682\" target=\"_blank\" rel=\"noopener\">WhatsApp<\/a>.<\/p>\n","protected":false},"excerpt":{"rendered":"<p>Respirador Media Cara S950 AIR, dise\u00f1ado con sello facial de silicona para mayor comodidad, arn\u00e9s regulable que asegura un ajuste preciso y v\u00e1lvula MAX FLOW que facilita la respiraci\u00f3n. De mantenimiento sencillo y disponible en tres tallas: peque\u00f1o S950S (S), mediano S950M (M) y grande S950L (L).<\/p>\n","protected":false},"featured_media":5215,"comment_status":"closed","ping_status":"closed","template":"","meta":{"_acf_changed":false},"product_brand":[645],"product_cat":[62,100],"product_tag":[589,590],"class_list":{"0":"post-5161","1":"product","2":"type-product","3":"status-publish","4":"has-post-thumbnail","6":"product_brand-air","7":"product_cat-proteccion-respiratoria","8":"product_cat-respiradores","9":"product_tag-respirador-de-silicona","10":"product_tag-respirador-media-cara","12":"first","13":"instock","14":"shipping-taxable","15":"purchasable","16":"product-type-simple"},"acf":[],"_links":{"self":[{"href":"https:\/\/valesafety.com.pe\/index.php?rest_route=\/wp\/v2\/product\/5161","targetHints":{"allow":["GET"]}}],"collection":[{"href":"https:\/\/valesafety.com.pe\/index.php?rest_route=\/wp\/v2\/product"}],"about":[{"href":"https:\/\/valesafety.com.pe\/index.php?rest_route=\/wp\/v2\/types\/product"}],"replies":[{"embeddable":true,"href":"https:\/\/valesafety.com.pe\/index.php?rest_route=%2Fwp%2Fv2%2Fcomments&post=5161"}],"wp:featuredmedia":[{"embeddable":true,"href":"https:\/\/valesafety.com.pe\/index.php?rest_route=\/wp\/v2\/media\/5215"}],"wp:attachment":[{"href":"https:\/\/valesafety.com.pe\/index.php?rest_route=%2Fwp%2Fv2%2Fmedia&parent=5161"}],"wp:term":[{"taxonomy":"product_brand","embeddable":true,"href":"https:\/\/valesafety.com.pe\/index.php?rest_route=%2Fwp%2Fv2%2Fproduct_brand&post=5161"},{"taxonomy":"product_cat","embeddable":true,"href":"https:\/\/valesafety.com.pe\/index.php?rest_route=%2Fwp%2Fv2%2Fproduct_cat&post=5161"},{"taxonomy":"product_tag","embeddable":true,"href":"https:\/\/valesafety.com.pe\/index.php?rest_route=%2Fwp%2Fv2%2Fproduct_tag&post=5161"}],"curies":[{"name":"wp","href":"https:\/\/api.w.org\/{rel}","templated":true}]}}