{"id":5121,"date":"2026-04-23T22:48:26","date_gmt":"2026-04-23T20:48:26","guid":{"rendered":"http:\/\/localhost\/borrador\/?post_type=product&#038;p=5121"},"modified":"2026-05-06T16:15:31","modified_gmt":"2026-05-06T21:15:31","slug":"guante-activaarm-hycron-27-602-ansell","status":"publish","type":"product","link":"https:\/\/valesafety.com.pe\/?product=guante-activaarm-hycron-27-602-ansell","title":{"rendered":"Guante ActivaArm Hycron 27-602 Ansell"},"content":{"rendered":"<h2>Guante ActivaArm Hycron 27-602 Ansell<\/h2>\n<ul>\n<li data-start=\"1784\" data-end=\"1931\">Formulaci\u00f3n \u00fanica de nitrilo: Flexibilidad, durabilidad y resistencia superior a la abrasi\u00f3n, incluso frente a materiales afilados y rugosos.<\/li>\n<li data-start=\"1934\" data-end=\"2049\">Mayor durabilidad: Hasta 3 veces m\u00e1s resistentes que los guantes de cuero est\u00e1ndar para trabajos pesados.<\/li>\n<li data-start=\"2052\" data-end=\"2173\">Protecci\u00f3n contra aceites y grasas: Barrera efectiva que evita la penetraci\u00f3n de l\u00edquidos en entornos industriales.<\/li>\n<li data-start=\"2176\" data-end=\"2273\">Forro de algod\u00f3n transpirable: Absorbe el sudor y ofrece comodidad durante largas jornadas.<\/li>\n<li data-start=\"2276\" data-end=\"2402\">Dise\u00f1o sin silicona: Reduce el riesgo de defectos en la manipulaci\u00f3n de piezas met\u00e1licas y componentes antes de pintado.<\/li>\n<li data-start=\"2405\" data-end=\"2498\">Ergonom\u00eda optimizada: Ajuste seguro y confort prolongado para mejorar la productividad.<\/li>\n<\/ul>\n<p>Necesitas m\u00e1s productos encu\u00e9ntralos en nuestra <a href=\"https:\/\/valesafety.com.pe\/tienda\">tienda .<\/a><\/p>\n<p>Para m\u00e1s informaci\u00f3n sobre este y otros productos, no dudes en contactarnos por\u00a0<a href=\"http:\/\/wa.me\/977762682\" target=\"_blank\" rel=\"noopener\">WhatsApp<\/a>.<\/p>\n","protected":false},"excerpt":{"rendered":"<p data-start=\"1299\" data-end=\"1734\">Guante ActivaArm Hycron 27-602 est\u00e1 dise\u00f1ado para ofrecer una protecci\u00f3n excepcional contra la abrasi\u00f3n, aceites y grasas, convirti\u00e9ndose en una soluci\u00f3n ideal para la manipulaci\u00f3n de materiales pesados y abrasivos. Su recubrimiento exclusivo de nitrilo proporciona una durabilidad tres veces mayor que la de los guantes de cuero tradicionales, garantizando un rendimiento confiable en entornos industriales exigentes.<\/p>\n","protected":false},"featured_media":5170,"comment_status":"closed","ping_status":"closed","template":"","meta":{"_acf_changed":false},"product_brand":[39],"product_cat":[96,59],"product_tag":[563,567,568],"class_list":{"0":"post-5121","1":"product","2":"type-product","3":"status-publish","4":"has-post-thumbnail","6":"product_brand-ansell","7":"product_cat-guante-nitron","8":"product_cat-proteccion-de-las-manos","9":"product_tag-distribuidor-ansell","10":"product_tag-guante-de-nitrilo","11":"product_tag-guante-sin-silicona","13":"first","14":"instock","15":"shipping-taxable","16":"purchasable","17":"product-type-simple"},"acf":[],"_links":{"self":[{"href":"https:\/\/valesafety.com.pe\/index.php?rest_route=\/wp\/v2\/product\/5121","targetHints":{"allow":["GET"]}}],"collection":[{"href":"https:\/\/valesafety.com.pe\/index.php?rest_route=\/wp\/v2\/product"}],"about":[{"href":"https:\/\/valesafety.com.pe\/index.php?rest_route=\/wp\/v2\/types\/product"}],"replies":[{"embeddable":true,"href":"https:\/\/valesafety.com.pe\/index.php?rest_route=%2Fwp%2Fv2%2Fcomments&post=5121"}],"wp:featuredmedia":[{"embeddable":true,"href":"https:\/\/valesafety.com.pe\/index.php?rest_route=\/wp\/v2\/media\/5170"}],"wp:attachment":[{"href":"https:\/\/valesafety.com.pe\/index.php?rest_route=%2Fwp%2Fv2%2Fmedia&parent=5121"}],"wp:term":[{"taxonomy":"product_brand","embeddable":true,"href":"https:\/\/valesafety.com.pe\/index.php?rest_route=%2Fwp%2Fv2%2Fproduct_brand&post=5121"},{"taxonomy":"product_cat","embeddable":true,"href":"https:\/\/valesafety.com.pe\/index.php?rest_route=%2Fwp%2Fv2%2Fproduct_cat&post=5121"},{"taxonomy":"product_tag","embeddable":true,"href":"https:\/\/valesafety.com.pe\/index.php?rest_route=%2Fwp%2Fv2%2Fproduct_tag&post=5121"}],"curies":[{"name":"wp","href":"https:\/\/api.w.org\/{rel}","templated":true}]}}