{"id":5119,"date":"2026-04-23T22:48:25","date_gmt":"2026-04-23T20:48:25","guid":{"rendered":"http:\/\/localhost\/borrador\/?post_type=product&#038;p=5119"},"modified":"2026-05-06T16:42:13","modified_gmt":"2026-05-06T21:42:13","slug":"guante-hyflex-11-591-ansell","status":"publish","type":"product","link":"https:\/\/valesafety.com.pe\/?product=guante-hyflex-11-591-ansell","title":{"rendered":"Guante Hyflex 11-591 Ansell"},"content":{"rendered":"<h1>Guante Hyflex 11-591 Ansell<\/h1>\n<ul>\n<li data-start=\"2034\" data-end=\"2134\">Protecci\u00f3n contra cortes A9 ANSI\/ISEA y EN ISO F, para m\u00e1xima seguridad en entornos de riesgo.<\/li>\n<li data-start=\"2137\" data-end=\"2235\">Dise\u00f1o ultraligero, un 20% m\u00e1s ligero, que brinda comodidad durante toda la jornada laboral.<\/li>\n<li data-start=\"2238\" data-end=\"2327\">Mayor durabilidad, con tecnolog\u00eda FORTIX\u2122 que aumenta la resistencia a la abrasi\u00f3n.<\/li>\n<li data-start=\"2330\" data-end=\"2436\">Compatibilidad con pantallas t\u00e1ctiles, lo que permite trabajar sin necesidad de retirar los guantes.<\/li>\n<li data-start=\"2439\" data-end=\"2536\">Protecci\u00f3n contra calor de contacto (EN 407 nivel 1) para manipulaci\u00f3n de piezas calientes.<\/li>\n<li data-start=\"2539\" data-end=\"2615\">Defensas reforzadas en la uni\u00f3n \u00edndice-pulgar, zona de mayor desgaste.<\/li>\n<li data-start=\"2618\" data-end=\"2715\">Antiest\u00e1tico, libre de silicona y l\u00e1tex, ideal para industrias sensibles a contaminaciones.<\/li>\n<\/ul>\n<p>Necesitas m\u00e1s productos encu\u00e9ntralos en nuestra <a href=\"https:\/\/valesafety.com.pe\/tienda\">tienda .<\/a><\/p>\n<p>Para m\u00e1s informaci\u00f3n sobre este y otros productos, no dudes en contactarnos por\u00a0<a href=\"http:\/\/wa.me\/977762682\" target=\"_blank\" rel=\"noopener\">WhatsApp<\/a>.<\/p>\n","protected":false},"excerpt":{"rendered":"<p>El guante HyFlex 11-591 de Ansell est\u00e1 dise\u00f1ado para brindar la m\u00e1xima protecci\u00f3n anticorte nivel A9 seg\u00fan la norma ANSI\/ISEA 105-2024 y nivel F seg\u00fan EN ISO, lo que lo convierte en una opci\u00f3n confiable para trabajos de alto riesgo con piezas de bordes afilados.<\/p>\n","protected":false},"featured_media":5168,"comment_status":"closed","ping_status":"closed","template":"","meta":{"_acf_changed":false},"product_brand":[39],"product_cat":[59],"product_tag":[563,564,197],"class_list":{"0":"post-5119","1":"product","2":"type-product","3":"status-publish","4":"has-post-thumbnail","6":"product_brand-ansell","7":"product_cat-proteccion-de-las-manos","8":"product_tag-distribuidor-ansell","9":"product_tag-guante-industrial-resistente-a-cortes","10":"product_tag-guantes-ansell","12":"first","13":"instock","14":"shipping-taxable","15":"purchasable","16":"product-type-simple"},"acf":[],"_links":{"self":[{"href":"https:\/\/valesafety.com.pe\/index.php?rest_route=\/wp\/v2\/product\/5119","targetHints":{"allow":["GET"]}}],"collection":[{"href":"https:\/\/valesafety.com.pe\/index.php?rest_route=\/wp\/v2\/product"}],"about":[{"href":"https:\/\/valesafety.com.pe\/index.php?rest_route=\/wp\/v2\/types\/product"}],"replies":[{"embeddable":true,"href":"https:\/\/valesafety.com.pe\/index.php?rest_route=%2Fwp%2Fv2%2Fcomments&post=5119"}],"wp:featuredmedia":[{"embeddable":true,"href":"https:\/\/valesafety.com.pe\/index.php?rest_route=\/wp\/v2\/media\/5168"}],"wp:attachment":[{"href":"https:\/\/valesafety.com.pe\/index.php?rest_route=%2Fwp%2Fv2%2Fmedia&parent=5119"}],"wp:term":[{"taxonomy":"product_brand","embeddable":true,"href":"https:\/\/valesafety.com.pe\/index.php?rest_route=%2Fwp%2Fv2%2Fproduct_brand&post=5119"},{"taxonomy":"product_cat","embeddable":true,"href":"https:\/\/valesafety.com.pe\/index.php?rest_route=%2Fwp%2Fv2%2Fproduct_cat&post=5119"},{"taxonomy":"product_tag","embeddable":true,"href":"https:\/\/valesafety.com.pe\/index.php?rest_route=%2Fwp%2Fv2%2Fproduct_tag&post=5119"}],"curies":[{"name":"wp","href":"https:\/\/api.w.org\/{rel}","templated":true}]}}