{"id":5089,"date":"2026-04-23T22:47:27","date_gmt":"2026-04-23T20:47:27","guid":{"rendered":"http:\/\/localhost\/borrador\/?post_type=product&#038;p=5089"},"modified":"2026-05-06T17:25:14","modified_gmt":"2026-05-06T22:25:14","slug":"lente-google-gear-500-3m","status":"publish","type":"product","link":"https:\/\/valesafety.com.pe\/?product=lente-google-gear-500-3m","title":{"rendered":"Lente Google Gear 500 3m"},"content":{"rendered":"<h2>Lente Google Gear 500 3m<\/h2>\n<ul>\n<li data-start=\"719\" data-end=\"865\">Protecci\u00f3n robusta contra salpicaduras de l\u00edquidos, part\u00edculas de alto impacto a mediana energ\u00eda y temperaturas extremas de -5\u00b0C a 55\u00b0C.<\/li>\n<li data-start=\"868\" data-end=\"1020\">Recubrimiento Anti-empa\u00f1ante Scotchgard\u2122, que supera a los tratamientos tradicionales, ofreciendo una visibilidad n\u00edtida en condiciones exigentes.<\/li>\n<li data-start=\"1023\" data-end=\"1126\">Resistente a limpiezas con lej\u00eda diluida y pa\u00f1os con alcohol, sin perder eficacia anti-empa\u00f1ante.<\/li>\n<li data-start=\"1129\" data-end=\"1221\">Campo de visi\u00f3n amplio y claro, mejorando la productividad y seguridad del trabajador.<\/li>\n<li data-start=\"1224\" data-end=\"1326\">Cumplen con normativas ANSI Z87.1 y CSA Z94.3, garantizando la seguridad ocular certificada.<\/li>\n<\/ul>\n<h3 data-start=\"1328\" data-end=\"1350\">Aplicaciones:<\/h3>\n<p data-start=\"1351\" data-end=\"1380\">Ideales para sectores como:<\/p>\n<ul>\n<li data-start=\"1383\" data-end=\"1396\">Manufactura<\/li>\n<li data-start=\"1399\" data-end=\"1408\">Miner\u00eda<\/li>\n<li data-start=\"1411\" data-end=\"1439\">Metalurgia y metalmec\u00e1nica<\/li>\n<li data-start=\"1442\" data-end=\"1457\">Hidrocarburos<\/li>\n<li data-start=\"1460\" data-end=\"1474\">Construcci\u00f3n<\/li>\n<li data-start=\"1477\" data-end=\"1500\">Industria alimentaria<\/li>\n<\/ul>\n<p>Necesitas m\u00e1s productos encu\u00e9ntralos en nuestra <a href=\"https:\/\/valesafety.com.pe\/tienda\">tienda .<\/a><\/p>\n<p>Para m\u00e1s informaci\u00f3n sobre este y otros productos, no dudes en contactarnos por\u00a0<a href=\"http:\/\/wa.me\/977762682\" target=\"_blank\" rel=\"noopener\">WhatsApp<\/a>.<\/p>\n","protected":false},"excerpt":{"rendered":"<p>Los lentes de seguridad 3M Google Gear 500 est\u00e1n dise\u00f1ados para ofrecer la m\u00e1xima protecci\u00f3n ocular en ambientes exigentes, combinando comodidad, resistencia y visi\u00f3n clara.<\/p>\n","protected":false},"featured_media":5147,"comment_status":"closed","ping_status":"closed","template":"","meta":{"_acf_changed":false},"product_brand":[38],"product_cat":[103,65],"product_tag":[],"class_list":{"0":"post-5089","1":"product","2":"type-product","3":"status-publish","4":"has-post-thumbnail","6":"product_brand-3m","7":"product_cat-anteojos-de-seguridad","8":"product_cat-proteccion-visual","10":"first","11":"instock","12":"shipping-taxable","13":"purchasable","14":"product-type-simple"},"acf":[],"_links":{"self":[{"href":"https:\/\/valesafety.com.pe\/index.php?rest_route=\/wp\/v2\/product\/5089","targetHints":{"allow":["GET"]}}],"collection":[{"href":"https:\/\/valesafety.com.pe\/index.php?rest_route=\/wp\/v2\/product"}],"about":[{"href":"https:\/\/valesafety.com.pe\/index.php?rest_route=\/wp\/v2\/types\/product"}],"replies":[{"embeddable":true,"href":"https:\/\/valesafety.com.pe\/index.php?rest_route=%2Fwp%2Fv2%2Fcomments&post=5089"}],"wp:featuredmedia":[{"embeddable":true,"href":"https:\/\/valesafety.com.pe\/index.php?rest_route=\/wp\/v2\/media\/5147"}],"wp:attachment":[{"href":"https:\/\/valesafety.com.pe\/index.php?rest_route=%2Fwp%2Fv2%2Fmedia&parent=5089"}],"wp:term":[{"taxonomy":"product_brand","embeddable":true,"href":"https:\/\/valesafety.com.pe\/index.php?rest_route=%2Fwp%2Fv2%2Fproduct_brand&post=5089"},{"taxonomy":"product_cat","embeddable":true,"href":"https:\/\/valesafety.com.pe\/index.php?rest_route=%2Fwp%2Fv2%2Fproduct_cat&post=5089"},{"taxonomy":"product_tag","embeddable":true,"href":"https:\/\/valesafety.com.pe\/index.php?rest_route=%2Fwp%2Fv2%2Fproduct_tag&post=5089"}],"curies":[{"name":"wp","href":"https:\/\/api.w.org\/{rel}","templated":true}]}}