{"id":5083,"date":"2026-04-23T22:47:26","date_gmt":"2026-04-23T20:47:26","guid":{"rendered":"http:\/\/localhost\/borrador\/?post_type=product&#038;p=5083"},"modified":"2026-05-06T17:14:01","modified_gmt":"2026-05-06T22:14:01","slug":"lente-de-seguridad-3m-securefit-400","status":"publish","type":"product","link":"https:\/\/valesafety.com.pe\/?product=lente-de-seguridad-3m-securefit-400","title":{"rendered":"Lente de Seguridad 3M Securefit 400"},"content":{"rendered":"<h2>Lente de Seguridad 3M Securefit 400<\/h2>\n<ul>\n<li data-start=\"697\" data-end=\"772\">Tecnolog\u00eda 3M\u2122 SecureFit\u2122 para ajuste autom\u00e1tico y mayor estabilidad.<\/li>\n<li data-start=\"775\" data-end=\"858\">Absorci\u00f3n del 99.9% de rayos UVA y UVB, protecci\u00f3n contra la radiaci\u00f3n solar.<\/li>\n<li data-start=\"861\" data-end=\"933\">Dise\u00f1o ligero (19 g) que brinda comodidad durante toda la jornada.<\/li>\n<li data-start=\"936\" data-end=\"1019\">Materiales suaves de inyecci\u00f3n dual para mayor confort en puntos de contacto.<\/li>\n<li data-start=\"1022\" data-end=\"1089\">Puente nasal suave y ajustable para un mejor sellado y comodidad.<\/li>\n<li data-start=\"1092\" data-end=\"1161\">Cumple con normativas de seguridad ANSI Z87.1-2015 y Z94.3.<\/li>\n<\/ul>\n<h3 data-start=\"1163\" data-end=\"1198\"><strong data-start=\"1167\" data-end=\"1196\">Aplicaciones recomendadas<\/strong><\/h3>\n<p data-start=\"1199\" data-end=\"1258\">El <strong data-start=\"1202\" data-end=\"1241\">Lente de Seguridad 3M SecureFit 400<\/strong> es ideal para:<\/p>\n<ul>\n<li data-start=\"1261\" data-end=\"1304\">Sector automotor y talleres de reparaci\u00f3n<\/li>\n<li data-start=\"1307\" data-end=\"1347\">Construcci\u00f3n y proyectos de renovaci\u00f3n<\/li>\n<li data-start=\"1350\" data-end=\"1386\">Industria alimentaria y de bebidas<\/li>\n<li data-start=\"1389\" data-end=\"1437\">Manufactura en general y plantas de producci\u00f3n<\/li>\n<li data-start=\"1440\" data-end=\"1479\">Industria naval y ambientes mar\u00edtimos<\/li>\n<li data-start=\"1482\" data-end=\"1541\">Procesos de <strong data-start=\"1494\" data-end=\"1539\">corte, soldadura y manufactura de metales<\/strong><\/li>\n<\/ul>\n<p>Necesitas m\u00e1s productos encu\u00e9ntralos en nuestra <a href=\"https:\/\/valesafety.com.pe\/tienda\">tienda .<\/a><\/p>\n<p>Para m\u00e1s informaci\u00f3n sobre este y otros productos, no dudes en contactarnos por\u00a0<a href=\"http:\/\/wa.me\/977762682\" target=\"_blank\" rel=\"noopener\">WhatsApp<\/a>.<\/p>\n","protected":false},"excerpt":{"rendered":"<p>El Lente de Seguridad 3M Securifit 400\u00a0combina comodidad, ligereza y m\u00e1xima protecci\u00f3n ocular, ideal para distintos entornos industriales y profesionales. Con solo 19 gramos de peso, ofrece un uso prolongado sin causar fatiga<\/p>\n","protected":false},"featured_media":5132,"comment_status":"closed","ping_status":"closed","template":"","meta":{"_acf_changed":false},"product_brand":[38],"product_cat":[103,65],"product_tag":[],"class_list":{"0":"post-5083","1":"product","2":"type-product","3":"status-publish","4":"has-post-thumbnail","6":"product_brand-3m","7":"product_cat-anteojos-de-seguridad","8":"product_cat-proteccion-visual","10":"first","11":"instock","12":"shipping-taxable","13":"purchasable","14":"product-type-simple"},"acf":[],"_links":{"self":[{"href":"https:\/\/valesafety.com.pe\/index.php?rest_route=\/wp\/v2\/product\/5083","targetHints":{"allow":["GET"]}}],"collection":[{"href":"https:\/\/valesafety.com.pe\/index.php?rest_route=\/wp\/v2\/product"}],"about":[{"href":"https:\/\/valesafety.com.pe\/index.php?rest_route=\/wp\/v2\/types\/product"}],"replies":[{"embeddable":true,"href":"https:\/\/valesafety.com.pe\/index.php?rest_route=%2Fwp%2Fv2%2Fcomments&post=5083"}],"wp:featuredmedia":[{"embeddable":true,"href":"https:\/\/valesafety.com.pe\/index.php?rest_route=\/wp\/v2\/media\/5132"}],"wp:attachment":[{"href":"https:\/\/valesafety.com.pe\/index.php?rest_route=%2Fwp%2Fv2%2Fmedia&parent=5083"}],"wp:term":[{"taxonomy":"product_brand","embeddable":true,"href":"https:\/\/valesafety.com.pe\/index.php?rest_route=%2Fwp%2Fv2%2Fproduct_brand&post=5083"},{"taxonomy":"product_cat","embeddable":true,"href":"https:\/\/valesafety.com.pe\/index.php?rest_route=%2Fwp%2Fv2%2Fproduct_cat&post=5083"},{"taxonomy":"product_tag","embeddable":true,"href":"https:\/\/valesafety.com.pe\/index.php?rest_route=%2Fwp%2Fv2%2Fproduct_tag&post=5083"}],"curies":[{"name":"wp","href":"https:\/\/api.w.org\/{rel}","templated":true}]}}