{"id":5082,"date":"2026-04-23T22:47:25","date_gmt":"2026-04-23T20:47:25","guid":{"rendered":"http:\/\/localhost\/borrador\/?post_type=product&#038;p=5082"},"modified":"2026-05-06T12:15:39","modified_gmt":"2026-05-06T17:15:39","slug":"arnes-de-repuesto-3m-6281","status":"publish","type":"product","link":"https:\/\/valesafety.com.pe\/?product=arnes-de-repuesto-3m-6281","title":{"rendered":"Arn\u00e9s de Repuesto 3M 6281"},"content":{"rendered":"<h2>Arn\u00e9s de Repuesto 3M 6281<\/h2>\n<ul>\n<li data-start=\"511\" data-end=\"573\">Compatible con respiradores de media cara 3M Serie 6000.<\/li>\n<li data-start=\"576\" data-end=\"630\">Ajuste ergon\u00f3mico y seguro para mayor comodidad.<\/li>\n<li data-start=\"633\" data-end=\"671\">Dise\u00f1o ligero y f\u00e1cil de reemplazar.<\/li>\n<li data-start=\"674\" data-end=\"708\">Cumple con normativas NIOSH.<\/li>\n<\/ul>\n<h3 data-start=\"710\" data-end=\"752\"><strong data-start=\"714\" data-end=\"750\">Aplicaciones y usos recomendados<\/strong><\/h3>\n<p data-start=\"753\" data-end=\"829\">El <strong data-start=\"756\" data-end=\"785\">Arn\u00e9s de Repuesto 3M 6281<\/strong> es ideal para industrias y entornos como:<\/p>\n<ul>\n<li data-start=\"832\" data-end=\"860\">Construcci\u00f3n y manufactura<\/li>\n<li data-start=\"863\" data-end=\"911\">Industria farmac\u00e9utica, naval y de transportes<\/li>\n<li data-start=\"914\" data-end=\"948\">Petr\u00f3leo, gas e industria pesada<\/li>\n<li data-start=\"951\" data-end=\"1025\">Aplicaciones de limpieza, pintura, montaje, mec\u00e1nica y mantenimiento<\/li>\n<\/ul>\n<p>Necesitas m\u00e1s productos encu\u00e9ntralos en nuestra <a href=\"https:\/\/valesafety.com.pe\/tienda\">tienda .<\/a><\/p>\n<p>Para m\u00e1s informaci\u00f3n sobre este y otros productos, no dudes en contactarnos por\u00a0<a href=\"http:\/\/wa.me\/977762682\" target=\"_blank\" rel=\"noopener\">WhatsApp<\/a>.<\/p>\n","protected":false},"excerpt":{"rendered":"<p>El Arn\u00e9s de Repuesto 3M 6281 est\u00e1 dise\u00f1ado para brindar un ajuste seguro y personalizado en los respiradores de media cara 3M Serie 6000. Es una pieza ligera y reemplazable que mejora la comodidad del usuario y extiende la vida \u00fatil del respirador.<\/p>\n","protected":false},"featured_media":5131,"comment_status":"closed","ping_status":"closed","template":"","meta":{"_acf_changed":false},"product_brand":[38],"product_cat":[98,99,62],"product_tag":[544],"class_list":{"0":"post-5082","1":"product","2":"type-product","3":"status-publish","4":"has-post-thumbnail","6":"product_brand-3m","7":"product_cat-filtros","8":"product_cat-mascarillas","9":"product_cat-proteccion-respiratoria","10":"product_tag-distribuidor-3m","12":"first","13":"instock","14":"shipping-taxable","15":"purchasable","16":"product-type-simple"},"acf":[],"_links":{"self":[{"href":"https:\/\/valesafety.com.pe\/index.php?rest_route=\/wp\/v2\/product\/5082","targetHints":{"allow":["GET"]}}],"collection":[{"href":"https:\/\/valesafety.com.pe\/index.php?rest_route=\/wp\/v2\/product"}],"about":[{"href":"https:\/\/valesafety.com.pe\/index.php?rest_route=\/wp\/v2\/types\/product"}],"replies":[{"embeddable":true,"href":"https:\/\/valesafety.com.pe\/index.php?rest_route=%2Fwp%2Fv2%2Fcomments&post=5082"}],"wp:featuredmedia":[{"embeddable":true,"href":"https:\/\/valesafety.com.pe\/index.php?rest_route=\/wp\/v2\/media\/5131"}],"wp:attachment":[{"href":"https:\/\/valesafety.com.pe\/index.php?rest_route=%2Fwp%2Fv2%2Fmedia&parent=5082"}],"wp:term":[{"taxonomy":"product_brand","embeddable":true,"href":"https:\/\/valesafety.com.pe\/index.php?rest_route=%2Fwp%2Fv2%2Fproduct_brand&post=5082"},{"taxonomy":"product_cat","embeddable":true,"href":"https:\/\/valesafety.com.pe\/index.php?rest_route=%2Fwp%2Fv2%2Fproduct_cat&post=5082"},{"taxonomy":"product_tag","embeddable":true,"href":"https:\/\/valesafety.com.pe\/index.php?rest_route=%2Fwp%2Fv2%2Fproduct_tag&post=5082"}],"curies":[{"name":"wp","href":"https:\/\/api.w.org\/{rel}","templated":true}]}}