{"id":5070,"date":"2026-04-23T22:46:56","date_gmt":"2026-04-23T20:46:56","guid":{"rendered":"http:\/\/localhost\/borrador\/?post_type=product&#038;p=5070"},"modified":"2026-05-06T17:26:28","modified_gmt":"2026-05-06T22:26:28","slug":"lente-securefit-sf101-af-3m","status":"publish","type":"product","link":"https:\/\/valesafety.com.pe\/?product=lente-securefit-sf101-af-3m","title":{"rendered":"Lente Securefit SF101 AF 3M"},"content":{"rendered":"<h2>Lente Securefit SF101 AF 3M<\/h2>\n<ul>\n<li data-start=\"640\" data-end=\"721\">Lente de clase \u00f3ptica 1, ideal para uso continuo sin distorsiones visuales.<\/li>\n<li data-start=\"724\" data-end=\"853\">Protecci\u00f3n frente a impactos de baja energ\u00eda (F) y resistencia a temperaturas extremas (T), conforme a la norma EN 166.<\/li>\n<li data-start=\"856\" data-end=\"944\">Fabricados en policarbonato de alta calidad, que garantiza ligereza y durabilidad.<\/li>\n<li data-start=\"947\" data-end=\"997\">Protecci\u00f3n UV contra radiaci\u00f3n ultravioleta.<\/li>\n<li data-start=\"1000\" data-end=\"1138\">Disponibles en luna clara para mejor reconocimiento de colores y en luna oscura para protecci\u00f3n contra deslumbramientos solares.<\/li>\n<li data-start=\"1141\" data-end=\"1252\">Tratamiento antiempa\u00f1ante (AF) para una visi\u00f3n n\u00edtida en condiciones de humedad o cambios de temperatura.<\/li>\n<\/ul>\n<p>Necesitas m\u00e1s productos encu\u00e9ntralos en nuestra <a href=\"https:\/\/valesafety.com.pe\/tienda\">tienda .<\/a><\/p>\n<p>Para m\u00e1s informaci\u00f3n sobre este y otros productos, no dudes en contactarnos por\u00a0<a href=\"http:\/\/wa.me\/977762682\" target=\"_blank\" rel=\"noopener\">WhatsApp<\/a>.<\/p>\n","protected":false},"excerpt":{"rendered":"<p data-start=\"227\" data-end=\"566\">El Lente SecureFit SF101 AF 3M pertenece a la reconocida serie de seguridad 3M SecureFit SF100, dise\u00f1ada para brindar comodidad, ajuste seguro y protecci\u00f3n confiable en entornos industriales exigentes.<\/p>\n","protected":false},"featured_media":5129,"comment_status":"closed","ping_status":"closed","template":"","meta":{"_acf_changed":false},"product_brand":[38],"product_cat":[103,65],"product_tag":[544,251,546],"class_list":{"0":"post-5070","1":"product","2":"type-product","3":"status-publish","4":"has-post-thumbnail","6":"product_brand-3m","7":"product_cat-anteojos-de-seguridad","8":"product_cat-proteccion-visual","9":"product_tag-distribuidor-3m","10":"product_tag-lentes-3m","11":"product_tag-lentes-de-seguridad-3m-antiempanante","13":"first","14":"instock","15":"shipping-taxable","16":"purchasable","17":"product-type-simple"},"acf":[],"_links":{"self":[{"href":"https:\/\/valesafety.com.pe\/index.php?rest_route=\/wp\/v2\/product\/5070","targetHints":{"allow":["GET"]}}],"collection":[{"href":"https:\/\/valesafety.com.pe\/index.php?rest_route=\/wp\/v2\/product"}],"about":[{"href":"https:\/\/valesafety.com.pe\/index.php?rest_route=\/wp\/v2\/types\/product"}],"replies":[{"embeddable":true,"href":"https:\/\/valesafety.com.pe\/index.php?rest_route=%2Fwp%2Fv2%2Fcomments&post=5070"}],"wp:featuredmedia":[{"embeddable":true,"href":"https:\/\/valesafety.com.pe\/index.php?rest_route=\/wp\/v2\/media\/5129"}],"wp:attachment":[{"href":"https:\/\/valesafety.com.pe\/index.php?rest_route=%2Fwp%2Fv2%2Fmedia&parent=5070"}],"wp:term":[{"taxonomy":"product_brand","embeddable":true,"href":"https:\/\/valesafety.com.pe\/index.php?rest_route=%2Fwp%2Fv2%2Fproduct_brand&post=5070"},{"taxonomy":"product_cat","embeddable":true,"href":"https:\/\/valesafety.com.pe\/index.php?rest_route=%2Fwp%2Fv2%2Fproduct_cat&post=5070"},{"taxonomy":"product_tag","embeddable":true,"href":"https:\/\/valesafety.com.pe\/index.php?rest_route=%2Fwp%2Fv2%2Fproduct_tag&post=5070"}],"curies":[{"name":"wp","href":"https:\/\/api.w.org\/{rel}","templated":true}]}}