{"id":5065,"date":"2026-04-23T22:46:55","date_gmt":"2026-04-23T20:46:55","guid":{"rendered":"http:\/\/localhost\/borrador\/?post_type=product&#038;p=5065"},"modified":"2026-05-06T14:22:53","modified_gmt":"2026-05-06T19:22:53","slug":"candado-compacto-con-cable-y-cilindro","status":"publish","type":"product","link":"https:\/\/valesafety.com.pe\/?product=candado-compacto-con-cable-y-cilindro","title":{"rendered":"Candado Compacto con Cable y Cilindro"},"content":{"rendered":"<h2>Candado Compacto con Cable y Cilindro Loto Master<\/h2>\n<p>Cuerpo de Nylon de aro de cable met\u00e1lico con interior de Cobre<br \/>\nUso: Para asegurar diferentes dispositivos de bloqueo y\/o para colocar etiquetas de bloqueo.<\/p>\n<p>Peso: 71 g (aprox)<\/p>\n<p>Presentaci\u00f3n: Embolsado y en Caja de Cart\u00f3n, Pose 2 llaves<\/p>\n<p>Certificaci\u00f3n: OSHAS 18001:\/2007\/BV\/ OSHALOCL\/CE<\/p>\n<p>Necesitas m\u00e1s productos encu\u00e9ntralos en nuestra <a href=\"https:\/\/valesafety.com.pe\/tienda\">tienda .<\/a><\/p>\n<p>Para m\u00e1s informaci\u00f3n sobre este y otros productos, no dudes en contactarnos por\u00a0<a href=\"http:\/\/wa.me\/977762682\" target=\"_blank\" rel=\"noopener\">WhatsApp<\/a>.<\/p>\n","protected":false},"excerpt":{"rendered":"<p>Candado Compacto con Cable y Cilindro Loto Master Cuerpo de Nylon de aro de cable met\u00e1lico con interior de Cobre Uso: Para asegurar diferentes dispositivos de bloqueo y\/o para colocar etiquetas de bloqueo. Peso: 71 g (aprox) Presentaci\u00f3n: Embolsado y en Caja de Cart\u00f3n, Pose 2 llaves Certificaci\u00f3n: OSHAS 18001:\/2007\/BV\/ OSHALOCL\/CE Necesitas m\u00e1s productos encu\u00e9ntralos [&hellip;]<\/p>\n","protected":false},"featured_media":5114,"comment_status":"closed","ping_status":"closed","template":"","meta":{"_acf_changed":false},"product_brand":[32],"product_cat":[45],"product_tag":[],"class_list":{"0":"post-5065","1":"product","2":"type-product","3":"status-publish","4":"has-post-thumbnail","6":"product_brand-loto-master","7":"product_cat-bloqueo-y-etiquetado","9":"first","10":"instock","11":"shipping-taxable","12":"purchasable","13":"product-type-simple"},"acf":[],"_links":{"self":[{"href":"https:\/\/valesafety.com.pe\/index.php?rest_route=\/wp\/v2\/product\/5065","targetHints":{"allow":["GET"]}}],"collection":[{"href":"https:\/\/valesafety.com.pe\/index.php?rest_route=\/wp\/v2\/product"}],"about":[{"href":"https:\/\/valesafety.com.pe\/index.php?rest_route=\/wp\/v2\/types\/product"}],"replies":[{"embeddable":true,"href":"https:\/\/valesafety.com.pe\/index.php?rest_route=%2Fwp%2Fv2%2Fcomments&post=5065"}],"wp:featuredmedia":[{"embeddable":true,"href":"https:\/\/valesafety.com.pe\/index.php?rest_route=\/wp\/v2\/media\/5114"}],"wp:attachment":[{"href":"https:\/\/valesafety.com.pe\/index.php?rest_route=%2Fwp%2Fv2%2Fmedia&parent=5065"}],"wp:term":[{"taxonomy":"product_brand","embeddable":true,"href":"https:\/\/valesafety.com.pe\/index.php?rest_route=%2Fwp%2Fv2%2Fproduct_brand&post=5065"},{"taxonomy":"product_cat","embeddable":true,"href":"https:\/\/valesafety.com.pe\/index.php?rest_route=%2Fwp%2Fv2%2Fproduct_cat&post=5065"},{"taxonomy":"product_tag","embeddable":true,"href":"https:\/\/valesafety.com.pe\/index.php?rest_route=%2Fwp%2Fv2%2Fproduct_tag&post=5065"}],"curies":[{"name":"wp","href":"https:\/\/api.w.org\/{rel}","templated":true}]}}