{"id":5064,"date":"2026-04-23T22:46:55","date_gmt":"2026-04-23T20:46:55","guid":{"rendered":"http:\/\/localhost\/borrador\/?post_type=product&#038;p=5064"},"modified":"2026-05-07T09:31:18","modified_gmt":"2026-05-07T14:31:18","slug":"modelo-n79-bufalo-eins","status":"publish","type":"product","link":"https:\/\/valesafety.com.pe\/?product=modelo-n79-bufalo-eins","title":{"rendered":"Modelo N79 B\u00fafalo EINS"},"content":{"rendered":"<h2>Modelo N79 B\u00fafalo EINS<\/h2>\n<ul>\n<li data-start=\"875\" data-end=\"944\"><strong data-start=\"875\" data-end=\"897\">Material del corte<\/strong>: Cuero <em data-start=\"905\" data-end=\"925\">Nobuck hidrofugado<\/em> de 2.0 a 2.2 mm.<\/li>\n<li data-start=\"947\" data-end=\"1018\"><strong data-start=\"947\" data-end=\"973\">Falsa (antiperforante)<\/strong>: MAXFLEX no met\u00e1lica, resistente a 1100 N.<\/li>\n<li data-start=\"1021\" data-end=\"1134\"><strong data-start=\"1021\" data-end=\"1030\">Suela<\/strong>: Poliuretano liviano, resistente a aceites, abrasi\u00f3n y con <strong data-start=\"1090\" data-end=\"1131\">resistencia diel\u00e9ctrica de hasta 18KV<\/strong>.<\/li>\n<li data-start=\"1137\" data-end=\"1260\"><strong data-start=\"1137\" data-end=\"1146\">Forro<\/strong>: SMARTEC AIR importado, tejido t\u00e9cnico transpirable, resistente a la abrasi\u00f3n y con alta dispersi\u00f3n de humedad.<\/li>\n<li data-start=\"1263\" data-end=\"1369\"><strong data-start=\"1263\" data-end=\"1276\">Plantilla<\/strong>: Comfortho de poliuretano <em data-start=\"1303\" data-end=\"1314\">Open Cell<\/em>, con tratamiento antimicrobiano y 3.0 mm de espesor.<\/li>\n<li data-start=\"1372\" data-end=\"1464\"><strong data-start=\"1372\" data-end=\"1383\">Puntera<\/strong>: De Composite, con resistencia al impacto de 200 Joules y compresi\u00f3n de 15 KN.<\/li>\n<li data-start=\"1467\" data-end=\"1537\"><strong data-start=\"1467\" data-end=\"1480\">Anticlavo<\/strong>: Protecci\u00f3n contra perforaciones para mayor seguridad.<\/li>\n<\/ul>\n<p>Necesitas m\u00e1s productos encu\u00e9ntralos en nuestra <a href=\"https:\/\/valesafety.com.pe\/tienda\">tienda .<\/a><\/p>\n<p>Para m\u00e1s informaci\u00f3n sobre este y otros productos, no dudes en contactarnos por\u00a0<a href=\"http:\/\/wa.me\/977762682\" target=\"_blank\" rel=\"noopener\">WhatsApp<\/a>.<\/p>\n","protected":false},"excerpt":{"rendered":"<p data-start=\"197\" data-end=\"493\">El N79 B\u00fafalo est\u00e1 dise\u00f1ado para brindar m\u00e1xima protecci\u00f3n, confort y durabilidad en ambientes laborales exigentes. Fabricado bajo el proceso de inyecci\u00f3n directa al corte de poliuretano, ofrece una estructura resistente y un ajuste ergon\u00f3mico ideal para largas jornadas de trabajo.<\/p>\n<p data-start=\"495\" data-end=\"841\">\n","protected":false},"featured_media":5113,"comment_status":"closed","ping_status":"closed","template":"","meta":{"_acf_changed":false},"product_brand":[629],"product_cat":[68,116],"product_tag":[542,543],"class_list":{"0":"post-5064","1":"product","2":"type-product","3":"status-publish","4":"has-post-thumbnail","6":"product_brand-eins","7":"product_cat-zapatos-de-seguridad","8":"product_cat-zapatos-de-trabajo","9":"product_tag-distribuidor-eins","10":"product_tag-zapatos-eins","12":"first","13":"instock","14":"shipping-taxable","15":"purchasable","16":"product-type-simple"},"acf":[],"_links":{"self":[{"href":"https:\/\/valesafety.com.pe\/index.php?rest_route=\/wp\/v2\/product\/5064","targetHints":{"allow":["GET"]}}],"collection":[{"href":"https:\/\/valesafety.com.pe\/index.php?rest_route=\/wp\/v2\/product"}],"about":[{"href":"https:\/\/valesafety.com.pe\/index.php?rest_route=\/wp\/v2\/types\/product"}],"replies":[{"embeddable":true,"href":"https:\/\/valesafety.com.pe\/index.php?rest_route=%2Fwp%2Fv2%2Fcomments&post=5064"}],"wp:featuredmedia":[{"embeddable":true,"href":"https:\/\/valesafety.com.pe\/index.php?rest_route=\/wp\/v2\/media\/5113"}],"wp:attachment":[{"href":"https:\/\/valesafety.com.pe\/index.php?rest_route=%2Fwp%2Fv2%2Fmedia&parent=5064"}],"wp:term":[{"taxonomy":"product_brand","embeddable":true,"href":"https:\/\/valesafety.com.pe\/index.php?rest_route=%2Fwp%2Fv2%2Fproduct_brand&post=5064"},{"taxonomy":"product_cat","embeddable":true,"href":"https:\/\/valesafety.com.pe\/index.php?rest_route=%2Fwp%2Fv2%2Fproduct_cat&post=5064"},{"taxonomy":"product_tag","embeddable":true,"href":"https:\/\/valesafety.com.pe\/index.php?rest_route=%2Fwp%2Fv2%2Fproduct_tag&post=5064"}],"curies":[{"name":"wp","href":"https:\/\/api.w.org\/{rel}","templated":true}]}}