{"id":5046,"date":"2026-04-23T22:46:26","date_gmt":"2026-04-23T20:46:26","guid":{"rendered":"http:\/\/localhost\/borrador\/?post_type=product&#038;p=5046"},"modified":"2026-05-06T10:28:33","modified_gmt":"2026-05-06T15:28:33","slug":"antiparra-new-classic-libus","status":"publish","type":"product","link":"https:\/\/valesafety.com.pe\/?product=antiparra-new-classic-libus","title":{"rendered":"Antiparra New Classic Libus"},"content":{"rendered":"<h2>Antiparra New Classic Libus<\/h2>\n<ul>\n<li>Protecci\u00f3n frontal y lateral.<\/li>\n<li>Dise\u00f1o de lente envolvente. Visi\u00f3n panor\u00e1mica y gran separaci\u00f3n entre el ojo y el lente.<\/li>\n<li>Lente de policarbonato.<\/li>\n<li>Filtro UV.<\/li>\n<li>Marco en elast\u00f3mero flexible para un sello perfecto y confortable a la cara.<\/li>\n<li>Puente nasal universal.<\/li>\n<li>Correa el\u00e1stica de 15 mm con hebilla de ajuste.<\/li>\n<li>Caja Cerrada: 60 unidades.<\/li>\n<\/ul>\n<p>Necesitas m\u00e1s productos encu\u00e9ntralos en nuestra <a href=\"https:\/\/valesafety.com.pe\/tienda\">tienda .<\/a><\/p>\n<p>Para m\u00e1s informaci\u00f3n sobre este y otros productos, no dudes en contactarnos por\u00a0<a href=\"http:\/\/wa.me\/977762682\" target=\"_blank\" rel=\"noopener\">WhatsApp<\/a>.<\/p>\n","protected":false},"excerpt":{"rendered":"<p>La antiparra de seguridad New Classic est\u00e1 dise\u00f1ado para proteger el ojo contra golpes, impacto de part\u00edculas, polvo, chispas y salpicadura qu\u00edmica. Brinda protecci\u00f3n frontal y lateral.<\/p>\n","protected":false},"featured_media":5095,"comment_status":"closed","ping_status":"closed","template":"","meta":{"_acf_changed":false},"product_brand":[31],"product_cat":[103,65],"product_tag":[379,363],"class_list":{"0":"post-5046","1":"product","2":"type-product","3":"status-publish","4":"has-post-thumbnail","6":"product_brand-libus","7":"product_cat-anteojos-de-seguridad","8":"product_cat-proteccion-visual","9":"product_tag-distribuidor-libus","10":"product_tag-libus","12":"first","13":"instock","14":"shipping-taxable","15":"purchasable","16":"product-type-simple"},"acf":[],"_links":{"self":[{"href":"https:\/\/valesafety.com.pe\/index.php?rest_route=\/wp\/v2\/product\/5046","targetHints":{"allow":["GET"]}}],"collection":[{"href":"https:\/\/valesafety.com.pe\/index.php?rest_route=\/wp\/v2\/product"}],"about":[{"href":"https:\/\/valesafety.com.pe\/index.php?rest_route=\/wp\/v2\/types\/product"}],"replies":[{"embeddable":true,"href":"https:\/\/valesafety.com.pe\/index.php?rest_route=%2Fwp%2Fv2%2Fcomments&post=5046"}],"wp:featuredmedia":[{"embeddable":true,"href":"https:\/\/valesafety.com.pe\/index.php?rest_route=\/wp\/v2\/media\/5095"}],"wp:attachment":[{"href":"https:\/\/valesafety.com.pe\/index.php?rest_route=%2Fwp%2Fv2%2Fmedia&parent=5046"}],"wp:term":[{"taxonomy":"product_brand","embeddable":true,"href":"https:\/\/valesafety.com.pe\/index.php?rest_route=%2Fwp%2Fv2%2Fproduct_brand&post=5046"},{"taxonomy":"product_cat","embeddable":true,"href":"https:\/\/valesafety.com.pe\/index.php?rest_route=%2Fwp%2Fv2%2Fproduct_cat&post=5046"},{"taxonomy":"product_tag","embeddable":true,"href":"https:\/\/valesafety.com.pe\/index.php?rest_route=%2Fwp%2Fv2%2Fproduct_tag&post=5046"}],"curies":[{"name":"wp","href":"https:\/\/api.w.org\/{rel}","templated":true}]}}