{"id":5030,"date":"2026-04-23T22:45:53","date_gmt":"2026-04-23T20:45:53","guid":{"rendered":"http:\/\/localhost\/borrador\/?post_type=product&#038;p=5030"},"modified":"2026-05-06T14:21:19","modified_gmt":"2026-05-06T19:21:19","slug":"calcetin-frio-extremo-sk18-portwest","status":"publish","type":"product","link":"https:\/\/valesafety.com.pe\/?product=calcetin-frio-extremo-sk18-portwest","title":{"rendered":"Calcet\u00edn Fr\u00edo Extremo SK18 Portwest"},"content":{"rendered":"<h2>Calcet\u00edn Fr\u00edo Extremo SK18 Portwest<\/h2>\n<ul>\n<li>Certificado CE<\/li>\n<li>Etiqueta expositora que ayuda a la presentaci\u00f3n para la venta en tienda.<\/li>\n<li>Componentes de calidad, el dise\u00f1o y una experta fabricaci\u00f3n, definen las colecciones de calzado de Portwest.<\/li>\n<\/ul>\n<p>Necesitas m\u00e1s productos encu\u00e9ntralos en nuestra <a href=\"https:\/\/valesafety.com.pe\/tienda\">tienda .<\/a><\/p>\n<p>Para m\u00e1s informaci\u00f3n sobre este y otros productos, no dudes en contactarnos por\u00a0<a href=\"http:\/\/wa.me\/977762682\" target=\"_blank\" rel=\"noopener\">WhatsApp<\/a>.<\/p>\n","protected":false},"excerpt":{"rendered":"<nav class=\"woocommerce-breadcrumb\">Confecci\u00f3n en doble capa con una exterior con alto contenido en lana. La capa interior es anti-olor, anti-hongos y cuenta con propiedades como un mayor aislamiento y mayor transferencia de humedad.<\/nav>\n","protected":false},"featured_media":5078,"comment_status":"closed","ping_status":"closed","template":"","meta":{"_acf_changed":false},"product_brand":[34],"product_cat":[113],"product_tag":[],"class_list":{"0":"post-5030","1":"product","2":"type-product","3":"status-publish","4":"has-post-thumbnail","6":"product_brand-portwest","7":"product_cat-ropa-ignifuga","9":"first","10":"instock","11":"shipping-taxable","12":"product-type-simple"},"acf":[],"_links":{"self":[{"href":"https:\/\/valesafety.com.pe\/index.php?rest_route=\/wp\/v2\/product\/5030","targetHints":{"allow":["GET"]}}],"collection":[{"href":"https:\/\/valesafety.com.pe\/index.php?rest_route=\/wp\/v2\/product"}],"about":[{"href":"https:\/\/valesafety.com.pe\/index.php?rest_route=\/wp\/v2\/types\/product"}],"replies":[{"embeddable":true,"href":"https:\/\/valesafety.com.pe\/index.php?rest_route=%2Fwp%2Fv2%2Fcomments&post=5030"}],"wp:featuredmedia":[{"embeddable":true,"href":"https:\/\/valesafety.com.pe\/index.php?rest_route=\/wp\/v2\/media\/5078"}],"wp:attachment":[{"href":"https:\/\/valesafety.com.pe\/index.php?rest_route=%2Fwp%2Fv2%2Fmedia&parent=5030"}],"wp:term":[{"taxonomy":"product_brand","embeddable":true,"href":"https:\/\/valesafety.com.pe\/index.php?rest_route=%2Fwp%2Fv2%2Fproduct_brand&post=5030"},{"taxonomy":"product_cat","embeddable":true,"href":"https:\/\/valesafety.com.pe\/index.php?rest_route=%2Fwp%2Fv2%2Fproduct_cat&post=5030"},{"taxonomy":"product_tag","embeddable":true,"href":"https:\/\/valesafety.com.pe\/index.php?rest_route=%2Fwp%2Fv2%2Fproduct_tag&post=5030"}],"curies":[{"name":"wp","href":"https:\/\/api.w.org\/{rel}","templated":true}]}}