{"id":4995,"date":"2026-04-23T22:44:58","date_gmt":"2026-04-23T20:44:58","guid":{"rendered":"http:\/\/localhost\/borrador\/?post_type=product&#038;p=4995"},"modified":"2026-05-07T10:24:44","modified_gmt":"2026-05-07T15:24:44","slug":"respirador-serie-6000-3m","status":"publish","type":"product","link":"https:\/\/valesafety.com.pe\/?product=respirador-serie-6000-3m","title":{"rendered":"Respirador Serie 6000 3M"},"content":{"rendered":"<h2>Respirador Serie 6000 3M<\/h2>\n<ul class=\"sps2-pdp_details--highlights_list\">\n<li class=\"sps2-pdp_details--highlights_item mds-font_paragraph\">Media m\u00e1scara econ\u00f3mica y de bajo mantenimiento<\/li>\n<li class=\"sps2-pdp_details--highlights_item mds-font_paragraph\">Material elastom\u00e9rico ligero para mayor comodidad<\/li>\n<li class=\"sps2-pdp_details--highlights_item mds-font_paragraph\">El dise\u00f1o de perfil bajo minimiza la interferencia con el campo de visi\u00f3n<\/li>\n<li class=\"sps2-pdp_details--highlights_item mds-font_paragraph\">Arn\u00e9s de cabeza tipo horquilla y correas ajustables<\/li>\n<li class=\"sps2-pdp_details--highlights_item mds-font_paragraph\">Cuando se utiliza con los filtros o cartuchos tipo bayoneta 3M correctos, puede proteger contra una amplia gama de gases, vapores y\/o part\u00edculas peligrosas<\/li>\n<li class=\"sps2-pdp_details--highlights_item mds-font_paragraph\">Compatibles con los filtros 3M\u2122 series 2000, 5000 y 7000 y cartuchos de la serie 6000 para adaptarse a sus necesidades individuales<\/li>\n<li class=\"sps2-pdp_details--highlights_item mds-font_paragraph\">Se puede utilizar con sistemas de aire suministrado y motorizado 3M\u2122, para mayor comodidad y flexibilidad, incluidos TR-600, TR-800 y Dual Airline<\/li>\n<li class=\"sps2-pdp_details--highlights_item mds-font_paragraph\">Disponible en tres tama\u00f1os: peque\u00f1o, mediano y grande<\/li>\n<\/ul>\n<p>Necesitas m\u00e1s productos encu\u00e9ntralos en nuestra <a href=\"https:\/\/valesafety.com.pe\/tienda\">tienda .<\/a><\/p>\n<p>Para m\u00e1s informaci\u00f3n sobre este y otros productos, no dudes en contactarnos por\u00a0<a href=\"http:\/\/wa.me\/977762682\" target=\"_blank\" rel=\"noopener\">WhatsApp<\/a>.<\/p>\n","protected":false},"excerpt":{"rendered":"<p class=\"mds-font_paragraph MMM--gapBottom\">El Respirador Serie 6000 3M reutilizable est\u00e1 fabricado con un material elastom\u00e9rico liviano y c\u00f3modo con un dise\u00f1o tipo bayoneta, arn\u00e9s de cabeza tipo horquilla y correas ajustables. La serie 6000 de 3M\u2122 de perfil bajo est\u00e1 aprobada por NIOSH con una amplia variedad de filtros y cartuchos tipo bayoneta de 3M.<\/p>\n","protected":false},"featured_media":5041,"comment_status":"closed","ping_status":"closed","template":"","meta":{"_acf_changed":false},"product_brand":[38],"product_cat":[99,62],"product_tag":[],"class_list":{"0":"post-4995","1":"product","2":"type-product","3":"status-publish","4":"has-post-thumbnail","6":"product_brand-3m","7":"product_cat-mascarillas","8":"product_cat-proteccion-respiratoria","10":"first","11":"instock","12":"shipping-taxable","13":"purchasable","14":"product-type-simple"},"acf":[],"_links":{"self":[{"href":"https:\/\/valesafety.com.pe\/index.php?rest_route=\/wp\/v2\/product\/4995","targetHints":{"allow":["GET"]}}],"collection":[{"href":"https:\/\/valesafety.com.pe\/index.php?rest_route=\/wp\/v2\/product"}],"about":[{"href":"https:\/\/valesafety.com.pe\/index.php?rest_route=\/wp\/v2\/types\/product"}],"replies":[{"embeddable":true,"href":"https:\/\/valesafety.com.pe\/index.php?rest_route=%2Fwp%2Fv2%2Fcomments&post=4995"}],"wp:featuredmedia":[{"embeddable":true,"href":"https:\/\/valesafety.com.pe\/index.php?rest_route=\/wp\/v2\/media\/5041"}],"wp:attachment":[{"href":"https:\/\/valesafety.com.pe\/index.php?rest_route=%2Fwp%2Fv2%2Fmedia&parent=4995"}],"wp:term":[{"taxonomy":"product_brand","embeddable":true,"href":"https:\/\/valesafety.com.pe\/index.php?rest_route=%2Fwp%2Fv2%2Fproduct_brand&post=4995"},{"taxonomy":"product_cat","embeddable":true,"href":"https:\/\/valesafety.com.pe\/index.php?rest_route=%2Fwp%2Fv2%2Fproduct_cat&post=4995"},{"taxonomy":"product_tag","embeddable":true,"href":"https:\/\/valesafety.com.pe\/index.php?rest_route=%2Fwp%2Fv2%2Fproduct_tag&post=4995"}],"curies":[{"name":"wp","href":"https:\/\/api.w.org\/{rel}","templated":true}]}}