{"id":4984,"date":"2026-04-23T22:44:32","date_gmt":"2026-04-23T20:44:32","guid":{"rendered":"http:\/\/localhost\/borrador\/?post_type=product&#038;p=4984"},"modified":"2026-05-07T10:34:24","modified_gmt":"2026-05-07T15:34:24","slug":"respirador-serie-7500-3m","status":"publish","type":"product","link":"https:\/\/valesafety.com.pe\/?product=respirador-serie-7500-3m","title":{"rendered":"Respirador Serie 7500 3m"},"content":{"rendered":"<h3>Respirador Serie 7500 3m<\/h3>\n<h4>7501 (S) \/ 7502 (M) \/ 7503 (L)<\/h4>\n<ul>\n<li>Material de silicona suave y c\u00f3modo<\/li>\n<li>Sistema de filtraci\u00f3n doble cartucho para protecci\u00f3n contra part\u00edculas, vapores y gases<\/li>\n<li>Cumple con la norma NIOSH, EN 140 y certificado CE<\/li>\n<li>Pieza facial de silicona<\/li>\n<li>Color: Celeste<\/li>\n<li>Bandas el\u00e1sticas: Polietileno<\/li>\n<li>Peso del respirador: 140 grs.<\/li>\n<\/ul>\n<p>Necesitas m\u00e1s productos encu\u00e9ntralos en nuestra <a href=\"https:\/\/valesafety.com.pe\/tienda\">tienda .<\/a><\/p>\n<p>Para m\u00e1s informaci\u00f3n sobre este y otros productos, no dudes en contactarnos por\u00a0<a href=\"http:\/\/wa.me\/977762682\" target=\"_blank\" rel=\"noopener\">WhatsApp<\/a>.<\/p>\n","protected":false},"excerpt":{"rendered":"<p>El Respirador Serie 7500 3m con filtros y cartuchos reemplazables, posee tres diferentes tama\u00f1os, lo que ayuda a lograr un buen ajuste en distintas configuraciones faciales. Su nuevo material de silicona thermoset, brinda un excelente sello en el rostro.<\/p>\n","protected":false},"featured_media":5039,"comment_status":"closed","ping_status":"closed","template":"","meta":{"_acf_changed":false},"product_brand":[38],"product_cat":[99,62],"product_tag":[],"class_list":{"0":"post-4984","1":"product","2":"type-product","3":"status-publish","4":"has-post-thumbnail","6":"product_brand-3m","7":"product_cat-mascarillas","8":"product_cat-proteccion-respiratoria","10":"first","11":"instock","12":"shipping-taxable","13":"purchasable","14":"product-type-simple"},"acf":[],"_links":{"self":[{"href":"https:\/\/valesafety.com.pe\/index.php?rest_route=\/wp\/v2\/product\/4984","targetHints":{"allow":["GET"]}}],"collection":[{"href":"https:\/\/valesafety.com.pe\/index.php?rest_route=\/wp\/v2\/product"}],"about":[{"href":"https:\/\/valesafety.com.pe\/index.php?rest_route=\/wp\/v2\/types\/product"}],"replies":[{"embeddable":true,"href":"https:\/\/valesafety.com.pe\/index.php?rest_route=%2Fwp%2Fv2%2Fcomments&post=4984"}],"wp:featuredmedia":[{"embeddable":true,"href":"https:\/\/valesafety.com.pe\/index.php?rest_route=\/wp\/v2\/media\/5039"}],"wp:attachment":[{"href":"https:\/\/valesafety.com.pe\/index.php?rest_route=%2Fwp%2Fv2%2Fmedia&parent=4984"}],"wp:term":[{"taxonomy":"product_brand","embeddable":true,"href":"https:\/\/valesafety.com.pe\/index.php?rest_route=%2Fwp%2Fv2%2Fproduct_brand&post=4984"},{"taxonomy":"product_cat","embeddable":true,"href":"https:\/\/valesafety.com.pe\/index.php?rest_route=%2Fwp%2Fv2%2Fproduct_cat&post=4984"},{"taxonomy":"product_tag","embeddable":true,"href":"https:\/\/valesafety.com.pe\/index.php?rest_route=%2Fwp%2Fv2%2Fproduct_tag&post=4984"}],"curies":[{"name":"wp","href":"https:\/\/api.w.org\/{rel}","templated":true}]}}