{"id":4837,"date":"2026-04-23T22:40:36","date_gmt":"2026-04-23T20:40:36","guid":{"rendered":"http:\/\/localhost\/borrador\/?post_type=product&#038;p=4837"},"modified":"2026-05-06T16:55:48","modified_gmt":"2026-05-06T21:55:48","slug":"guante-red-demon-soldador-clute","status":"publish","type":"product","link":"https:\/\/valesafety.com.pe\/?product=guante-red-demon-soldador-clute","title":{"rendered":"Guante Red Demon Soldador Clute"},"content":{"rendered":"<h2>Guante Red Demon Soldador Clute<\/h2>\n<ul>\n<li>Fabricado en 100% cuero descarne rojo<\/li>\n<li>Forro de muleton sobre la mano.<\/li>\n<li>Doble costura en hilo Kevlar de dupont (fuerte y resistente al calor)<\/li>\n<li>Largo: 14\u2033<\/li>\n<li>Talla Standar<\/li>\n<li>Certificado en conformidad a las normas EN 388:2003 (Protecci\u00f3n contra riesgos mec\u00e1nicos) y EN 407:2004 (Protecci\u00f3n contra riesgos de calor y fuego)Necesitas m\u00e1s productos encuentralos en nuestra\u00a0<a href=\"https:\/\/valesafety.com.pe\/tienda\">tienda\u00a0<\/a>Para m\u00e1s informaci\u00f3n sobre este y otros productos, no dudes en contactarnos por\u00a0<a href=\"http:\/\/wa.me\/51923151009\" target=\"_blank\" rel=\"noopener\">WhatsApp<\/a>.<\/li>\n<\/ul>\n","protected":false},"excerpt":{"rendered":"<p>Guante de soldador fabricado en 100% cuero de carne rojo con forro de 1.0 mm -1.2 mm<br \/>\nCon Forro mulet\u00f3n sobre la mano y tela sobre el manguito<br \/>\nCon costuras de doble hilo Kevlar de dupont muy fuerte y resistente al calor.<br \/>\nExcelente protecci\u00f3n y resistencia al desgarro, protecci\u00f3n de costuras en dedos y contornos<\/p>\n","protected":false},"featured_media":4884,"comment_status":"closed","ping_status":"closed","template":"","meta":{"_acf_changed":false},"product_brand":[26],"product_cat":[94,59],"product_tag":[259,468,464],"class_list":{"0":"post-4837","1":"product","2":"type-product","3":"status-publish","4":"has-post-thumbnail","6":"product_brand-clute","7":"product_cat-guante-de-cuero-soldador","8":"product_cat-proteccion-de-las-manos","9":"product_tag-clute","10":"product_tag-distribuidor-clute","11":"product_tag-guante-clute","13":"first","14":"instock","15":"shipping-taxable","16":"purchasable","17":"product-type-simple"},"acf":[],"_links":{"self":[{"href":"https:\/\/valesafety.com.pe\/index.php?rest_route=\/wp\/v2\/product\/4837","targetHints":{"allow":["GET"]}}],"collection":[{"href":"https:\/\/valesafety.com.pe\/index.php?rest_route=\/wp\/v2\/product"}],"about":[{"href":"https:\/\/valesafety.com.pe\/index.php?rest_route=\/wp\/v2\/types\/product"}],"replies":[{"embeddable":true,"href":"https:\/\/valesafety.com.pe\/index.php?rest_route=%2Fwp%2Fv2%2Fcomments&post=4837"}],"wp:featuredmedia":[{"embeddable":true,"href":"https:\/\/valesafety.com.pe\/index.php?rest_route=\/wp\/v2\/media\/4884"}],"wp:attachment":[{"href":"https:\/\/valesafety.com.pe\/index.php?rest_route=%2Fwp%2Fv2%2Fmedia&parent=4837"}],"wp:term":[{"taxonomy":"product_brand","embeddable":true,"href":"https:\/\/valesafety.com.pe\/index.php?rest_route=%2Fwp%2Fv2%2Fproduct_brand&post=4837"},{"taxonomy":"product_cat","embeddable":true,"href":"https:\/\/valesafety.com.pe\/index.php?rest_route=%2Fwp%2Fv2%2Fproduct_cat&post=4837"},{"taxonomy":"product_tag","embeddable":true,"href":"https:\/\/valesafety.com.pe\/index.php?rest_route=%2Fwp%2Fv2%2Fproduct_tag&post=4837"}],"curies":[{"name":"wp","href":"https:\/\/api.w.org\/{rel}","templated":true}]}}