{"id":4801,"date":"2026-04-23T22:39:40","date_gmt":"2026-04-23T20:39:40","guid":{"rendered":"http:\/\/localhost\/borrador\/?post_type=product&#038;p=4801"},"modified":"2026-04-29T15:03:48","modified_gmt":"2026-04-29T20:03:48","slug":"cachaco-de-concreto","status":"publish","type":"product","link":"https:\/\/valesafety.com.pe\/?product=cachaco-de-concreto","title":{"rendered":"Cachaco de concreto"},"content":{"rendered":"<h2>Cachaco de concreto<\/h2>\n<ul>\n<li data-start=\"0\" data-end=\"102\"><strong data-start=\"2\" data-end=\"24\">Estructura robusta<\/strong> : Parante de madera con base de concreto para mayor estabilidad y seguridad.<\/li>\n<li data-start=\"103\" data-end=\"194\"><strong data-start=\"105\" data-end=\"135\">Dise\u00f1o pr\u00e1ctico y elegante<\/strong> : mejora la visibilidad y se adapta a distintos entornos.<\/li>\n<li data-start=\"195\" data-end=\"282\"><strong data-start=\"197\" data-end=\"220\">Uso en construcci\u00f3n<\/strong> : Ideal para delimitar zonas de trabajo y minimizar riesgos.<\/li>\n<li data-start=\"283\" data-end=\"376\" data-is-last-node=\"\"><strong data-start=\"285\" data-end=\"302\">Altura \u00f3ptima<\/strong> : Con 1,20 metros, garantiza una se\u00f1alizaci\u00f3n efectiva en \u00e1reas laborales.<\/li>\n<\/ul>\n<p>Necesitas m\u00e1s productos encuentralos en nuestra\u00a0<a href=\"https:\/\/valesafety.com.pe\/tienda\">tienda\u00a0<\/a><\/p>\n<p>Para m\u00e1s informaci\u00f3n sobre este y otros productos, no dudes en contactarnos por\u00a0<a href=\"http:\/\/wa.me\/51923151009\" target=\"_blank\" rel=\"noopener\">WhatsApp<\/a>.<\/p>\n","protected":false},"excerpt":{"rendered":"<p>El <strong data-start=\"3\" data-end=\"27\">cachaco de seguridad<\/strong> es una prenda resistente y funcional, ideal para entornos industriales, construcci\u00f3n y seguridad. Fabricado en <strong data-start=\"139\" data-end=\"167\">tela de alta durabilidad<\/strong> , cuenta con <strong data-start=\"180\" data-end=\"203\">costuras reforzadas<\/strong> para mayor resistencia y un <strong data-start=\"232\" data-end=\"253\">dise\u00f1o ergon\u00f3mico<\/strong> que permite libertad de movimiento. Su <strong data-start=\"293\" data-end=\"318\">cierre frontal seguro<\/strong> y m\u00faltiples <strong data-start=\"331\" data-end=\"356\">bolsillos funcionales<\/strong> facilitan el almacenamiento de herramientas y accesorios. Algunos modelos incluyen <strong data-start=\"440\" data-end=\"457\">forro interno<\/strong> para aislamiento t\u00e9rmico, brindando protecci\u00f3n contra el clima. Dise\u00f1ado para ofrecer <strong data-start=\"544\" data-end=\"582\">comodidad, resistencia y seguridad<\/strong> en cada jornada laboral.<\/p>\n","protected":false},"featured_media":4851,"comment_status":"closed","ping_status":"closed","template":"","meta":{"_acf_changed":false},"product_brand":[],"product_cat":[64],"product_tag":[],"class_list":{"0":"post-4801","1":"product","2":"type-product","3":"status-publish","4":"has-post-thumbnail","6":"product_cat-proteccion-vial","8":"first","9":"instock","10":"shipping-taxable","11":"purchasable","12":"product-type-simple"},"acf":[],"_links":{"self":[{"href":"https:\/\/valesafety.com.pe\/index.php?rest_route=\/wp\/v2\/product\/4801","targetHints":{"allow":["GET"]}}],"collection":[{"href":"https:\/\/valesafety.com.pe\/index.php?rest_route=\/wp\/v2\/product"}],"about":[{"href":"https:\/\/valesafety.com.pe\/index.php?rest_route=\/wp\/v2\/types\/product"}],"replies":[{"embeddable":true,"href":"https:\/\/valesafety.com.pe\/index.php?rest_route=%2Fwp%2Fv2%2Fcomments&post=4801"}],"wp:featuredmedia":[{"embeddable":true,"href":"https:\/\/valesafety.com.pe\/index.php?rest_route=\/wp\/v2\/media\/4851"}],"wp:attachment":[{"href":"https:\/\/valesafety.com.pe\/index.php?rest_route=%2Fwp%2Fv2%2Fmedia&parent=4801"}],"wp:term":[{"taxonomy":"product_brand","embeddable":true,"href":"https:\/\/valesafety.com.pe\/index.php?rest_route=%2Fwp%2Fv2%2Fproduct_brand&post=4801"},{"taxonomy":"product_cat","embeddable":true,"href":"https:\/\/valesafety.com.pe\/index.php?rest_route=%2Fwp%2Fv2%2Fproduct_cat&post=4801"},{"taxonomy":"product_tag","embeddable":true,"href":"https:\/\/valesafety.com.pe\/index.php?rest_route=%2Fwp%2Fv2%2Fproduct_tag&post=4801"}],"curies":[{"name":"wp","href":"https:\/\/api.w.org\/{rel}","templated":true}]}}