{"id":4784,"date":"2026-04-23T22:39:11","date_gmt":"2026-04-23T20:39:11","guid":{"rendered":"http:\/\/localhost\/borrador\/?post_type=product&#038;p=4784"},"modified":"2026-05-07T09:33:54","modified_gmt":"2026-05-07T14:33:54","slug":"orejera-antiruido-spa3","status":"publish","type":"product","link":"https:\/\/valesafety.com.pe\/?product=orejera-antiruido-spa3","title":{"rendered":"Orejera Antiruido SPA3"},"content":{"rendered":"<h2>Orejera Antiruido SPA3<\/h2>\n<ul>\n<li>Con coquillas poliestireno (PS) y espuma sint\u00e9tica.<\/li>\n<li><strong>Arqueo ABS ajustable en altura.<\/strong><\/li>\n<li>Almohadillas confortables.<\/li>\n<li><strong>SNR : 23 dB.<\/strong><\/li>\n<li>Protecci\u00f3n ac\u00fastica.<\/li>\n<li>Peso : 158 gr.<\/li>\n<li><strong>Normativa:\u00a0<\/strong><strong>EN352-1:2002 Protecciones Auditivas. Cascos Antiruido. SNR=23 dB (H=24, M=20, L=13).<\/strong><\/li>\n<\/ul>\n<p>Necesitas m\u00e1s productos encuentralos en nuestra\u00a0<a href=\"https:\/\/valesafety.com.pe\/tienda\">tienda\u00a0<\/a><\/p>\n<p>Para m\u00e1s informaci\u00f3n sobre este y otros productos, no dudes en contactarnos por\u00a0<a href=\"http:\/\/wa.me\/51923151009\" target=\"_blank\" rel=\"noopener\">WhatsApp<\/a>.<\/p>\n","protected":false},"excerpt":{"rendered":"<p>Casco antiruido con orejeras poliestireno (PS) y espuma sint\u00e9tica. Arn\u00e9s ABS ajustable en altura. Almohadillas confortables. Composici\u00f3n: Orejera: Poliestireno (PS).<\/p>\n<div id=\"gtx-trans\" style=\"position: absolute; left: 157px; top: 38.2461px;\">\n<div class=\"gtx-trans-icon\"><\/div>\n<\/div>\n","protected":false},"featured_media":4833,"comment_status":"closed","ping_status":"closed","template":"","meta":{"_acf_changed":false},"product_brand":[27],"product_cat":[87,56],"product_tag":[466],"class_list":{"0":"post-4784","1":"product","2":"type-product","3":"status-publish","4":"has-post-thumbnail","6":"product_brand-deltaplus","7":"product_cat-externos-vinchas","8":"product_cat-proteccion-auditiva","9":"product_tag-casco-antiruido","11":"first","12":"instock","13":"shipping-taxable","14":"purchasable","15":"product-type-simple"},"acf":[],"_links":{"self":[{"href":"https:\/\/valesafety.com.pe\/index.php?rest_route=\/wp\/v2\/product\/4784","targetHints":{"allow":["GET"]}}],"collection":[{"href":"https:\/\/valesafety.com.pe\/index.php?rest_route=\/wp\/v2\/product"}],"about":[{"href":"https:\/\/valesafety.com.pe\/index.php?rest_route=\/wp\/v2\/types\/product"}],"replies":[{"embeddable":true,"href":"https:\/\/valesafety.com.pe\/index.php?rest_route=%2Fwp%2Fv2%2Fcomments&post=4784"}],"wp:featuredmedia":[{"embeddable":true,"href":"https:\/\/valesafety.com.pe\/index.php?rest_route=\/wp\/v2\/media\/4833"}],"wp:attachment":[{"href":"https:\/\/valesafety.com.pe\/index.php?rest_route=%2Fwp%2Fv2%2Fmedia&parent=4784"}],"wp:term":[{"taxonomy":"product_brand","embeddable":true,"href":"https:\/\/valesafety.com.pe\/index.php?rest_route=%2Fwp%2Fv2%2Fproduct_brand&post=4784"},{"taxonomy":"product_cat","embeddable":true,"href":"https:\/\/valesafety.com.pe\/index.php?rest_route=%2Fwp%2Fv2%2Fproduct_cat&post=4784"},{"taxonomy":"product_tag","embeddable":true,"href":"https:\/\/valesafety.com.pe\/index.php?rest_route=%2Fwp%2Fv2%2Fproduct_tag&post=4784"}],"curies":[{"name":"wp","href":"https:\/\/api.w.org\/{rel}","templated":true}]}}