{"id":4715,"date":"2026-04-23T22:37:19","date_gmt":"2026-04-23T20:37:19","guid":{"rendered":"http:\/\/localhost\/borrador\/?post_type=product&#038;p=4715"},"modified":"2026-04-30T09:50:33","modified_gmt":"2026-04-30T14:50:33","slug":"guante-de-cuero-cromo-de-13-pulgadas","status":"publish","type":"product","link":"https:\/\/valesafety.com.pe\/?product=guante-de-cuero-cromo-de-13-pulgadas","title":{"rendered":"Guante de cuero cromo de 13 pulgadas"},"content":{"rendered":"<h2><strong>Guante de cuero cromo de 13 pulgadas<\/strong><\/h2>\n<ul>\n<li><strong>Pulgar recto:<\/strong> Mayor superficie de contacto para facilitar tareas y prolongar la vida \u00fatil.<\/li>\n<li><strong>Refuerzo resistente:<\/strong> Tira entre pulgar e \u00edndice que reduce el riesgo de roturas en zonas cr\u00edticas.<\/li>\n<li><strong>Protecci\u00f3n extendida:<\/strong> Cubre manos y brazos con 42 cm de altura, ideal contra riesgos mec\u00e1nicos de nivel medio.<\/li>\n<li><strong>Material premium:<\/strong> Fabricados 100% en cuero para m\u00e1xima durabilidad y flexibilidad.<\/li>\n<li><strong>Talla est\u00e1ndar:<\/strong> Ajuste c\u00f3modo para la mayor\u00eda de usuarios.<\/li>\n<\/ul>\n<p>Necesitas m\u00e1s productos encuentralos en nuestra <a href=\"https:\/\/valesafety.com.pe\/tienda\">tienda\u00a0<\/a><\/p>\n<p>Para m\u00e1s informaci\u00f3n sobre este y otros productos, no dudes en contactarnos por <a href=\"http:\/\/wa.me\/51924339827\" target=\"_blank\" rel=\"noopener\">WhatsApp<\/a>.<\/p>\n","protected":false},"excerpt":{"rendered":"<p>Estos guantes de cuero de alta calidad est\u00e1n dise\u00f1ados para ofrecer protecci\u00f3n superior y durabilidad en tareas que requieren resistencia y precisi\u00f3n. Su dise\u00f1o cuidadosamente elaborado incluye caracter\u00edsticas que mejoran la comodidad, aumentan la vida \u00fatil del producto y garantizan seguridad frente a riesgos mec\u00e1nicos de nivel medio.<\/p>\n","protected":false},"featured_media":4775,"comment_status":"closed","ping_status":"closed","template":"","meta":{"_acf_changed":false},"product_brand":[],"product_cat":[94,59],"product_tag":[454],"class_list":{"0":"post-4715","1":"product","2":"type-product","3":"status-publish","4":"has-post-thumbnail","6":"product_cat-guante-de-cuero-soldador","7":"product_cat-proteccion-de-las-manos","8":"product_tag-guantes-de-13-pulgadas","10":"first","11":"instock","12":"shipping-taxable","13":"purchasable","14":"product-type-simple"},"acf":[],"_links":{"self":[{"href":"https:\/\/valesafety.com.pe\/index.php?rest_route=\/wp\/v2\/product\/4715","targetHints":{"allow":["GET"]}}],"collection":[{"href":"https:\/\/valesafety.com.pe\/index.php?rest_route=\/wp\/v2\/product"}],"about":[{"href":"https:\/\/valesafety.com.pe\/index.php?rest_route=\/wp\/v2\/types\/product"}],"replies":[{"embeddable":true,"href":"https:\/\/valesafety.com.pe\/index.php?rest_route=%2Fwp%2Fv2%2Fcomments&post=4715"}],"wp:featuredmedia":[{"embeddable":true,"href":"https:\/\/valesafety.com.pe\/index.php?rest_route=\/wp\/v2\/media\/4775"}],"wp:attachment":[{"href":"https:\/\/valesafety.com.pe\/index.php?rest_route=%2Fwp%2Fv2%2Fmedia&parent=4715"}],"wp:term":[{"taxonomy":"product_brand","embeddable":true,"href":"https:\/\/valesafety.com.pe\/index.php?rest_route=%2Fwp%2Fv2%2Fproduct_brand&post=4715"},{"taxonomy":"product_cat","embeddable":true,"href":"https:\/\/valesafety.com.pe\/index.php?rest_route=%2Fwp%2Fv2%2Fproduct_cat&post=4715"},{"taxonomy":"product_tag","embeddable":true,"href":"https:\/\/valesafety.com.pe\/index.php?rest_route=%2Fwp%2Fv2%2Fproduct_tag&post=4715"}],"curies":[{"name":"wp","href":"https:\/\/api.w.org\/{rel}","templated":true}]}}