{"id":4678,"date":"2026-04-23T22:36:24","date_gmt":"2026-04-23T20:36:24","guid":{"rendered":"http:\/\/localhost\/borrador\/?post_type=product&#038;p=4678"},"modified":"2026-05-06T17:44:54","modified_gmt":"2026-05-06T22:44:54","slug":"mameluco-dt-300-deltachem","status":"publish","type":"product","link":"https:\/\/valesafety.com.pe\/?product=mameluco-dt-300-deltachem","title":{"rendered":"MAMELUCO DT 300 DELTACHEM"},"content":{"rendered":"<h2>Mameluco DT 300 DELTACHEM<\/h2>\n<ul>\n<li><strong>Durabilidad asegurada:<\/strong> Material resistente que evita el deshilachado.<\/li>\n<li><strong>Capucha de tres paneles:<\/strong> Dise\u00f1ada para seguir los movimientos de la cabeza, garantizando comodidad.<\/li>\n<li><strong>Costuras impermeables:<\/strong> Ideal para trabajos de descontaminaci\u00f3n.<\/li>\n<li><strong>Cierre con solapa doble:<\/strong> Proporciona una impermeabilidad total.<\/li>\n<li><strong>Dise\u00f1o funcional:<\/strong> Incluye dos orificios para los pulgares que mantienen la prenda fija en el pu\u00f1o y un bajo el\u00e1stico para mayor confort.<\/li>\n<li><strong>Conformidad normativa: Cumple con la reglamentaci\u00f3n (UE) 2016\/425.<\/strong><\/li>\n<li><strong>Material de alta protecci\u00f3n:<\/strong> Fabricado con 5 capas de tejido no tejido DELTACHEM y SMS con doble barrera qu\u00edmica exterior de 82 g\/m\u00b2.<\/li>\n<\/ul>\n<h3>Beneficios:<\/h3>\n<p>Ofrece protecci\u00f3n integral contra part\u00edculas, l\u00edquidos y contaminantes, garantizando higiene al ser de un solo uso. Su dise\u00f1o ligero y transpirable brinda comodidad y movilidad, mientras que su f\u00e1cil colocaci\u00f3n y descarte lo hacen pr\u00e1ctico para diversas aplicaciones como laboratorios, limpieza, pintura e industrias qu\u00edmicas. Ideal para entornos que requieren alta seguridad y eficiencia.<\/p>\n<p>Necesitas m\u00e1s productos encu\u00e9ntralos en nuestra <a href=\"https:\/\/valesafety.com.pe\/tienda\">tienda .<\/a><\/p>\n<p>Para m\u00e1s informaci\u00f3n sobre este y otros productos, no dudes en contactarnos por\u00a0<a href=\"http:\/\/wa.me\/977762682\" target=\"_blank\" rel=\"noopener\">WhatsApp<\/a>.<\/p>\n","protected":false},"excerpt":{"rendered":"<p>El Mameluco DT 300 DELTACHEM de la marca Delta Plus Buzo con capucha el\u00e1stica en 3 partes. No tejido deltachem cierre por cremallera bajo solapa. Doble el\u00e1stico para el pulgar. El\u00e1stico de ajuste en la cabeza, la cintura, los pu\u00f1os y en los tobillos. Embalaje individual al vac\u00edo.<\/p>\n","protected":false},"featured_media":4736,"comment_status":"closed","ping_status":"closed","template":"","meta":{"_acf_changed":false},"product_brand":[27],"product_cat":[109,110,67],"product_tag":[429,430,431,432,433,434,435,436],"class_list":{"0":"post-4678","1":"product","2":"type-product","3":"status-publish","4":"has-post-thumbnail","6":"product_brand-deltaplus","7":"product_cat-mameluco","8":"product_cat-overol","9":"product_cat-ropa-de-trabajo","10":"product_tag-buzo-dt300","11":"product_tag-mameluco300","12":"product_tag-overol-300","13":"product_tag-overol-con-capucha","14":"product_tag-overol-dt-300-deltachem","15":"product_tag-overol300","16":"product_tag-traje-descartable","17":"product_tag-traje-descartable-deltachem","19":"first","20":"instock","21":"shipping-taxable","22":"purchasable","23":"product-type-simple"},"acf":[],"_links":{"self":[{"href":"https:\/\/valesafety.com.pe\/index.php?rest_route=\/wp\/v2\/product\/4678","targetHints":{"allow":["GET"]}}],"collection":[{"href":"https:\/\/valesafety.com.pe\/index.php?rest_route=\/wp\/v2\/product"}],"about":[{"href":"https:\/\/valesafety.com.pe\/index.php?rest_route=\/wp\/v2\/types\/product"}],"replies":[{"embeddable":true,"href":"https:\/\/valesafety.com.pe\/index.php?rest_route=%2Fwp%2Fv2%2Fcomments&post=4678"}],"wp:featuredmedia":[{"embeddable":true,"href":"https:\/\/valesafety.com.pe\/index.php?rest_route=\/wp\/v2\/media\/4736"}],"wp:attachment":[{"href":"https:\/\/valesafety.com.pe\/index.php?rest_route=%2Fwp%2Fv2%2Fmedia&parent=4678"}],"wp:term":[{"taxonomy":"product_brand","embeddable":true,"href":"https:\/\/valesafety.com.pe\/index.php?rest_route=%2Fwp%2Fv2%2Fproduct_brand&post=4678"},{"taxonomy":"product_cat","embeddable":true,"href":"https:\/\/valesafety.com.pe\/index.php?rest_route=%2Fwp%2Fv2%2Fproduct_cat&post=4678"},{"taxonomy":"product_tag","embeddable":true,"href":"https:\/\/valesafety.com.pe\/index.php?rest_route=%2Fwp%2Fv2%2Fproduct_tag&post=4678"}],"curies":[{"name":"wp","href":"https:\/\/api.w.org\/{rel}","templated":true}]}}