{"id":4674,"date":"2026-04-23T22:36:23","date_gmt":"2026-04-23T20:36:23","guid":{"rendered":"http:\/\/localhost\/borrador\/?post_type=product&#038;p=4674"},"modified":"2026-05-06T15:46:10","modified_gmt":"2026-05-06T20:46:10","slug":"conjunto-de-lluvia-en304","status":"publish","type":"product","link":"https:\/\/valesafety.com.pe\/?product=conjunto-de-lluvia-en304","title":{"rendered":"Conjunto de lluvia EN304"},"content":{"rendered":"<h2>Conjunto de lluvia EN304<\/h2>\n<ul>\n<li><strong>Material y dise\u00f1o<\/strong>: Conjunto impermeable compuesto por chaqueta y pantal\u00f3n, fabricado en poli\u00e9ster con doble recubrimiento de PVC.<\/li>\n<li><strong>Ventilaci\u00f3n optimizada<\/strong>: Sistema de aireaci\u00f3n en la espalda y orificios de ventilaci\u00f3n bajo las mangas, dise\u00f1ados para mejorar la circulaci\u00f3n del aire y reducir la transpiraci\u00f3n.<\/li>\n<li><strong>Costuras reforzadas<\/strong>: Costuras termoselladas que aseguran una protecci\u00f3n eficaz contra el agua.<\/li>\n<\/ul>\n<h3><strong>CHAQUETA<\/strong><\/h3>\n<ul>\n<li><strong>Capucha fija<\/strong>: Integra una capucha que proporciona protecci\u00f3n adicional.<\/li>\n<li><strong>Sistema de cierre<\/strong>: Cremallera antifr\u00edo cubierta por una solapa con corchetes para mayor aislamiento.<\/li>\n<li><strong>Dise\u00f1o ergon\u00f3mico<\/strong>: Mangas ragl\u00e1n y pu\u00f1os interiores el\u00e1sticos para un ajuste c\u00f3modo y seguro.<\/li>\n<li><strong>Almacenamiento<\/strong>: Incluye dos bolsillos funcionales.<\/li>\n<\/ul>\n<h3><strong>PANTAL\u00d3N<\/strong><\/h3>\n<ul>\n<li><strong>Cintura ajustable<\/strong>: Dise\u00f1ada con el\u00e1stico para mayor comodidad.<\/li>\n<li><strong>Cierre seguro<\/strong>: Bragueta equipada con corchetes.<\/li>\n<li><strong>Piernas ajustables<\/strong>: Bajos con sistema de ajuste mediante corchetes.<\/li>\n<li><strong>Practicidad<\/strong>: Cuenta con dos pasamanos que facilitan el acceso a bolsillos internos.<\/li>\n<li><strong>Soporte de calidad<\/strong>: Base de poli\u00e9ster con doble impregnaci\u00f3n de PVC para garantizar resistencia y durabilidad.<\/li>\n<\/ul>\n<p>Necesitas m\u00e1s productos encu\u00e9ntralos en nuestra <a href=\"https:\/\/valesafety.com.pe\/tienda\">tienda .<\/a><\/p>\n<p>Para m\u00e1s informaci\u00f3n sobre este y otros productos, no dudes en contactarnos por\u00a0<a href=\"http:\/\/wa.me\/977762682\" target=\"_blank\" rel=\"noopener\">WhatsApp<\/a>.<\/p>\n","protected":false},"excerpt":{"rendered":"<p class=\"product-description__short-description\">Conjunto de lluvia impermeable con revestimiento universal para interiores y exteriores para condiciones meteorol\u00f3gicas adversas.<\/p>\n","protected":false},"featured_media":4723,"comment_status":"closed","ping_status":"closed","template":"","meta":{"_acf_changed":false},"product_brand":[27],"product_cat":[114],"product_tag":[423,424],"class_list":{"0":"post-4674","1":"product","2":"type-product","3":"status-publish","4":"has-post-thumbnail","6":"product_brand-deltaplus","7":"product_cat-vestuario-tecnico","8":"product_tag-conjunto-amarillo","9":"product_tag-uniforme-pvc","11":"first","12":"instock","13":"shipping-taxable","14":"purchasable","15":"product-type-simple"},"acf":[],"_links":{"self":[{"href":"https:\/\/valesafety.com.pe\/index.php?rest_route=\/wp\/v2\/product\/4674","targetHints":{"allow":["GET"]}}],"collection":[{"href":"https:\/\/valesafety.com.pe\/index.php?rest_route=\/wp\/v2\/product"}],"about":[{"href":"https:\/\/valesafety.com.pe\/index.php?rest_route=\/wp\/v2\/types\/product"}],"replies":[{"embeddable":true,"href":"https:\/\/valesafety.com.pe\/index.php?rest_route=%2Fwp%2Fv2%2Fcomments&post=4674"}],"wp:featuredmedia":[{"embeddable":true,"href":"https:\/\/valesafety.com.pe\/index.php?rest_route=\/wp\/v2\/media\/4723"}],"wp:attachment":[{"href":"https:\/\/valesafety.com.pe\/index.php?rest_route=%2Fwp%2Fv2%2Fmedia&parent=4674"}],"wp:term":[{"taxonomy":"product_brand","embeddable":true,"href":"https:\/\/valesafety.com.pe\/index.php?rest_route=%2Fwp%2Fv2%2Fproduct_brand&post=4674"},{"taxonomy":"product_cat","embeddable":true,"href":"https:\/\/valesafety.com.pe\/index.php?rest_route=%2Fwp%2Fv2%2Fproduct_cat&post=4674"},{"taxonomy":"product_tag","embeddable":true,"href":"https:\/\/valesafety.com.pe\/index.php?rest_route=%2Fwp%2Fv2%2Fproduct_tag&post=4674"}],"curies":[{"name":"wp","href":"https:\/\/api.w.org\/{rel}","templated":true}]}}