{"id":4632,"date":"2026-04-23T22:35:02","date_gmt":"2026-04-23T20:35:02","guid":{"rendered":"http:\/\/localhost\/borrador\/?post_type=product&#038;p=4632"},"modified":"2026-05-06T16:12:29","modified_gmt":"2026-05-06T21:12:29","slug":"gafas-soldador-toba-3-t5","status":"publish","type":"product","link":"https:\/\/valesafety.com.pe\/?product=gafas-soldador-toba-3-t5","title":{"rendered":"Gafas Soldador TOBA 3 T5"},"content":{"rendered":"<h2>Gafas Soldador TOBA 3 T5<\/h2>\n<ul>\n<li class=\"view__zone_property\">Material de los vidrios : Policarbonato<\/li>\n<li class=\"view__zone_property\">Tratamiento del vidrio : Antivaho (N) &#8211; Antiara\u00f1azos (cl\u00e1sica) &#8211; UV400<\/li>\n<li class=\"view__zone_property\">Color de cristal : Tinte de soldador 5<\/li>\n<li class=\"view__zone_property\">N\u00famero de escal\u00f3n (tono) : 5<\/li>\n<li class=\"view__zone_property\">Material de la montura : Nylon<\/li>\n<li class=\"view__zone_property\">Color de la montura : Rojo<\/li>\n<li class=\"view__zone_property\">Peso (g) : 157<\/li>\n<\/ul>\n<p>Necesitas m\u00e1s productos encu\u00e9ntralos en nuestra <a href=\"https:\/\/valesafety.com.pe\/tienda\">tienda\u00a0<\/a><\/p>\n<p>Para m\u00e1s informaci\u00f3n sobre este y otros productos, no dudes en contactarnos por\u00a0<a href=\"http:\/\/wa.me\/51923151009\" target=\"_blank\" rel=\"noopener\">WhatsApp<\/a>.<\/p>\n","protected":false},"excerpt":{"rendered":"<p>Gafas m\u00e1scara de soldador. Oculares abatibles. Montura flexible de PVC. Ventilaci\u00f3n indirecta. Cinta el\u00e1stica. Ocular interior de policarbonato tono 5 y ocular de refuerzo de policarbonato incoloro.<\/p>\n","protected":false},"featured_media":4687,"comment_status":"closed","ping_status":"closed","template":"","meta":{"_acf_changed":false},"product_brand":[27],"product_cat":[103,60,65],"product_tag":[400],"class_list":{"0":"post-4632","1":"product","2":"type-product","3":"status-publish","4":"has-post-thumbnail","6":"product_brand-deltaplus","7":"product_cat-anteojos-de-seguridad","8":"product_cat-proteccion-de-soldador","9":"product_cat-proteccion-visual","10":"product_tag-gafas-soldador","12":"first","13":"instock","14":"shipping-taxable","15":"purchasable","16":"product-type-simple"},"acf":[],"_links":{"self":[{"href":"https:\/\/valesafety.com.pe\/index.php?rest_route=\/wp\/v2\/product\/4632","targetHints":{"allow":["GET"]}}],"collection":[{"href":"https:\/\/valesafety.com.pe\/index.php?rest_route=\/wp\/v2\/product"}],"about":[{"href":"https:\/\/valesafety.com.pe\/index.php?rest_route=\/wp\/v2\/types\/product"}],"replies":[{"embeddable":true,"href":"https:\/\/valesafety.com.pe\/index.php?rest_route=%2Fwp%2Fv2%2Fcomments&post=4632"}],"wp:featuredmedia":[{"embeddable":true,"href":"https:\/\/valesafety.com.pe\/index.php?rest_route=\/wp\/v2\/media\/4687"}],"wp:attachment":[{"href":"https:\/\/valesafety.com.pe\/index.php?rest_route=%2Fwp%2Fv2%2Fmedia&parent=4632"}],"wp:term":[{"taxonomy":"product_brand","embeddable":true,"href":"https:\/\/valesafety.com.pe\/index.php?rest_route=%2Fwp%2Fv2%2Fproduct_brand&post=4632"},{"taxonomy":"product_cat","embeddable":true,"href":"https:\/\/valesafety.com.pe\/index.php?rest_route=%2Fwp%2Fv2%2Fproduct_cat&post=4632"},{"taxonomy":"product_tag","embeddable":true,"href":"https:\/\/valesafety.com.pe\/index.php?rest_route=%2Fwp%2Fv2%2Fproduct_tag&post=4632"}],"curies":[{"name":"wp","href":"https:\/\/api.w.org\/{rel}","templated":true}]}}