{"id":4596,"date":"2026-04-23T22:34:05","date_gmt":"2026-04-23T20:34:05","guid":{"rendered":"http:\/\/localhost\/borrador\/?post_type=product&#038;p=4596"},"modified":"2026-05-06T12:50:33","modified_gmt":"2026-05-06T17:50:33","slug":"botin-jumper-s3-hc","status":"publish","type":"product","link":"https:\/\/valesafety.com.pe\/?product=botin-jumper-s3-hc","title":{"rendered":"Bot\u00edn Jumper S3 HC"},"content":{"rendered":"<h2>Bot\u00edn Jumper S3 HC<\/h2>\n<ul>\n<li>Tipo de calzado Calzado muy alto<\/li>\n<li>Material de la suela PU, 2d<\/li>\n<li>Inserto antiperforaci\u00f3n Acero inoxidable<\/li>\n<li>Material de la ca\u00f1a Piel<\/li>\n<li>Acabado del material de la ca\u00f1a Crup\u00f3n, Deperlante<\/li>\n<li>Puntera de seguridad Acero inoxidable<\/li>\n<li>Material del forro Poli\u00e9ster, Piel sint\u00e9tica<\/li>\n<li>Material de la palmilla Fieltro<\/li>\n<li>Caracter\u00edstica de la suela Amovible, Premoldeado<\/li>\n<li>Tecnolog\u00eda de la suela Inyectada<\/li>\n<li>Peso (gramos por zapato) 776<\/li>\n<li>Rango de tallas 36 \u2192 48<\/li>\n<\/ul>\n<p>Necesitas m\u00e1s productos encu\u00e9ntralos en nuestra <a href=\"https:\/\/valesafety.com.pe\/tienda\">tienda\u00a0<\/a><\/p>\n<p>Para m\u00e1s informaci\u00f3n sobre este y otros productos, no dudes en contactarnos por\u00a0<a href=\"http:\/\/wa.me\/51923151009\" target=\"_blank\" rel=\"noopener\">WhatsApp<\/a>.<\/p>\n","protected":false},"excerpt":{"rendered":"<p>Botas forradas de fabricaci\u00f3n robusta para los entornos m\u00e1s extremos, Ca\u00f1a: Piel crup\u00f3n grabada, tratamiento impermeable S3. Forro: Poli\u00e9ster. Plantilla interior: Amovible preformada &#8211; Fieltro. Suela: Inyectada &#8211; PU bi-densidad. \u2022 Suela con material PU especial resistente a &#8211; 30\u00b0C.<\/p>\n","protected":false},"featured_media":4652,"comment_status":"closed","ping_status":"closed","template":"","meta":{"_acf_changed":false},"product_brand":[27],"product_cat":[68,116],"product_tag":[],"class_list":{"0":"post-4596","1":"product","2":"type-product","3":"status-publish","4":"has-post-thumbnail","6":"product_brand-deltaplus","7":"product_cat-zapatos-de-seguridad","8":"product_cat-zapatos-de-trabajo","10":"first","11":"instock","12":"shipping-taxable","13":"purchasable","14":"product-type-simple"},"acf":[],"_links":{"self":[{"href":"https:\/\/valesafety.com.pe\/index.php?rest_route=\/wp\/v2\/product\/4596","targetHints":{"allow":["GET"]}}],"collection":[{"href":"https:\/\/valesafety.com.pe\/index.php?rest_route=\/wp\/v2\/product"}],"about":[{"href":"https:\/\/valesafety.com.pe\/index.php?rest_route=\/wp\/v2\/types\/product"}],"replies":[{"embeddable":true,"href":"https:\/\/valesafety.com.pe\/index.php?rest_route=%2Fwp%2Fv2%2Fcomments&post=4596"}],"wp:featuredmedia":[{"embeddable":true,"href":"https:\/\/valesafety.com.pe\/index.php?rest_route=\/wp\/v2\/media\/4652"}],"wp:attachment":[{"href":"https:\/\/valesafety.com.pe\/index.php?rest_route=%2Fwp%2Fv2%2Fmedia&parent=4596"}],"wp:term":[{"taxonomy":"product_brand","embeddable":true,"href":"https:\/\/valesafety.com.pe\/index.php?rest_route=%2Fwp%2Fv2%2Fproduct_brand&post=4596"},{"taxonomy":"product_cat","embeddable":true,"href":"https:\/\/valesafety.com.pe\/index.php?rest_route=%2Fwp%2Fv2%2Fproduct_cat&post=4596"},{"taxonomy":"product_tag","embeddable":true,"href":"https:\/\/valesafety.com.pe\/index.php?rest_route=%2Fwp%2Fv2%2Fproduct_tag&post=4596"}],"curies":[{"name":"wp","href":"https:\/\/api.w.org\/{rel}","templated":true}]}}