{"id":4578,"date":"2026-04-23T22:33:36","date_gmt":"2026-04-23T20:33:36","guid":{"rendered":"http:\/\/localhost\/borrador\/?post_type=product&#038;p=4578"},"modified":"2026-05-06T12:49:50","modified_gmt":"2026-05-06T17:49:50","slug":"botin-gobi-s3-o-eh","status":"publish","type":"product","link":"https:\/\/valesafety.com.pe\/?product=botin-gobi-s3-o-eh","title":{"rendered":"Bot\u00edn Gobi S3 o EH"},"content":{"rendered":"<h2>Bot\u00edn Gobi S3 o EH<\/h2>\n<ul>\n<li>Material: Cuero Ternera impermeable completo 1.8-2.0mm.<\/li>\n<li>Forro poli\u00e9ster Air Mesh 3D.<\/li>\n<li>Ca\u00f1a resistente a los cortes (CR).<\/li>\n<li>Suela: intermedia PU baja desnsidad \/ PU alta densidad.<\/li>\n<li>Puntera: composite.<\/li>\n<li>Plantilla antiperforante: Acero inoxidable.<\/li>\n<li>Norma : EN ISO 20345 S3 CR SRC.\n<div class=\"\" data-block=\"true\" data-editor=\"ag0a6\" data-offset-key=\"19d3s-0-0\">\n<div class=\"_1mf _1mj\" data-offset-key=\"19d3s-0-0\">\n<p>Necesitas m\u00e1s productos encuentralos en nuestra <a href=\"https:\/\/valesafety.com.pe\/tienda\">tienda\u00a0<\/a><\/p>\n<p>Para m\u00e1s informaci\u00f3n sobre este y otros productos, no dudes en contactarnos por\u00a0<a href=\"http:\/\/wa.me\/51923151009\" target=\"_blank\" rel=\"noopener\">WhatsApp<\/a>.<\/p>\n<\/div>\n<\/div>\n<\/li>\n<\/ul>\n","protected":false},"excerpt":{"rendered":"<p>La ca\u00f1a est\u00e1 confeccionada en piel de ternera con un tratamiento impermeable S3 y un exterior de piel con impregnaci\u00f3n de PU, lo que asegura durabilidad y resistencia al agua. El forro, fabricado en mesh 3D absorbente, mejora la transpirabilidad y el confort del interior. Por su parte, la plantilla interior es amovible y preformada, elaborada con poli\u00e9ster sobre EVA para garantizar comodidad y soporte. Finalmente, la suela, inyectada en PU bi-densidad, aporta robustez y una excelente capacidad de amortiguaci\u00f3n, ideal para un uso prolongado.<\/p>\n","protected":false},"featured_media":4634,"comment_status":"closed","ping_status":"closed","template":"","meta":{"_acf_changed":false},"product_brand":[27],"product_cat":[68,116],"product_tag":[],"class_list":{"0":"post-4578","1":"product","2":"type-product","3":"status-publish","4":"has-post-thumbnail","6":"product_brand-deltaplus","7":"product_cat-zapatos-de-seguridad","8":"product_cat-zapatos-de-trabajo","10":"first","11":"instock","12":"shipping-taxable","13":"purchasable","14":"product-type-simple"},"acf":[],"_links":{"self":[{"href":"https:\/\/valesafety.com.pe\/index.php?rest_route=\/wp\/v2\/product\/4578","targetHints":{"allow":["GET"]}}],"collection":[{"href":"https:\/\/valesafety.com.pe\/index.php?rest_route=\/wp\/v2\/product"}],"about":[{"href":"https:\/\/valesafety.com.pe\/index.php?rest_route=\/wp\/v2\/types\/product"}],"replies":[{"embeddable":true,"href":"https:\/\/valesafety.com.pe\/index.php?rest_route=%2Fwp%2Fv2%2Fcomments&post=4578"}],"wp:featuredmedia":[{"embeddable":true,"href":"https:\/\/valesafety.com.pe\/index.php?rest_route=\/wp\/v2\/media\/4634"}],"wp:attachment":[{"href":"https:\/\/valesafety.com.pe\/index.php?rest_route=%2Fwp%2Fv2%2Fmedia&parent=4578"}],"wp:term":[{"taxonomy":"product_brand","embeddable":true,"href":"https:\/\/valesafety.com.pe\/index.php?rest_route=%2Fwp%2Fv2%2Fproduct_brand&post=4578"},{"taxonomy":"product_cat","embeddable":true,"href":"https:\/\/valesafety.com.pe\/index.php?rest_route=%2Fwp%2Fv2%2Fproduct_cat&post=4578"},{"taxonomy":"product_tag","embeddable":true,"href":"https:\/\/valesafety.com.pe\/index.php?rest_route=%2Fwp%2Fv2%2Fproduct_tag&post=4578"}],"curies":[{"name":"wp","href":"https:\/\/api.w.org\/{rel}","templated":true}]}}