{"id":4577,"date":"2026-04-23T22:33:35","date_gmt":"2026-04-23T20:33:35","guid":{"rendered":"http:\/\/localhost\/borrador\/?post_type=product&#038;p=4577"},"modified":"2026-05-06T13:04:36","modified_gmt":"2026-05-06T18:04:36","slug":"botin-sault-s3-src","status":"publish","type":"product","link":"https:\/\/valesafety.com.pe\/?product=botin-sault-s3-src","title":{"rendered":"Bot\u00edn Sault S3 SRC"},"content":{"rendered":"<h2>Bot\u00edn Sault S3 SRC<\/h2>\n<ul class=\"detalle\">\n<li>Material: cuero crup\u00f3n<\/li>\n<li>Puntera de acero<\/li>\n<li>Cuenta con el sistema Panoflex para mayor flexi\u00f3n y tiene detalles reflectivos<\/li>\n<li>Suela antiperforante y antideslizante de poliuretano<\/li>\n<li>Tallas: 39 &#8211; 48<\/li>\n<li>Normativa: ISO 20345<\/li>\n<\/ul>\n<p>Necesitas m\u00e1s productos encu\u00e9ntralos en nuestra <a href=\"https:\/\/valesafety.com.pe\/tienda\">tienda\u00a0<\/a><\/p>\n<p>Para m\u00e1s informaci\u00f3n sobre este y otros productos, no dudes en contactarnos por\u00a0<a href=\"http:\/\/wa.me\/51923151009\" target=\"_blank\" rel=\"noopener\">WhatsApp<\/a>.<\/p>\n","protected":false},"excerpt":{"rendered":"<p>La ca\u00f1a est\u00e1 fabricada en piel crup\u00f3n grabada y cuenta con un tratamiento impermeable S3 que garantiza su resistencia al agua. El forro est\u00e1 compuesto por poliamida, lo que aporta comodidad y durabilidad al interior del calzado. Adem\u00e1s, la plantilla interior es amovible y preformada, combinando poliamida sobre EVA para ofrecer mayor ergonom\u00eda y confort. Por \u00faltimo, la suela es inyectada en PU bi-densidad, lo que proporciona una excelente resistencia y una puntera envolvente que asegura una protecci\u00f3n adicional.<\/p>\n","protected":false},"featured_media":4625,"comment_status":"closed","ping_status":"closed","template":"","meta":{"_acf_changed":false},"product_brand":[27],"product_cat":[68,116],"product_tag":[],"class_list":{"0":"post-4577","1":"product","2":"type-product","3":"status-publish","4":"has-post-thumbnail","6":"product_brand-deltaplus","7":"product_cat-zapatos-de-seguridad","8":"product_cat-zapatos-de-trabajo","10":"first","11":"instock","12":"shipping-taxable","13":"purchasable","14":"product-type-simple"},"acf":[],"_links":{"self":[{"href":"https:\/\/valesafety.com.pe\/index.php?rest_route=\/wp\/v2\/product\/4577","targetHints":{"allow":["GET"]}}],"collection":[{"href":"https:\/\/valesafety.com.pe\/index.php?rest_route=\/wp\/v2\/product"}],"about":[{"href":"https:\/\/valesafety.com.pe\/index.php?rest_route=\/wp\/v2\/types\/product"}],"replies":[{"embeddable":true,"href":"https:\/\/valesafety.com.pe\/index.php?rest_route=%2Fwp%2Fv2%2Fcomments&post=4577"}],"wp:featuredmedia":[{"embeddable":true,"href":"https:\/\/valesafety.com.pe\/index.php?rest_route=\/wp\/v2\/media\/4625"}],"wp:attachment":[{"href":"https:\/\/valesafety.com.pe\/index.php?rest_route=%2Fwp%2Fv2%2Fmedia&parent=4577"}],"wp:term":[{"taxonomy":"product_brand","embeddable":true,"href":"https:\/\/valesafety.com.pe\/index.php?rest_route=%2Fwp%2Fv2%2Fproduct_brand&post=4577"},{"taxonomy":"product_cat","embeddable":true,"href":"https:\/\/valesafety.com.pe\/index.php?rest_route=%2Fwp%2Fv2%2Fproduct_cat&post=4577"},{"taxonomy":"product_tag","embeddable":true,"href":"https:\/\/valesafety.com.pe\/index.php?rest_route=%2Fwp%2Fv2%2Fproduct_tag&post=4577"}],"curies":[{"name":"wp","href":"https:\/\/api.w.org\/{rel}","templated":true}]}}