{"id":4560,"date":"2026-04-23T22:33:07","date_gmt":"2026-04-23T20:33:07","guid":{"rendered":"http:\/\/localhost\/borrador\/?post_type=product&#038;p=4560"},"modified":"2026-05-06T15:52:33","modified_gmt":"2026-05-06T20:52:33","slug":"cordon-para-anteojos-libus","status":"publish","type":"product","link":"https:\/\/valesafety.com.pe\/?product=cordon-para-anteojos-libus","title":{"rendered":"Cord\u00f3n para Anteojos Libus"},"content":{"rendered":"<h2>Cord\u00f3n para Anteojos Libus<\/h2>\n<ul>\n<li>Cord\u00f3n elastizado para sujeci\u00f3n del anteojo.<\/li>\n<li>Color: NEGRO.<\/li>\n<li>Caja Cerrada: 120 unidades.<\/li>\n<\/ul>\n<p><strong>INSTRUCCIONES<\/strong><\/p>\n<p>Se inserta en cada patilla y permite:<br \/>\n\u2022\u00a0Retener el anteojo cuando no se usa.<br \/>\n\u2022\u00a0Mediante bot\u00f3n regulador de largo del lazo, fijar el anteojo a la cabeza.<br \/>\n\u2022\u00a0Largo (reposo): 60 cm. Ancho: 9 mm.<br \/>\n\u2022\u00a0Funcional con toda la l\u00ednea LIBUS.<\/p>\n<p>Necesitas m\u00e1s productos encu\u00e9ntralos en nuestra <a href=\"https:\/\/valesafety.com.pe\/tienda\">tienda\u00a0<\/a><\/p>\n<p>Para m\u00e1s informaci\u00f3n sobre este y otros productos, no dudes en contactarnos por\u00a0<a href=\"http:\/\/wa.me\/51923151009\" target=\"_blank\" rel=\"noopener\">WhatsApp<\/a>.<\/p>\n","protected":false},"excerpt":{"rendered":"<p>El Cord\u00f3n para Anteojos Libus es un accesorio pr\u00e1ctico y funcional dise\u00f1ado para mantener tus anteojos seguros y al alcance en todo momento. Este complemento es ideal tanto para actividades laborales como recreativas, proporcionando comodidad y evitando p\u00e9rdidas o ca\u00eddas accidentales de los lentes.<\/p>\n","protected":false},"featured_media":4608,"comment_status":"closed","ping_status":"closed","template":"","meta":{"_acf_changed":false},"product_brand":[31],"product_cat":[102,65],"product_tag":[],"class_list":{"0":"post-4560","1":"product","2":"type-product","3":"status-publish","4":"has-post-thumbnail","6":"product_brand-libus","7":"product_cat-accesorios","8":"product_cat-proteccion-visual","10":"first","11":"instock","12":"shipping-taxable","13":"purchasable","14":"product-type-simple"},"acf":[],"_links":{"self":[{"href":"https:\/\/valesafety.com.pe\/index.php?rest_route=\/wp\/v2\/product\/4560","targetHints":{"allow":["GET"]}}],"collection":[{"href":"https:\/\/valesafety.com.pe\/index.php?rest_route=\/wp\/v2\/product"}],"about":[{"href":"https:\/\/valesafety.com.pe\/index.php?rest_route=\/wp\/v2\/types\/product"}],"replies":[{"embeddable":true,"href":"https:\/\/valesafety.com.pe\/index.php?rest_route=%2Fwp%2Fv2%2Fcomments&post=4560"}],"wp:featuredmedia":[{"embeddable":true,"href":"https:\/\/valesafety.com.pe\/index.php?rest_route=\/wp\/v2\/media\/4608"}],"wp:attachment":[{"href":"https:\/\/valesafety.com.pe\/index.php?rest_route=%2Fwp%2Fv2%2Fmedia&parent=4560"}],"wp:term":[{"taxonomy":"product_brand","embeddable":true,"href":"https:\/\/valesafety.com.pe\/index.php?rest_route=%2Fwp%2Fv2%2Fproduct_brand&post=4560"},{"taxonomy":"product_cat","embeddable":true,"href":"https:\/\/valesafety.com.pe\/index.php?rest_route=%2Fwp%2Fv2%2Fproduct_cat&post=4560"},{"taxonomy":"product_tag","embeddable":true,"href":"https:\/\/valesafety.com.pe\/index.php?rest_route=%2Fwp%2Fv2%2Fproduct_tag&post=4560"}],"curies":[{"name":"wp","href":"https:\/\/api.w.org\/{rel}","templated":true}]}}