{"id":4559,"date":"2026-04-23T22:33:06","date_gmt":"2026-04-23T20:33:06","guid":{"rendered":"http:\/\/localhost\/borrador\/?post_type=product&#038;p=4559"},"modified":"2026-05-06T11:16:59","modified_gmt":"2026-05-06T16:16:59","slug":"anteojo-de-seguridad-eco-sport","status":"publish","type":"product","link":"https:\/\/valesafety.com.pe\/?product=anteojo-de-seguridad-eco-sport","title":{"rendered":"Anteojo de Seguridad Eco Sport"},"content":{"rendered":"<h2>Anteojo de Seguridad Eco Sport<\/h2>\n<ul>\n<li>Versi\u00f3n del anteojo ECO LINE en donde se reemplazan las patillas por una correa el\u00e1stica reforzada logrando una prestaci\u00f3n de antiparra.<\/li>\n<li>Lente de policarbonato y banda elastica.<\/li>\n<li>Filtro UV.<\/li>\n<li>Soporte para correa el\u00e1stica de policarbonato.<\/li>\n<li>Contorno con contramarco plastico con foam.<\/li>\n<li>Correa ajustable en ambos lados mediante hebilla reguladora.<\/li>\n<li>Apto para actividades deportivas.<\/li>\n<li>Tornillo de acero inoxidable.<\/li>\n<li>Caja Cerrada: 120 unidades.<\/li>\n<\/ul>\n<p>Necesitas m\u00e1s productos encu\u00e9ntralos en nuestra <a href=\"https:\/\/valesafety.com.pe\/tienda\">tienda\u00a0<\/a><\/p>\n<p>Para m\u00e1s informaci\u00f3n sobre este y otros productos, no dudes en contactarnos por\u00a0<a href=\"http:\/\/wa.me\/51923151009\" target=\"_blank\" rel=\"noopener\">WhatsApp<\/a>.<\/p>\n","protected":false},"excerpt":{"rendered":"<p>El Anteojo de Seguridad Eco Sport est\u00e1 especialmente dise\u00f1ado para garantizar la seguridad de los ojos en entornos de trabajo exigentes. Este modelo combina funcionalidad y confort, brindando una protecci\u00f3n integral contra una variedad de riesgos comunes, como <strong>golpes<\/strong>, <strong>impacto de part\u00edculas<\/strong>, <strong>polvo<\/strong> y <strong>chispas<\/strong>.<\/p>\n","protected":false},"featured_media":4607,"comment_status":"closed","ping_status":"closed","template":"","meta":{"_acf_changed":false},"product_brand":[31],"product_cat":[103,65],"product_tag":[379,380,239],"class_list":{"0":"post-4559","1":"product","2":"type-product","3":"status-publish","4":"has-post-thumbnail","6":"product_brand-libus","7":"product_cat-anteojos-de-seguridad","8":"product_cat-proteccion-visual","9":"product_tag-distribuidor-libus","10":"product_tag-google","11":"product_tag-lentes-de-seguridad","13":"first","14":"instock","15":"shipping-taxable","16":"purchasable","17":"product-type-simple"},"acf":[],"_links":{"self":[{"href":"https:\/\/valesafety.com.pe\/index.php?rest_route=\/wp\/v2\/product\/4559","targetHints":{"allow":["GET"]}}],"collection":[{"href":"https:\/\/valesafety.com.pe\/index.php?rest_route=\/wp\/v2\/product"}],"about":[{"href":"https:\/\/valesafety.com.pe\/index.php?rest_route=\/wp\/v2\/types\/product"}],"replies":[{"embeddable":true,"href":"https:\/\/valesafety.com.pe\/index.php?rest_route=%2Fwp%2Fv2%2Fcomments&post=4559"}],"wp:featuredmedia":[{"embeddable":true,"href":"https:\/\/valesafety.com.pe\/index.php?rest_route=\/wp\/v2\/media\/4607"}],"wp:attachment":[{"href":"https:\/\/valesafety.com.pe\/index.php?rest_route=%2Fwp%2Fv2%2Fmedia&parent=4559"}],"wp:term":[{"taxonomy":"product_brand","embeddable":true,"href":"https:\/\/valesafety.com.pe\/index.php?rest_route=%2Fwp%2Fv2%2Fproduct_brand&post=4559"},{"taxonomy":"product_cat","embeddable":true,"href":"https:\/\/valesafety.com.pe\/index.php?rest_route=%2Fwp%2Fv2%2Fproduct_cat&post=4559"},{"taxonomy":"product_tag","embeddable":true,"href":"https:\/\/valesafety.com.pe\/index.php?rest_route=%2Fwp%2Fv2%2Fproduct_tag&post=4559"}],"curies":[{"name":"wp","href":"https:\/\/api.w.org\/{rel}","templated":true}]}}