{"id":4556,"date":"2026-04-23T22:33:06","date_gmt":"2026-04-23T20:33:06","guid":{"rendered":"http:\/\/localhost\/borrador\/?post_type=product&#038;p=4556"},"modified":"2026-05-06T10:28:09","modified_gmt":"2026-05-06T15:28:09","slug":"antiparra-de-seguridad-explorer","status":"publish","type":"product","link":"https:\/\/valesafety.com.pe\/?product=antiparra-de-seguridad-explorer","title":{"rendered":"Antiparra de seguridad Explorer"},"content":{"rendered":"<h2>Antiparra de seguridad Explorer<\/h2>\n<ul>\n<li>Lente de policarbonato de grado \u00f3ptico con filtro UV.<\/li>\n<li>Marco Polipropileno (color negro)<\/li>\n<li>TPR (color naranja)<\/li>\n<li>Banda Textil el\u00e1stica<\/li>\n<li>Puente nasal<\/li>\n<li>Ventilaci\u00f3n indirecta<\/li>\n<li>Caja Cerrada: 50 unidades.<\/li>\n<\/ul>\n<p>Necesitas m\u00e1s productos encu\u00e9ntralos en nuestra <a href=\"https:\/\/valesafety.com.pe\/tienda\">tienda\u00a0<\/a><\/p>\n<p>Para m\u00e1s informaci\u00f3n sobre este y otros productos, no dudes en contactarnos por\u00a0<a href=\"http:\/\/wa.me\/51923151009\" target=\"_blank\" rel=\"noopener\">WhatsApp<\/a>.<\/p>\n","protected":false},"excerpt":{"rendered":"<p>La Antiparra de seguridad Explorer est\u00e1 dise\u00f1ada para proteger el ojo contra golpes, impacto de part\u00edculas, polvo, chispas y salpicadura qu\u00edmica. Brinda protecci\u00f3n frontal y lateral.<\/p>\n","protected":false},"featured_media":4604,"comment_status":"closed","ping_status":"closed","template":"","meta":{"_acf_changed":false},"product_brand":[31],"product_cat":[104,65],"product_tag":[],"class_list":{"0":"post-4556","1":"product","2":"type-product","3":"status-publish","4":"has-post-thumbnail","6":"product_brand-libus","7":"product_cat-antiparras","8":"product_cat-proteccion-visual","10":"first","11":"instock","12":"shipping-taxable","13":"purchasable","14":"product-type-simple"},"acf":[],"_links":{"self":[{"href":"https:\/\/valesafety.com.pe\/index.php?rest_route=\/wp\/v2\/product\/4556","targetHints":{"allow":["GET"]}}],"collection":[{"href":"https:\/\/valesafety.com.pe\/index.php?rest_route=\/wp\/v2\/product"}],"about":[{"href":"https:\/\/valesafety.com.pe\/index.php?rest_route=\/wp\/v2\/types\/product"}],"replies":[{"embeddable":true,"href":"https:\/\/valesafety.com.pe\/index.php?rest_route=%2Fwp%2Fv2%2Fcomments&post=4556"}],"wp:featuredmedia":[{"embeddable":true,"href":"https:\/\/valesafety.com.pe\/index.php?rest_route=\/wp\/v2\/media\/4604"}],"wp:attachment":[{"href":"https:\/\/valesafety.com.pe\/index.php?rest_route=%2Fwp%2Fv2%2Fmedia&parent=4556"}],"wp:term":[{"taxonomy":"product_brand","embeddable":true,"href":"https:\/\/valesafety.com.pe\/index.php?rest_route=%2Fwp%2Fv2%2Fproduct_brand&post=4556"},{"taxonomy":"product_cat","embeddable":true,"href":"https:\/\/valesafety.com.pe\/index.php?rest_route=%2Fwp%2Fv2%2Fproduct_cat&post=4556"},{"taxonomy":"product_tag","embeddable":true,"href":"https:\/\/valesafety.com.pe\/index.php?rest_route=%2Fwp%2Fv2%2Fproduct_tag&post=4556"}],"curies":[{"name":"wp","href":"https:\/\/api.w.org\/{rel}","templated":true}]}}