{"id":4555,"date":"2026-04-23T22:33:06","date_gmt":"2026-04-23T20:33:06","guid":{"rendered":"http:\/\/localhost\/borrador\/?post_type=product&#038;p=4555"},"modified":"2026-05-06T10:28:05","modified_gmt":"2026-05-06T15:28:05","slug":"antiparra-de-seguridad-aviator","status":"publish","type":"product","link":"https:\/\/valesafety.com.pe\/?product=antiparra-de-seguridad-aviator","title":{"rendered":"Antiparra de seguridad Aviator"},"content":{"rendered":"<h2>Antiparra de seguridad Aviator<\/h2>\n<ul>\n<li>Antiparra de seguridad flexible de uso general<\/li>\n<li>Dise\u00f1ado para proteger el ojo contra golpes, impacto de part\u00edculas, polvo, chispas y salpicadura qu\u00edmica.<\/li>\n<li>Protecci\u00f3n frontal y lateral.<\/li>\n<li>Dise\u00f1o de lente envolvente.<\/li>\n<li>Lente de policarbonato.<\/li>\n<li>Filtro UV.<\/li>\n<li>Marco en elast\u00f3mero extra flexible para un sello perfecto y confortable a la cara.<\/li>\n<li>Puente nasal universal.<\/li>\n<li>Correa el\u00e1stica de 15 mm con hebilla de ajuste.<\/li>\n<li>Caja Cerrada: 100 unidades.<\/li>\n<\/ul>\n<p>Necesitas m\u00e1s productos encu\u00e9ntralos en nuestra <a href=\"https:\/\/valesafety.com.pe\/tienda\">tienda\u00a0<\/a><\/p>\n<p>Para m\u00e1s informaci\u00f3n sobre este y otros productos, no dudes en contactarnos por\u00a0<a href=\"http:\/\/wa.me\/51923151009\" target=\"_blank\" rel=\"noopener\">WhatsApp<\/a>.<\/p>\n","protected":false},"excerpt":{"rendered":"<p>La antiparra de seguridad Aviator ha sido especialmente dise\u00f1ada para ofrecer una protecci\u00f3n integral a los ojos, resguard\u00e1ndolos de golpes, impactos de part\u00edculas, polvo, chispas y posibles salpicaduras qu\u00edmicas. Este equipo proporciona una cobertura eficiente tanto frontal como lateral, garantizando seguridad en diversos entornos de trabajo.<\/p>\n","protected":false},"featured_media":4603,"comment_status":"closed","ping_status":"closed","template":"","meta":{"_acf_changed":false},"product_brand":[31],"product_cat":[104,65],"product_tag":[],"class_list":{"0":"post-4555","1":"product","2":"type-product","3":"status-publish","4":"has-post-thumbnail","6":"product_brand-libus","7":"product_cat-antiparras","8":"product_cat-proteccion-visual","10":"first","11":"instock","12":"shipping-taxable","13":"purchasable","14":"product-type-simple"},"acf":[],"_links":{"self":[{"href":"https:\/\/valesafety.com.pe\/index.php?rest_route=\/wp\/v2\/product\/4555","targetHints":{"allow":["GET"]}}],"collection":[{"href":"https:\/\/valesafety.com.pe\/index.php?rest_route=\/wp\/v2\/product"}],"about":[{"href":"https:\/\/valesafety.com.pe\/index.php?rest_route=\/wp\/v2\/types\/product"}],"replies":[{"embeddable":true,"href":"https:\/\/valesafety.com.pe\/index.php?rest_route=%2Fwp%2Fv2%2Fcomments&post=4555"}],"wp:featuredmedia":[{"embeddable":true,"href":"https:\/\/valesafety.com.pe\/index.php?rest_route=\/wp\/v2\/media\/4603"}],"wp:attachment":[{"href":"https:\/\/valesafety.com.pe\/index.php?rest_route=%2Fwp%2Fv2%2Fmedia&parent=4555"}],"wp:term":[{"taxonomy":"product_brand","embeddable":true,"href":"https:\/\/valesafety.com.pe\/index.php?rest_route=%2Fwp%2Fv2%2Fproduct_brand&post=4555"},{"taxonomy":"product_cat","embeddable":true,"href":"https:\/\/valesafety.com.pe\/index.php?rest_route=%2Fwp%2Fv2%2Fproduct_cat&post=4555"},{"taxonomy":"product_tag","embeddable":true,"href":"https:\/\/valesafety.com.pe\/index.php?rest_route=%2Fwp%2Fv2%2Fproduct_tag&post=4555"}],"curies":[{"name":"wp","href":"https:\/\/api.w.org\/{rel}","templated":true}]}}