{"id":4544,"date":"2026-04-23T22:32:41","date_gmt":"2026-04-23T20:32:41","guid":{"rendered":"http:\/\/localhost\/borrador\/?post_type=product&#038;p=4544"},"modified":"2026-05-06T10:28:03","modified_gmt":"2026-05-06T15:28:03","slug":"antiparra-de-seguridad-cadmo","status":"publish","type":"product","link":"https:\/\/valesafety.com.pe\/?product=antiparra-de-seguridad-cadmo","title":{"rendered":"Antiparra de seguridad CADMO"},"content":{"rendered":"<h2>Antiparra de seguridad CADMO<\/h2>\n<ul>\n<li>Marco fabricado por bi-inyecci\u00f3n: Resina de ingenier\u00eda de alto impacto para soporte del lente.<\/li>\n<li>TPR suave y flexible para un ajuste adecuado y confortable a la cara.<\/li>\n<li>Correa el\u00e1stica con hebilla reguladora.<\/li>\n<li>Soporte pivotante que garantiza el ajuste de la correa a la cabeza de cada usuario.<\/li>\n<li>Monolente integral montado sobre el marco.<\/li>\n<li>Fabricado en policarbonato de grado \u00f3ptico con filtro UV.<\/li>\n<li>Ventilaci\u00f3n indirecta.<\/li>\n<li>Puente nasal universal en TPR con un corte que permite que se amolde a diversos tama\u00f1os de nariz.<\/li>\n<li>Caja Cerrada: 50 unidades.<\/li>\n<\/ul>\n<p>Necesitas m\u00e1s productos encu\u00e9ntralos en nuestra <a href=\"https:\/\/valesafety.com.pe\/tienda\">tienda\u00a0<\/a><\/p>\n<p>Para m\u00e1s informaci\u00f3n sobre este y otros productos, no dudes en contactarnos por\u00a0<a href=\"http:\/\/wa.me\/51923151009\" target=\"_blank\" rel=\"noopener\">WhatsApp<\/a>.<\/p>\n","protected":false},"excerpt":{"rendered":"<p>Antiparra de seguridad CADMO est\u00e1 dise\u00f1ada para ofrecer una protecci\u00f3n \u00f3ptima a los ojos frente a diversos riesgos, incluyendo golpes, impactos de part\u00edculas, polvo, chispas y salpicaduras de productos qu\u00edmicos. Su dise\u00f1o envolvente proporciona una cobertura completa, con protecci\u00f3n tanto frontal como lateral, ideal para trabajos en entornos industriales, qu\u00edmicos y mec\u00e1nicos donde la seguridad ocular es esencial.<\/p>\n","protected":false},"featured_media":4601,"comment_status":"closed","ping_status":"closed","template":"","meta":{"_acf_changed":false},"product_brand":[31],"product_cat":[104,65],"product_tag":[],"class_list":{"0":"post-4544","1":"product","2":"type-product","3":"status-publish","4":"has-post-thumbnail","6":"product_brand-libus","7":"product_cat-antiparras","8":"product_cat-proteccion-visual","10":"first","11":"instock","12":"shipping-taxable","13":"purchasable","14":"product-type-simple"},"acf":[],"_links":{"self":[{"href":"https:\/\/valesafety.com.pe\/index.php?rest_route=\/wp\/v2\/product\/4544","targetHints":{"allow":["GET"]}}],"collection":[{"href":"https:\/\/valesafety.com.pe\/index.php?rest_route=\/wp\/v2\/product"}],"about":[{"href":"https:\/\/valesafety.com.pe\/index.php?rest_route=\/wp\/v2\/types\/product"}],"replies":[{"embeddable":true,"href":"https:\/\/valesafety.com.pe\/index.php?rest_route=%2Fwp%2Fv2%2Fcomments&post=4544"}],"wp:featuredmedia":[{"embeddable":true,"href":"https:\/\/valesafety.com.pe\/index.php?rest_route=\/wp\/v2\/media\/4601"}],"wp:attachment":[{"href":"https:\/\/valesafety.com.pe\/index.php?rest_route=%2Fwp%2Fv2%2Fmedia&parent=4544"}],"wp:term":[{"taxonomy":"product_brand","embeddable":true,"href":"https:\/\/valesafety.com.pe\/index.php?rest_route=%2Fwp%2Fv2%2Fproduct_brand&post=4544"},{"taxonomy":"product_cat","embeddable":true,"href":"https:\/\/valesafety.com.pe\/index.php?rest_route=%2Fwp%2Fv2%2Fproduct_cat&post=4544"},{"taxonomy":"product_tag","embeddable":true,"href":"https:\/\/valesafety.com.pe\/index.php?rest_route=%2Fwp%2Fv2%2Fproduct_tag&post=4544"}],"curies":[{"name":"wp","href":"https:\/\/api.w.org\/{rel}","templated":true}]}}