{"id":4540,"date":"2026-04-23T22:32:40","date_gmt":"2026-04-23T20:32:40","guid":{"rendered":"http:\/\/localhost\/borrador\/?post_type=product&#038;p=4540"},"modified":"2026-05-06T10:28:07","modified_gmt":"2026-05-06T15:28:07","slug":"anteojo-de-seguridad-neon","status":"publish","type":"product","link":"https:\/\/valesafety.com.pe\/?product=anteojo-de-seguridad-neon","title":{"rendered":"Anteojo de seguridad Neon"},"content":{"rendered":"<h2>Anteojo de seguridad Neon<\/h2>\n<ul>\n<li>Dise\u00f1o deportivo que brinda confort manteniendo las prestaciones de seguridad.<\/li>\n<li>Lente de policarbonato.<\/li>\n<li>Filtro UV<\/li>\n<li>Lente con despliegue lateral y patillas ergon\u00f3micas que aseguran un ajustado calce a la cara.<\/li>\n<li>Puente nasal universal con inserto soft inyectado que brinda confort y evita el deslizamiento.<\/li>\n<li>Caja Cerrada: 120 unidades.<\/li>\n<\/ul>\n<p>Necesitas m\u00e1s productos encu\u00e9ntralos en nuestra <a href=\"https:\/\/valesafety.com.pe\/tienda\">tienda\u00a0<\/a><\/p>\n<p>Para m\u00e1s informaci\u00f3n sobre este y otros productos, no dudes en contactarnos por\u00a0<a href=\"http:\/\/wa.me\/51923151009\" target=\"_blank\" rel=\"noopener\">WhatsApp<\/a>.<\/p>\n","protected":false},"excerpt":{"rendered":"<p>El Anteojo de seguridad Neon est\u00e1 dise\u00f1ado para ofrecer una protecci\u00f3n efectiva a los ojos contra golpes, impactos de part\u00edculas, polvo y chispas. Su dise\u00f1o cubre tanto la parte frontal como los laterales, asegurando una protecci\u00f3n integral. Ideal para trabajos en entornos industriales, talleres y actividades donde exista riesgo de exposici\u00f3n a elementos que puedan comprometer la seguridad ocular.<\/p>\n","protected":false},"featured_media":4588,"comment_status":"closed","ping_status":"closed","template":"","meta":{"_acf_changed":false},"product_brand":[31],"product_cat":[103,65],"product_tag":[256,377,378],"class_list":{"0":"post-4540","1":"product","2":"type-product","3":"status-publish","4":"has-post-thumbnail","6":"product_brand-libus","7":"product_cat-anteojos-de-seguridad","8":"product_cat-proteccion-visual","9":"product_tag-lente-libus","10":"product_tag-lente-neon","11":"product_tag-lentes-neon","13":"first","14":"instock","15":"shipping-taxable","16":"purchasable","17":"product-type-simple"},"acf":[],"_links":{"self":[{"href":"https:\/\/valesafety.com.pe\/index.php?rest_route=\/wp\/v2\/product\/4540","targetHints":{"allow":["GET"]}}],"collection":[{"href":"https:\/\/valesafety.com.pe\/index.php?rest_route=\/wp\/v2\/product"}],"about":[{"href":"https:\/\/valesafety.com.pe\/index.php?rest_route=\/wp\/v2\/types\/product"}],"replies":[{"embeddable":true,"href":"https:\/\/valesafety.com.pe\/index.php?rest_route=%2Fwp%2Fv2%2Fcomments&post=4540"}],"wp:featuredmedia":[{"embeddable":true,"href":"https:\/\/valesafety.com.pe\/index.php?rest_route=\/wp\/v2\/media\/4588"}],"wp:attachment":[{"href":"https:\/\/valesafety.com.pe\/index.php?rest_route=%2Fwp%2Fv2%2Fmedia&parent=4540"}],"wp:term":[{"taxonomy":"product_brand","embeddable":true,"href":"https:\/\/valesafety.com.pe\/index.php?rest_route=%2Fwp%2Fv2%2Fproduct_brand&post=4540"},{"taxonomy":"product_cat","embeddable":true,"href":"https:\/\/valesafety.com.pe\/index.php?rest_route=%2Fwp%2Fv2%2Fproduct_cat&post=4540"},{"taxonomy":"product_tag","embeddable":true,"href":"https:\/\/valesafety.com.pe\/index.php?rest_route=%2Fwp%2Fv2%2Fproduct_tag&post=4540"}],"curies":[{"name":"wp","href":"https:\/\/api.w.org\/{rel}","templated":true}]}}