{"id":4521,"date":"2026-04-23T22:32:08","date_gmt":"2026-04-23T20:32:08","guid":{"rendered":"http:\/\/localhost\/borrador\/?post_type=product&#038;p=4521"},"modified":"2026-05-06T17:44:06","modified_gmt":"2026-05-06T22:44:06","slug":"malla-plastica-forestal","status":"publish","type":"product","link":"https:\/\/valesafety.com.pe\/?product=malla-plastica-forestal","title":{"rendered":"Malla Pl\u00e1stica Forestal"},"content":{"rendered":"<h2>Malla Pl\u00e1stica Forestal<\/h2>\n<ul>\n<li>Orientada al uso en actividades forestales como tala, poda, etc.<\/li>\n<li>Protege la cara de astillas, vegetaci\u00f3n y part\u00edculas.<\/li>\n<li>Malla pl\u00e1stica de nylon.<\/li>\n<li>Mesh size: 20\u00d720.<\/li>\n<li>Bastidor de polipropileno ventilado.<\/li>\n<li>3 ranuras distribuidas en la banda superior para un firme montaje en el soporte.<\/li>\n<li>Dimensiones: 8&#8243; x 14\u201d.<\/li>\n<li>Unidad de venta: 70 unidades.<\/li>\n<\/ul>\n<p>Necesitas m\u00e1s productos encu\u00e9ntralos en nuestra <a href=\"https:\/\/valesafety.com.pe\/tienda\">tienda\u00a0<\/a><\/p>\n<p>Para m\u00e1s informaci\u00f3n sobre este y otros productos, no dudes en contactarnos por\u00a0<a href=\"http:\/\/wa.me\/51923151009\" target=\"_blank\" rel=\"noopener\">WhatsApp<\/a>.<\/p>\n","protected":false},"excerpt":{"rendered":"<p>La Malla Pl\u00e1stica Forestal\u00a0est\u00e1 equipada con una malla pl\u00e1stica integrada en un resistente bastidor de pl\u00e1stico, dise\u00f1ada para brindar una barrera efectiva contra part\u00edculas y salpicaduras ligeras. Este equipo combina ligereza y durabilidad, ofreciendo una soluci\u00f3n c\u00f3moda y pr\u00e1ctica para entornos de trabajo donde se requiera protecci\u00f3n facial sin comprometer la ventilaci\u00f3n y la visibilidad.<\/p>\n","protected":false},"featured_media":4583,"comment_status":"closed","ping_status":"closed","template":"","meta":{"_acf_changed":false},"product_brand":[31],"product_cat":[51,81],"product_tag":[],"class_list":{"0":"post-4521","1":"product","2":"type-product","3":"status-publish","4":"has-post-thumbnail","6":"product_brand-libus","7":"product_cat-facial-de-seguridad","8":"product_cat-mallas","10":"first","11":"instock","12":"shipping-taxable","13":"purchasable","14":"product-type-simple"},"acf":[],"_links":{"self":[{"href":"https:\/\/valesafety.com.pe\/index.php?rest_route=\/wp\/v2\/product\/4521","targetHints":{"allow":["GET"]}}],"collection":[{"href":"https:\/\/valesafety.com.pe\/index.php?rest_route=\/wp\/v2\/product"}],"about":[{"href":"https:\/\/valesafety.com.pe\/index.php?rest_route=\/wp\/v2\/types\/product"}],"replies":[{"embeddable":true,"href":"https:\/\/valesafety.com.pe\/index.php?rest_route=%2Fwp%2Fv2%2Fcomments&post=4521"}],"wp:featuredmedia":[{"embeddable":true,"href":"https:\/\/valesafety.com.pe\/index.php?rest_route=\/wp\/v2\/media\/4583"}],"wp:attachment":[{"href":"https:\/\/valesafety.com.pe\/index.php?rest_route=%2Fwp%2Fv2%2Fmedia&parent=4521"}],"wp:term":[{"taxonomy":"product_brand","embeddable":true,"href":"https:\/\/valesafety.com.pe\/index.php?rest_route=%2Fwp%2Fv2%2Fproduct_brand&post=4521"},{"taxonomy":"product_cat","embeddable":true,"href":"https:\/\/valesafety.com.pe\/index.php?rest_route=%2Fwp%2Fv2%2Fproduct_cat&post=4521"},{"taxonomy":"product_tag","embeddable":true,"href":"https:\/\/valesafety.com.pe\/index.php?rest_route=%2Fwp%2Fv2%2Fproduct_tag&post=4521"}],"curies":[{"name":"wp","href":"https:\/\/api.w.org\/{rel}","templated":true}]}}