{"id":4479,"date":"2026-04-23T22:31:09","date_gmt":"2026-04-23T20:31:09","guid":{"rendered":"http:\/\/localhost\/borrador\/?post_type=product&#038;p=4479"},"modified":"2026-05-06T15:02:00","modified_gmt":"2026-05-06T20:02:00","slug":"casco-de-altura-andes","status":"publish","type":"product","link":"https:\/\/valesafety.com.pe\/?product=casco-de-altura-andes","title":{"rendered":"Casco de altura Andes"},"content":{"rendered":"<h2>Casco de altura Andes<\/h2>\n<ul style=\"font-weight: 400;\">\n<li>Fabricado con materiales de alta calidad.<\/li>\n<li>Fabricado en polietileno.<\/li>\n<li>Dise\u00f1o moderno.<\/li>\n<li>Brinda protecci\u00f3n limitada contra descarga el\u00e9ctrica.<\/li>\n<li>Protege la cabeza del impacto de objetos que caen libremente.<\/li>\n<li>Incluye arn\u00e9s textil cremallera. reflectivos y mentonera.<\/li>\n<li>8 puntos de anclaje<\/li>\n<li>Caja cerrada: 8 unidades.<br \/>\nNecesitas m\u00e1s productos encuentralos en nuestra\u00a0<a href=\"https:\/\/valesafety.com.pe\/tienda\">tienda\u00a0<\/a>Para m\u00e1s informaci\u00f3n sobre este y otros productos, no dudes en contactarnos por\u00a0<a href=\"http:\/\/wa.me\/51923151009\" target=\"_blank\" rel=\"noopener\">WhatsApp<\/a>.<\/li>\n<\/ul>\n","protected":false},"excerpt":{"rendered":"<p>Casco de altura Andes casco de seguridad dise\u00f1ado espec\u00edficamente para uso industrial, proporcionando protecci\u00f3n confiable en diversos entornos laborales. Ideal para trabajos en altura cuando se complementa con su mentonera, ofreciendo estabilidad adicional y cumpliendo con altos est\u00e1ndares de seguridad para resguardar al usuario en condiciones desafiantes.<\/p>\n","protected":false},"featured_media":4532,"comment_status":"closed","ping_status":"closed","template":"","meta":{"_acf_changed":false},"product_brand":[31],"product_cat":[46,73],"product_tag":[],"class_list":{"0":"post-4479","1":"product","2":"type-product","3":"status-publish","4":"has-post-thumbnail","6":"product_brand-libus","7":"product_cat-casco-de-seguridad","8":"product_cat-cascos-de-altura","10":"first","11":"instock","12":"shipping-taxable","13":"purchasable","14":"product-type-simple"},"acf":[],"_links":{"self":[{"href":"https:\/\/valesafety.com.pe\/index.php?rest_route=\/wp\/v2\/product\/4479","targetHints":{"allow":["GET"]}}],"collection":[{"href":"https:\/\/valesafety.com.pe\/index.php?rest_route=\/wp\/v2\/product"}],"about":[{"href":"https:\/\/valesafety.com.pe\/index.php?rest_route=\/wp\/v2\/types\/product"}],"replies":[{"embeddable":true,"href":"https:\/\/valesafety.com.pe\/index.php?rest_route=%2Fwp%2Fv2%2Fcomments&post=4479"}],"wp:featuredmedia":[{"embeddable":true,"href":"https:\/\/valesafety.com.pe\/index.php?rest_route=\/wp\/v2\/media\/4532"}],"wp:attachment":[{"href":"https:\/\/valesafety.com.pe\/index.php?rest_route=%2Fwp%2Fv2%2Fmedia&parent=4479"}],"wp:term":[{"taxonomy":"product_brand","embeddable":true,"href":"https:\/\/valesafety.com.pe\/index.php?rest_route=%2Fwp%2Fv2%2Fproduct_brand&post=4479"},{"taxonomy":"product_cat","embeddable":true,"href":"https:\/\/valesafety.com.pe\/index.php?rest_route=%2Fwp%2Fv2%2Fproduct_cat&post=4479"},{"taxonomy":"product_tag","embeddable":true,"href":"https:\/\/valesafety.com.pe\/index.php?rest_route=%2Fwp%2Fv2%2Fproduct_tag&post=4479"}],"curies":[{"name":"wp","href":"https:\/\/api.w.org\/{rel}","templated":true}]}}