{"id":4462,"date":"2026-04-23T22:30:37","date_gmt":"2026-04-23T20:30:37","guid":{"rendered":"http:\/\/localhost\/borrador\/?post_type=product&#038;p=4462"},"modified":"2026-05-06T14:21:35","modified_gmt":"2026-05-06T19:21:35","slug":"camilla-pvc","status":"publish","type":"product","link":"https:\/\/valesafety.com.pe\/?product=camilla-pvc","title":{"rendered":"Camilla PVC"},"content":{"rendered":"<h2>Camilla PVC<\/h2>\n<p>Medidas: 186 x 45 x 6 cm<br \/>\nPeso: 7.5 kg<br \/>\nAcabados<br \/>\nColor: Anaranjado<br \/>\nMaterial: Polietileno<br \/>\n<strong>INCLUYE TRES CORREAS<\/strong><br \/>\n<strong>COLOR NEGRO PARA SUJETAR<\/strong><\/p>\n<p>Necesitas m\u00e1s productos encu\u00e9ntralos en nuestra <a href=\"https:\/\/valesafety.com.pe\/tienda\">tienda\u00a0<\/a><\/p>\n<p>Para m\u00e1s informaci\u00f3n sobre este y otros productos, no dudes en contactarnos por\u00a0<a href=\"http:\/\/wa.me\/51923151009\" target=\"_blank\" rel=\"noopener\">WhatsApp<\/a>.<\/p>\n","protected":false},"excerpt":{"rendered":"<p>Camilla PVC Camilla de emergencia r\u00edgida, dise\u00f1ada para el transporte de personas en situaciones de evacuaci\u00f3n, atenci\u00f3n de primeros auxilios y rescate. Es un producto de plano perfilado con cavidades laterales que simplifican la carga durante el traslado<\/p>\n","protected":false},"featured_media":4524,"comment_status":"closed","ping_status":"closed","template":"","meta":{"_acf_changed":false},"product_brand":[627],"product_cat":[50],"product_tag":[],"class_list":{"0":"post-4462","1":"product","2":"type-product","3":"status-publish","4":"has-post-thumbnail","6":"product_brand-galo","7":"product_cat-equipos-de-emergencia","9":"first","10":"instock","11":"shipping-taxable","12":"purchasable","13":"product-type-simple"},"acf":[],"_links":{"self":[{"href":"https:\/\/valesafety.com.pe\/index.php?rest_route=\/wp\/v2\/product\/4462","targetHints":{"allow":["GET"]}}],"collection":[{"href":"https:\/\/valesafety.com.pe\/index.php?rest_route=\/wp\/v2\/product"}],"about":[{"href":"https:\/\/valesafety.com.pe\/index.php?rest_route=\/wp\/v2\/types\/product"}],"replies":[{"embeddable":true,"href":"https:\/\/valesafety.com.pe\/index.php?rest_route=%2Fwp%2Fv2%2Fcomments&post=4462"}],"wp:featuredmedia":[{"embeddable":true,"href":"https:\/\/valesafety.com.pe\/index.php?rest_route=\/wp\/v2\/media\/4524"}],"wp:attachment":[{"href":"https:\/\/valesafety.com.pe\/index.php?rest_route=%2Fwp%2Fv2%2Fmedia&parent=4462"}],"wp:term":[{"taxonomy":"product_brand","embeddable":true,"href":"https:\/\/valesafety.com.pe\/index.php?rest_route=%2Fwp%2Fv2%2Fproduct_brand&post=4462"},{"taxonomy":"product_cat","embeddable":true,"href":"https:\/\/valesafety.com.pe\/index.php?rest_route=%2Fwp%2Fv2%2Fproduct_cat&post=4462"},{"taxonomy":"product_tag","embeddable":true,"href":"https:\/\/valesafety.com.pe\/index.php?rest_route=%2Fwp%2Fv2%2Fproduct_tag&post=4462"}],"curies":[{"name":"wp","href":"https:\/\/api.w.org\/{rel}","templated":true}]}}