{"id":4443,"date":"2026-04-23T22:30:05","date_gmt":"2026-04-23T20:30:05","guid":{"rendered":"http:\/\/localhost\/borrador\/?post_type=product&#038;p=4443"},"modified":"2026-05-07T10:37:14","modified_gmt":"2026-05-07T15:37:14","slug":"senal-de-piso-mojado","status":"publish","type":"product","link":"https:\/\/valesafety.com.pe\/?product=senal-de-piso-mojado","title":{"rendered":"Se\u00f1al de Piso Mojado"},"content":{"rendered":"<h2>Se\u00f1al de Piso Mojado<\/h2>\n<div class=\"accordion__content\">\n<ul>\n<li class=\"lead\">Material pl\u00e1stico de alta densidad<\/li>\n<li class=\"lead\">Altura 61 cm<\/li>\n<li class=\"lead\">Ancho 21 cm y 30 cm<\/li>\n<li class=\"lead\">Color amarillo<\/li>\n<\/ul>\n<h3>Empleo:<\/h3>\n<p>Se usa para cuando se hace limpieza y mantenimiento cuando esta h\u00famedo o mojado, para prevenir accidentes. En derrames accidentales para advertir que no se limpio correctamente.<\/p>\n<p>Necesitas m\u00e1s productos encu\u00e9ntralos en nuestra <a href=\"https:\/\/valesafety.com.pe\/tienda\">tienda\u00a0<\/a><\/p>\n<p>Para m\u00e1s informaci\u00f3n sobre este y otros productos, no dudes en contactarnos por\u00a0<a href=\"http:\/\/wa.me\/51923151009\" target=\"_blank\" rel=\"noopener\">WhatsApp<\/a>.<\/p>\n<\/div>\n","protected":false},"excerpt":{"rendered":"<p>La se\u00f1al de piso mojado es un instrumento de seguridad esencial para alertar a las personas acerca del peligro de resbalones y ca\u00eddas en \u00e1reas que se encuentran h\u00famedas o mojadas.<\/p>\n","protected":false},"featured_media":4496,"comment_status":"closed","ping_status":"closed","template":"","meta":{"_acf_changed":false},"product_brand":[627],"product_cat":[44],"product_tag":[329,336],"class_list":{"0":"post-4443","1":"product","2":"type-product","3":"status-publish","4":"has-post-thumbnail","6":"product_brand-galo","7":"product_cat-antiderrames","8":"product_tag-galo","9":"product_tag-piso-mojado","11":"first","12":"instock","13":"shipping-taxable","14":"purchasable","15":"product-type-simple"},"acf":[],"_links":{"self":[{"href":"https:\/\/valesafety.com.pe\/index.php?rest_route=\/wp\/v2\/product\/4443","targetHints":{"allow":["GET"]}}],"collection":[{"href":"https:\/\/valesafety.com.pe\/index.php?rest_route=\/wp\/v2\/product"}],"about":[{"href":"https:\/\/valesafety.com.pe\/index.php?rest_route=\/wp\/v2\/types\/product"}],"replies":[{"embeddable":true,"href":"https:\/\/valesafety.com.pe\/index.php?rest_route=%2Fwp%2Fv2%2Fcomments&post=4443"}],"wp:featuredmedia":[{"embeddable":true,"href":"https:\/\/valesafety.com.pe\/index.php?rest_route=\/wp\/v2\/media\/4496"}],"wp:attachment":[{"href":"https:\/\/valesafety.com.pe\/index.php?rest_route=%2Fwp%2Fv2%2Fmedia&parent=4443"}],"wp:term":[{"taxonomy":"product_brand","embeddable":true,"href":"https:\/\/valesafety.com.pe\/index.php?rest_route=%2Fwp%2Fv2%2Fproduct_brand&post=4443"},{"taxonomy":"product_cat","embeddable":true,"href":"https:\/\/valesafety.com.pe\/index.php?rest_route=%2Fwp%2Fv2%2Fproduct_cat&post=4443"},{"taxonomy":"product_tag","embeddable":true,"href":"https:\/\/valesafety.com.pe\/index.php?rest_route=%2Fwp%2Fv2%2Fproduct_tag&post=4443"}],"curies":[{"name":"wp","href":"https:\/\/api.w.org\/{rel}","templated":true}]}}