{"id":4432,"date":"2026-04-23T22:29:35","date_gmt":"2026-04-23T20:29:35","guid":{"rendered":"http:\/\/localhost\/borrador\/?post_type=product&#038;p=4432"},"modified":"2026-05-06T17:29:15","modified_gmt":"2026-05-06T22:29:15","slug":"lentes-de-seguridad-hc-galo","status":"publish","type":"product","link":"https:\/\/valesafety.com.pe\/?product=lentes-de-seguridad-hc-galo","title":{"rendered":"Lentes de Seguridad HC Galo"},"content":{"rendered":"<h2>Lentes de Seguridad HC Galo<\/h2>\n<ul>\n<li>Asequibles y de calidad.<\/li>\n<li>Estilo y comodidad.<\/li>\n<li>Resistentes a impactos.<\/li>\n<li>Lentes de policarbonato.<\/li>\n<li>Negro y azul<\/li>\n<li>Transparente y azul<\/li>\n<\/ul>\n<h3>Empleo:<\/h3>\n<p>Es posible emplearlos en m\u00faltiples sectores como la agricultura, la producci\u00f3n general, los talleres de autom\u00f3viles, los laboratorios, la construcci\u00f3n, la pintura, la decoraci\u00f3n, los trabajos de madera, entre otros.<\/p>\n<p>Necesitas m\u00e1s productos encu\u00e9ntralos en nuestra <a href=\"https:\/\/valesafety.com.pe\/tienda\">tienda\u00a0<\/a><\/p>\n<p>Para m\u00e1s informaci\u00f3n sobre este y otros productos, no dudes en contactarnos por\u00a0<a href=\"http:\/\/wa.me\/51923151009\" target=\"_blank\" rel=\"noopener\">WhatsApp<\/a>.<\/p>\n","protected":false},"excerpt":{"rendered":"<div class=\"accordion__content\">\n<p class=\"lead\">Lentes de Seguridad HC (Lente de pl\u00e1stico) policarbonato resistente al impacto. Cumple con la norma ANSI Z87 (American national standards institute). Lente HC tratamiento anti-rayaduras. Ofrece protecci\u00f3n de part\u00edculas a alta velocidad.<\/p>\n<\/div>\n","protected":false},"featured_media":4494,"comment_status":"closed","ping_status":"closed","template":"","meta":{"_acf_changed":false},"product_brand":[627],"product_cat":[103,65],"product_tag":[],"class_list":{"0":"post-4432","1":"product","2":"type-product","3":"status-publish","4":"has-post-thumbnail","6":"product_brand-galo","7":"product_cat-anteojos-de-seguridad","8":"product_cat-proteccion-visual","10":"first","11":"instock","12":"shipping-taxable","13":"purchasable","14":"product-type-simple"},"acf":[],"_links":{"self":[{"href":"https:\/\/valesafety.com.pe\/index.php?rest_route=\/wp\/v2\/product\/4432","targetHints":{"allow":["GET"]}}],"collection":[{"href":"https:\/\/valesafety.com.pe\/index.php?rest_route=\/wp\/v2\/product"}],"about":[{"href":"https:\/\/valesafety.com.pe\/index.php?rest_route=\/wp\/v2\/types\/product"}],"replies":[{"embeddable":true,"href":"https:\/\/valesafety.com.pe\/index.php?rest_route=%2Fwp%2Fv2%2Fcomments&post=4432"}],"wp:featuredmedia":[{"embeddable":true,"href":"https:\/\/valesafety.com.pe\/index.php?rest_route=\/wp\/v2\/media\/4494"}],"wp:attachment":[{"href":"https:\/\/valesafety.com.pe\/index.php?rest_route=%2Fwp%2Fv2%2Fmedia&parent=4432"}],"wp:term":[{"taxonomy":"product_brand","embeddable":true,"href":"https:\/\/valesafety.com.pe\/index.php?rest_route=%2Fwp%2Fv2%2Fproduct_brand&post=4432"},{"taxonomy":"product_cat","embeddable":true,"href":"https:\/\/valesafety.com.pe\/index.php?rest_route=%2Fwp%2Fv2%2Fproduct_cat&post=4432"},{"taxonomy":"product_tag","embeddable":true,"href":"https:\/\/valesafety.com.pe\/index.php?rest_route=%2Fwp%2Fv2%2Fproduct_tag&post=4432"}],"curies":[{"name":"wp","href":"https:\/\/api.w.org\/{rel}","templated":true}]}}