{"id":4429,"date":"2026-04-23T22:29:34","date_gmt":"2026-04-23T20:29:34","guid":{"rendered":"http:\/\/localhost\/borrador\/?post_type=product&#038;p=4429"},"modified":"2026-05-06T15:52:28","modified_gmt":"2026-05-06T20:52:28","slug":"cono-de-seguridad-galo","status":"publish","type":"product","link":"https:\/\/valesafety.com.pe\/?product=cono-de-seguridad-galo","title":{"rendered":"Cono de Seguridad Galo"},"content":{"rendered":"<h2>Cono de Seguridad Galo:<\/h2>\n<div class=\"accordion__content\">\n<ul>\n<li class=\"lead\">Material: Pl\u00e1stico PVC<\/li>\n<li class=\"lead\">Color: naranja<\/li>\n<li class=\"lead\">Medidas:<br \/>\n70 cm alto<br \/>\n90 cm alto<\/li>\n<\/ul>\n<h3>Empleo:<\/h3>\n<p>Se usa en lugares de tr\u00e1nsito y la se\u00f1alizaci\u00f3n vial y el control de tr\u00e1fico. Sirve para delimitar \u00e1reas de trabajo como obras viales o mantenimiento para indicar que se deben evitar ciertas zonas.<\/p>\n<p>Tambi\u00e9n se usa para las autoescuelas o cursos de manejo en donde se usan para crear circuitos de pr\u00e1ctica.<\/p>\n<p>Necesitas m\u00e1s productos encu\u00e9ntralos en nuestra <a href=\"https:\/\/valesafety.com.pe\/tienda\">tienda\u00a0<\/a><\/p>\n<p>Para m\u00e1s informaci\u00f3n sobre este y otros productos, no dudes en contactarnos por\u00a0<a href=\"http:\/\/wa.me\/51923151009\" target=\"_blank\" rel=\"noopener\">WhatsApp<\/a>.<\/p>\n<\/div>\n","protected":false},"excerpt":{"rendered":"<div class=\"accordion__content\">\n<p class=\"lead\">El cono de seguridad son utilizados para avisar a los conductores de zonas en obras o accidentes. Los conos tambi\u00e9n se usan en espacios p\u00fablicos interiores para marcar zonas que se encuentran cerradas a los peatones, como ba\u00f1os fuera de servicio; o para destacar una situaci\u00f3n de peligro, como un suelo resbaladizo.<\/p>\n<\/div>\n","protected":false},"featured_media":4491,"comment_status":"closed","ping_status":"closed","template":"","meta":{"_acf_changed":false},"product_brand":[627],"product_cat":[64],"product_tag":[328,333,329],"class_list":{"0":"post-4429","1":"product","2":"type-product","3":"status-publish","4":"has-post-thumbnail","6":"product_brand-galo","7":"product_cat-proteccion-vial","8":"product_tag-cachaco-de-seguridad","9":"product_tag-cono-de-seguridad","10":"product_tag-galo","12":"first","13":"instock","14":"shipping-taxable","15":"purchasable","16":"product-type-simple"},"acf":[],"_links":{"self":[{"href":"https:\/\/valesafety.com.pe\/index.php?rest_route=\/wp\/v2\/product\/4429","targetHints":{"allow":["GET"]}}],"collection":[{"href":"https:\/\/valesafety.com.pe\/index.php?rest_route=\/wp\/v2\/product"}],"about":[{"href":"https:\/\/valesafety.com.pe\/index.php?rest_route=\/wp\/v2\/types\/product"}],"replies":[{"embeddable":true,"href":"https:\/\/valesafety.com.pe\/index.php?rest_route=%2Fwp%2Fv2%2Fcomments&post=4429"}],"wp:featuredmedia":[{"embeddable":true,"href":"https:\/\/valesafety.com.pe\/index.php?rest_route=\/wp\/v2\/media\/4491"}],"wp:attachment":[{"href":"https:\/\/valesafety.com.pe\/index.php?rest_route=%2Fwp%2Fv2%2Fmedia&parent=4429"}],"wp:term":[{"taxonomy":"product_brand","embeddable":true,"href":"https:\/\/valesafety.com.pe\/index.php?rest_route=%2Fwp%2Fv2%2Fproduct_brand&post=4429"},{"taxonomy":"product_cat","embeddable":true,"href":"https:\/\/valesafety.com.pe\/index.php?rest_route=%2Fwp%2Fv2%2Fproduct_cat&post=4429"},{"taxonomy":"product_tag","embeddable":true,"href":"https:\/\/valesafety.com.pe\/index.php?rest_route=%2Fwp%2Fv2%2Fproduct_tag&post=4429"}],"curies":[{"name":"wp","href":"https:\/\/api.w.org\/{rel}","templated":true}]}}