{"id":4383,"date":"2026-04-23T22:28:11","date_gmt":"2026-04-23T20:28:11","guid":{"rendered":"http:\/\/localhost\/borrador\/?post_type=product&#038;p=4383"},"modified":"2026-05-06T17:28:49","modified_gmt":"2026-05-06T22:28:49","slug":"lente-vision-af-clute","status":"publish","type":"product","link":"https:\/\/valesafety.com.pe\/?product=lente-vision-af-clute","title":{"rendered":"Lente Vision AF Clute"},"content":{"rendered":"<h2>Lente Vision AF Clute<\/h2>\n<ul>\n<li>Luna de policarbonato de alta transparencia<\/li>\n<li>Bloquea el 99.9% de las radiaciones del espectro ultravioleta.<\/li>\n<li>Tratamiento anti empa\u00f1o (anti &#8211; fog)<\/li>\n<li>Tratamiento anti rayadura<\/li>\n<li>Marco nasal de policarbonato integrado a la estructura del ocular<\/li>\n<li>Dise\u00f1o envolvente que permite una excelente cobertura y protecci\u00f3n lateral, como asi tambi\u00e9n un amplio campo de visi\u00f3n.<\/li>\n<li>Disponible en 3 colores amarillo, negro y amarillo<\/li>\n<\/ul>\n<h2>Certificaciones<\/h2>\n<ul>\n<li>Certificaci\u00f3n ANSI Z87.1<\/li>\n<\/ul>\n<p>Necesitas m\u00e1s productos encu\u00e9ntralos en nuestra <a href=\"https:\/\/valesafety.com.pe\/tienda\">tienda\u00a0<\/a><\/p>\n<p>Para m\u00e1s informaci\u00f3n sobre este y otros productos, no dudes en contactarnos por\u00a0<a href=\"http:\/\/wa.me\/51923151009\" target=\"_blank\" rel=\"noopener\">WhatsApp<\/a>.<\/p>\n","protected":false},"excerpt":{"rendered":"<p>Lente vision AF son anteojo de seguridad VISION de CLUTE, que han sido dise\u00f1ados para proveer el nivel de protecci\u00f3n ocular requerido contra los impactos, y se encuentra entre las opciones m\u00e1s livianas disponibles en el mercado.<\/p>\n","protected":false},"featured_media":4456,"comment_status":"closed","ping_status":"closed","template":"","meta":{"_acf_changed":false},"product_brand":[26],"product_cat":[103,65],"product_tag":[311],"class_list":{"0":"post-4383","1":"product","2":"type-product","3":"status-publish","4":"has-post-thumbnail","6":"product_brand-clute","7":"product_cat-anteojos-de-seguridad","8":"product_cat-proteccion-visual","9":"product_tag-lente-vision","11":"first","12":"instock","13":"shipping-taxable","14":"purchasable","15":"product-type-simple"},"acf":[],"_links":{"self":[{"href":"https:\/\/valesafety.com.pe\/index.php?rest_route=\/wp\/v2\/product\/4383","targetHints":{"allow":["GET"]}}],"collection":[{"href":"https:\/\/valesafety.com.pe\/index.php?rest_route=\/wp\/v2\/product"}],"about":[{"href":"https:\/\/valesafety.com.pe\/index.php?rest_route=\/wp\/v2\/types\/product"}],"replies":[{"embeddable":true,"href":"https:\/\/valesafety.com.pe\/index.php?rest_route=%2Fwp%2Fv2%2Fcomments&post=4383"}],"wp:featuredmedia":[{"embeddable":true,"href":"https:\/\/valesafety.com.pe\/index.php?rest_route=\/wp\/v2\/media\/4456"}],"wp:attachment":[{"href":"https:\/\/valesafety.com.pe\/index.php?rest_route=%2Fwp%2Fv2%2Fmedia&parent=4383"}],"wp:term":[{"taxonomy":"product_brand","embeddable":true,"href":"https:\/\/valesafety.com.pe\/index.php?rest_route=%2Fwp%2Fv2%2Fproduct_brand&post=4383"},{"taxonomy":"product_cat","embeddable":true,"href":"https:\/\/valesafety.com.pe\/index.php?rest_route=%2Fwp%2Fv2%2Fproduct_cat&post=4383"},{"taxonomy":"product_tag","embeddable":true,"href":"https:\/\/valesafety.com.pe\/index.php?rest_route=%2Fwp%2Fv2%2Fproduct_tag&post=4383"}],"curies":[{"name":"wp","href":"https:\/\/api.w.org\/{rel}","templated":true}]}}