{"id":4379,"date":"2026-04-23T22:28:10","date_gmt":"2026-04-23T20:28:10","guid":{"rendered":"http:\/\/localhost\/borrador\/?post_type=product&#038;p=4379"},"modified":"2026-05-06T15:23:29","modified_gmt":"2026-05-06T20:23:29","slug":"chaleco-g-doon","status":"publish","type":"product","link":"https:\/\/valesafety.com.pe\/?product=chaleco-g-doon","title":{"rendered":"Chaleco G Doon"},"content":{"rendered":"<h2>Chaleco G doon<\/h2>\n<ul>\n<li>Chaleco. Cierre por cremallera anti fr\u00edo. Sisas con terminaci\u00f3n al bies.<\/li>\n<li>Protege ri\u00f1ones. 3 bolsillos. 2 bolsillos exteriores con cremallera y 1 bolsillo interior \u00fanicamente.<\/li>\n<li>Tejido poliamida Ripstop impregnado de Poliuretano.<\/li>\n<li>Forro Tafet\u00e1n poli\u00e9ster.<\/li>\n<li>Este art\u00edculo no es un EPI.<\/li>\n<li>COLOR. Azul marino-Azul Rey, Negro-Rojo<\/li>\n<li>TALLA: S, M, L, XL, XXL, 3XL<\/li>\n<\/ul>\n<p>Necesitas m\u00e1s productos encu\u00e9ntralos en nuestra <a href=\"https:\/\/valesafety.com.pe\/tienda\">tienda\u00a0<\/a><\/p>\n<p>Para m\u00e1s informaci\u00f3n sobre este y otros productos, no dudes en contactarnos por\u00a0<a href=\"http:\/\/wa.me\/51923151009\" target=\"_blank\" rel=\"noopener\">WhatsApp<\/a>.<\/p>\n","protected":false},"excerpt":{"rendered":"<p>El chaleco G Doon de DeltaPlus con un dise\u00f1o ligero y resistente, fabricado en tela ripstop de poliamida impregnada de PU, lo hace perfecto para actividades al aire libre en climas fr\u00edos o cambiantes.<\/p>\n<p>Gracias a su acolchado de poli\u00e9ster reciclado y el forro de tafet\u00e1n, ofrece una excelente retenci\u00f3n de calor.<\/p>\n","protected":false},"featured_media":4450,"comment_status":"closed","ping_status":"closed","template":"","meta":{"_acf_changed":false},"product_brand":[27],"product_cat":[107,67],"product_tag":[305,306],"class_list":{"0":"post-4379","1":"product","2":"type-product","3":"status-publish","4":"has-post-thumbnail","6":"product_brand-deltaplus","7":"product_cat-chalecos","8":"product_cat-ropa-de-trabajo","9":"product_tag-doon","10":"product_tag-gdoon","12":"first","13":"instock","14":"shipping-taxable","15":"purchasable","16":"product-type-simple"},"acf":[],"_links":{"self":[{"href":"https:\/\/valesafety.com.pe\/index.php?rest_route=\/wp\/v2\/product\/4379","targetHints":{"allow":["GET"]}}],"collection":[{"href":"https:\/\/valesafety.com.pe\/index.php?rest_route=\/wp\/v2\/product"}],"about":[{"href":"https:\/\/valesafety.com.pe\/index.php?rest_route=\/wp\/v2\/types\/product"}],"replies":[{"embeddable":true,"href":"https:\/\/valesafety.com.pe\/index.php?rest_route=%2Fwp%2Fv2%2Fcomments&post=4379"}],"wp:featuredmedia":[{"embeddable":true,"href":"https:\/\/valesafety.com.pe\/index.php?rest_route=\/wp\/v2\/media\/4450"}],"wp:attachment":[{"href":"https:\/\/valesafety.com.pe\/index.php?rest_route=%2Fwp%2Fv2%2Fmedia&parent=4379"}],"wp:term":[{"taxonomy":"product_brand","embeddable":true,"href":"https:\/\/valesafety.com.pe\/index.php?rest_route=%2Fwp%2Fv2%2Fproduct_brand&post=4379"},{"taxonomy":"product_cat","embeddable":true,"href":"https:\/\/valesafety.com.pe\/index.php?rest_route=%2Fwp%2Fv2%2Fproduct_cat&post=4379"},{"taxonomy":"product_tag","embeddable":true,"href":"https:\/\/valesafety.com.pe\/index.php?rest_route=%2Fwp%2Fv2%2Fproduct_tag&post=4379"}],"curies":[{"name":"wp","href":"https:\/\/api.w.org\/{rel}","templated":true}]}}