{"id":4358,"date":"2026-04-23T22:27:40","date_gmt":"2026-04-23T20:27:40","guid":{"rendered":"http:\/\/localhost\/borrador\/?post_type=product&#038;p=4358"},"modified":"2026-04-29T15:16:15","modified_gmt":"2026-04-29T20:16:15","slug":"camilla-canastilla-de-metal","status":"publish","type":"product","link":"https:\/\/valesafety.com.pe\/?product=camilla-canastilla-de-metal","title":{"rendered":"Camilla Canastilla de Metal"},"content":{"rendered":"<h2>Camilla Canastilla de Metal<\/h2>\n<ul>\n<li>Fabricada en metal tubular y con varillas de alambre galvanizado<\/li>\n<li>Ba\u00f1ada en pintura tecnogloss y secada al horno para una protecci\u00f3n adicional contra el desgaste y la erosi\u00f3n.<\/li>\n<li>Con dimensiones, 209 cm de largo 59 cm de ancho y 25 cm de alto. Para un amplio espacio para el paciente, y una comodidad en el transporte<\/li>\n<li>Resiste hasta 100 kg, capaz de soportar una amplia gama de pesos, garantizando la estabilidad y seguridad del paciente.<\/li>\n<\/ul>\n<p>Aseg\u00farate de contar con un equipo capacitado para situaciones de emergencia. Explora nuestra amplia gama de productos y encuentra la camilla para evacuaci\u00f3n y emergencias que se ajuste a tus necesidades. Garantiza la seguridad y el bienestar de tus pacientes y colaboradores en todo momento.<\/p>\n<p>Necesitas m\u00e1s productos encu\u00e9ntralos en nuestra <a href=\"https:\/\/valesafety.com.pe\/tienda\">tienda\u00a0<\/a><\/p>\n<p>Para m\u00e1s informaci\u00f3n sobre este y otros productos, no dudes en contactarnos por\u00a0<a href=\"http:\/\/wa.me\/51923151009\" target=\"_blank\" rel=\"noopener\">WhatsApp<\/a>.<\/p>\n","protected":false},"excerpt":{"rendered":"<p>Camilla Canastilla de Metal, su dise\u00f1o protege al paciente e impide caerse, es ideal para rescate y traslado en zonas de dif\u00edcil acceso.<\/p>\n<p>Conf\u00eda en nuestra camilla canastilla para satisfacer tus necesidades de transporte de pacientes. Ya sea en hospitales, cl\u00ednicas, servicios de emergencia o cualquier otro entorno m\u00e9dico, esta camilla proporciona una soluci\u00f3n confiable y eficiente. Aseg\u00farate de contar con un equipo capacitado para situaciones de emergencia. Explora nuestra amplia gama de productos y encuentra la camilla para evacuaci\u00f3n y emergencias que se ajuste a tus necesidades. Garantiza la seguridad y el bienestar de tus pacientes y colaboradores en todo momento.<\/p>\n","protected":false},"featured_media":4416,"comment_status":"closed","ping_status":"closed","template":"","meta":{"_acf_changed":false},"product_brand":[],"product_cat":[50],"product_tag":[],"class_list":{"0":"post-4358","1":"product","2":"type-product","3":"status-publish","4":"has-post-thumbnail","6":"product_cat-equipos-de-emergencia","8":"first","9":"instock","10":"shipping-taxable","11":"purchasable","12":"product-type-simple"},"acf":[],"_links":{"self":[{"href":"https:\/\/valesafety.com.pe\/index.php?rest_route=\/wp\/v2\/product\/4358","targetHints":{"allow":["GET"]}}],"collection":[{"href":"https:\/\/valesafety.com.pe\/index.php?rest_route=\/wp\/v2\/product"}],"about":[{"href":"https:\/\/valesafety.com.pe\/index.php?rest_route=\/wp\/v2\/types\/product"}],"replies":[{"embeddable":true,"href":"https:\/\/valesafety.com.pe\/index.php?rest_route=%2Fwp%2Fv2%2Fcomments&post=4358"}],"wp:featuredmedia":[{"embeddable":true,"href":"https:\/\/valesafety.com.pe\/index.php?rest_route=\/wp\/v2\/media\/4416"}],"wp:attachment":[{"href":"https:\/\/valesafety.com.pe\/index.php?rest_route=%2Fwp%2Fv2%2Fmedia&parent=4358"}],"wp:term":[{"taxonomy":"product_brand","embeddable":true,"href":"https:\/\/valesafety.com.pe\/index.php?rest_route=%2Fwp%2Fv2%2Fproduct_brand&post=4358"},{"taxonomy":"product_cat","embeddable":true,"href":"https:\/\/valesafety.com.pe\/index.php?rest_route=%2Fwp%2Fv2%2Fproduct_cat&post=4358"},{"taxonomy":"product_tag","embeddable":true,"href":"https:\/\/valesafety.com.pe\/index.php?rest_route=%2Fwp%2Fv2%2Fproduct_tag&post=4358"}],"curies":[{"name":"wp","href":"https:\/\/api.w.org\/{rel}","templated":true}]}}