{"id":4347,"date":"2026-04-23T22:27:10","date_gmt":"2026-04-23T20:27:10","guid":{"rendered":"http:\/\/localhost\/borrador\/?post_type=product&#038;p=4347"},"modified":"2026-05-06T14:35:37","modified_gmt":"2026-05-06T19:35:37","slug":"capucha-balaclava-fr20-portwest","status":"publish","type":"product","link":"https:\/\/valesafety.com.pe\/?product=capucha-balaclava-fr20-portwest","title":{"rendered":"Capucha Balaclava Fr20 Portwest"},"content":{"rendered":"<h2>Capucha Balaclava Fr20<\/h2>\n<ul>\n<li>La resistencia a la llama no disminuir\u00e1 con el lavado.<\/li>\n<li>Protecci\u00f3n contra el calor por contacto, convectivo y radiante<\/li>\n<li>Antiest\u00e9tico<\/li>\n<li>El tejido clasificado UPF 50+ bloquea el 98% de los rayos ultravioletas<\/li>\n<li>Alto contenido en algod\u00f3n para una sensaci\u00f3n m\u00e1s c\u00f3moda<\/li>\n<li>Certificaci\u00f3n de CE<\/li>\n<\/ul>\n<h3>Certificaciones y\/o normas<\/h3>\n<ul>\n<li><span class=\"OYPEnA font-feature-liga-off font-feature-clig-off font-feature-calt-off text-decoration-none text-strikethrough-none\">ELIM TESTING IN PROGRESS<\/span><\/li>\n<li><span class=\"OYPEnA font-feature-liga-off font-feature-clig-off font-feature-calt-off text-decoration-none text-strikethrough-none\">EN 1149 -5<\/span><\/li>\n<li><span class=\"OYPEnA font-feature-liga-off font-feature-clig-off font-feature-calt-off text-decoration-none text-strikethrough-none\">EN ISO 11612 (A1, B1, C1, F1)<\/span><\/li>\n<li><span class=\"OYPEnA font-feature-liga-off font-feature-clig-off font-feature-calt-off text-decoration-none text-strikethrough-none\">IEC 61482-2 IEC 61482-1-2 Class 1<\/span><\/li>\n<li><span class=\"OYPEnA font-feature-liga-off font-feature-clig-off font-feature-calt-off text-decoration-none text-strikethrough-none\">ASTM F1959\/F1959M-12 (ATPV=16 Cal\/CM 2 (HAF=86%))<br \/>\n<\/span><\/li>\n<\/ul>\n<p>Necesitas m\u00e1s productos encu\u00e9ntralos en nuestra <a href=\"https:\/\/valesafety.com.pe\/tienda\">tienda\u00a0<\/a><\/p>\n<p>Para m\u00e1s informaci\u00f3n sobre este y otros productos, no dudes en contactarnos por\u00a0<a href=\"http:\/\/wa.me\/51923151009\" target=\"_blank\" rel=\"noopener\">WhatsApp<\/a>.<\/p>\n","protected":false},"excerpt":{"rendered":"<p>Capucha Balaclava Fr20 Portwest es antiest\u00e1tico y resistente a la llama por naturaleza. El tejido protege ARC2 contra los efectos t\u00e9rmicos de un arco el\u00e9ctrico y el alto contenido en algod\u00f3n hace que sea m\u00e1s c\u00f3modo para la piel. Ideal cuando se requiere mayor protecci\u00f3n y calidez.<\/p>\n","protected":false},"featured_media":4414,"comment_status":"closed","ping_status":"closed","template":"","meta":{"_acf_changed":false},"product_brand":[34],"product_cat":[105,67],"product_tag":[],"class_list":{"0":"post-4347","1":"product","2":"type-product","3":"status-publish","4":"has-post-thumbnail","6":"product_brand-portwest","7":"product_cat-capucha","8":"product_cat-ropa-de-trabajo","10":"first","11":"instock","12":"shipping-taxable","13":"purchasable","14":"product-type-simple"},"acf":[],"_links":{"self":[{"href":"https:\/\/valesafety.com.pe\/index.php?rest_route=\/wp\/v2\/product\/4347","targetHints":{"allow":["GET"]}}],"collection":[{"href":"https:\/\/valesafety.com.pe\/index.php?rest_route=\/wp\/v2\/product"}],"about":[{"href":"https:\/\/valesafety.com.pe\/index.php?rest_route=\/wp\/v2\/types\/product"}],"replies":[{"embeddable":true,"href":"https:\/\/valesafety.com.pe\/index.php?rest_route=%2Fwp%2Fv2%2Fcomments&post=4347"}],"wp:featuredmedia":[{"embeddable":true,"href":"https:\/\/valesafety.com.pe\/index.php?rest_route=\/wp\/v2\/media\/4414"}],"wp:attachment":[{"href":"https:\/\/valesafety.com.pe\/index.php?rest_route=%2Fwp%2Fv2%2Fmedia&parent=4347"}],"wp:term":[{"taxonomy":"product_brand","embeddable":true,"href":"https:\/\/valesafety.com.pe\/index.php?rest_route=%2Fwp%2Fv2%2Fproduct_brand&post=4347"},{"taxonomy":"product_cat","embeddable":true,"href":"https:\/\/valesafety.com.pe\/index.php?rest_route=%2Fwp%2Fv2%2Fproduct_cat&post=4347"},{"taxonomy":"product_tag","embeddable":true,"href":"https:\/\/valesafety.com.pe\/index.php?rest_route=%2Fwp%2Fv2%2Fproduct_tag&post=4347"}],"curies":[{"name":"wp","href":"https:\/\/api.w.org\/{rel}","templated":true}]}}