{"id":4327,"date":"2026-04-23T22:26:42","date_gmt":"2026-04-23T20:26:42","guid":{"rendered":"http:\/\/localhost\/borrador\/?post_type=product&#038;p=4327"},"modified":"2026-04-30T11:40:56","modified_gmt":"2026-04-30T16:40:56","slug":"maletin-kit-antiderrame-60-x-40-cm","status":"publish","type":"product","link":"https:\/\/valesafety.com.pe\/?product=maletin-kit-antiderrame-60-x-40-cm","title":{"rendered":"Malet\u00edn Kit Antiderrame 60 x 40 cm"},"content":{"rendered":"<h2>Malet\u00edn Kit Antiderrame 60 x 40 cm<\/h2>\n<ul>\n<li>Medida: 60 x 40 cm.<\/li>\n<li>Color: Amarillo.<\/li>\n<\/ul>\n<p>Ver los diferentes kits en la ficha t\u00e9cnica en donde encontraras KITS de tama\u00f1o peque\u00f1o, mediano y grande.<\/p>\n<p>&nbsp;<\/p>\n<p>Necesitas m\u00e1s productos encu\u00e9ntralos en nuestra <a href=\"https:\/\/valesafety.com.pe\/tienda\">tienda\u00a0<\/a><\/p>\n<p>Para m\u00e1s informaci\u00f3n sobre este y otros productos, no dudes en contactarnos por\u00a0<a href=\"http:\/\/wa.me\/51923151009\" target=\"_blank\" rel=\"noopener\">WhatsApp<\/a>.<\/p>\n","protected":false},"excerpt":{"rendered":"<p>Es una manera port\u00e1til de manejar derrames de l\u00edquidos. Provisto de absorbentes y herramientas de contenci\u00f3n, ofrece una respuesta r\u00e1pida y efectiva para prevenir la dispersi\u00f3n de sustancias peligrosas.<\/p>\n","protected":false},"featured_media":4375,"comment_status":"closed","ping_status":"closed","template":"","meta":{"_acf_changed":false},"product_brand":[],"product_cat":[44,69],"product_tag":[],"class_list":{"0":"post-4327","1":"product","2":"type-product","3":"status-publish","4":"has-post-thumbnail","6":"product_cat-antiderrames","7":"product_cat-kit-antiderrame","9":"first","10":"instock","11":"shipping-taxable","12":"purchasable","13":"product-type-simple"},"acf":[],"_links":{"self":[{"href":"https:\/\/valesafety.com.pe\/index.php?rest_route=\/wp\/v2\/product\/4327","targetHints":{"allow":["GET"]}}],"collection":[{"href":"https:\/\/valesafety.com.pe\/index.php?rest_route=\/wp\/v2\/product"}],"about":[{"href":"https:\/\/valesafety.com.pe\/index.php?rest_route=\/wp\/v2\/types\/product"}],"replies":[{"embeddable":true,"href":"https:\/\/valesafety.com.pe\/index.php?rest_route=%2Fwp%2Fv2%2Fcomments&post=4327"}],"wp:featuredmedia":[{"embeddable":true,"href":"https:\/\/valesafety.com.pe\/index.php?rest_route=\/wp\/v2\/media\/4375"}],"wp:attachment":[{"href":"https:\/\/valesafety.com.pe\/index.php?rest_route=%2Fwp%2Fv2%2Fmedia&parent=4327"}],"wp:term":[{"taxonomy":"product_brand","embeddable":true,"href":"https:\/\/valesafety.com.pe\/index.php?rest_route=%2Fwp%2Fv2%2Fproduct_brand&post=4327"},{"taxonomy":"product_cat","embeddable":true,"href":"https:\/\/valesafety.com.pe\/index.php?rest_route=%2Fwp%2Fv2%2Fproduct_cat&post=4327"},{"taxonomy":"product_tag","embeddable":true,"href":"https:\/\/valesafety.com.pe\/index.php?rest_route=%2Fwp%2Fv2%2Fproduct_tag&post=4327"}],"curies":[{"name":"wp","href":"https:\/\/api.w.org\/{rel}","templated":true}]}}