{"id":4313,"date":"2026-04-23T22:26:14","date_gmt":"2026-04-23T20:26:14","guid":{"rendered":"http:\/\/localhost\/borrador\/?post_type=product&#038;p=4313"},"modified":"2026-04-29T16:52:02","modified_gmt":"2026-04-29T21:52:02","slug":"cinta-masking-tape","status":"publish","type":"product","link":"https:\/\/valesafety.com.pe\/?product=cinta-masking-tape","title":{"rendered":"Cinta Masking Tape"},"content":{"rendered":"<h2>Cinta Masking Tape<\/h2>\n<ul>\n<li>Fabricadas con papel crepado de gran resistencia, estas cintas conservan su forma incluso en superficies curvas.<\/li>\n<li>Utilizan adhesivos a base de hule y resina para un agarre eficiente.<\/li>\n<li>Permita una remoci\u00f3n limpia dentro de un per\u00edodo de 3 d\u00edas. Ofrecen alta resistencia a la humedad, solventes, pintura y diversos agentes qu\u00edmicos, siendo ideales para aplicaciones de uso general.<\/li>\n<\/ul>\n<p>Necesitas m\u00e1s productos encu\u00e9ntralos en nuestra <a href=\"https:\/\/valesafety.com.pe\/tienda\">tienda\u00a0<\/a><\/p>\n<p>Para m\u00e1s informaci\u00f3n sobre este y otros productos, no dudes en contactarnos por\u00a0<a href=\"http:\/\/wa.me\/51923151009\" target=\"_blank\" rel=\"noopener\">WhatsApp<\/a>.<\/p>\n","protected":false},"excerpt":{"rendered":"<p>Son necesarios en proyectos de pintura y enmascaramiento. Ofrecen una sujeci\u00f3n firme sin dejar residuos, ya que est\u00e1n fabricadas con adhesivo de calidad. Perfectos para lograr l\u00edneas definidas y precisas, garantizando un acabado profesional en cualquier tipo de superficie.<\/p>\n","protected":false},"featured_media":4370,"comment_status":"closed","ping_status":"closed","template":"","meta":{"_acf_changed":false},"product_brand":[],"product_cat":[271],"product_tag":[],"class_list":{"0":"post-4313","1":"product","2":"type-product","3":"status-publish","4":"has-post-thumbnail","6":"product_cat-ferreteria-2","8":"first","9":"instock","10":"shipping-taxable","11":"purchasable","12":"product-type-simple"},"acf":[],"_links":{"self":[{"href":"https:\/\/valesafety.com.pe\/index.php?rest_route=\/wp\/v2\/product\/4313","targetHints":{"allow":["GET"]}}],"collection":[{"href":"https:\/\/valesafety.com.pe\/index.php?rest_route=\/wp\/v2\/product"}],"about":[{"href":"https:\/\/valesafety.com.pe\/index.php?rest_route=\/wp\/v2\/types\/product"}],"replies":[{"embeddable":true,"href":"https:\/\/valesafety.com.pe\/index.php?rest_route=%2Fwp%2Fv2%2Fcomments&post=4313"}],"wp:featuredmedia":[{"embeddable":true,"href":"https:\/\/valesafety.com.pe\/index.php?rest_route=\/wp\/v2\/media\/4370"}],"wp:attachment":[{"href":"https:\/\/valesafety.com.pe\/index.php?rest_route=%2Fwp%2Fv2%2Fmedia&parent=4313"}],"wp:term":[{"taxonomy":"product_brand","embeddable":true,"href":"https:\/\/valesafety.com.pe\/index.php?rest_route=%2Fwp%2Fv2%2Fproduct_brand&post=4313"},{"taxonomy":"product_cat","embeddable":true,"href":"https:\/\/valesafety.com.pe\/index.php?rest_route=%2Fwp%2Fv2%2Fproduct_cat&post=4313"},{"taxonomy":"product_tag","embeddable":true,"href":"https:\/\/valesafety.com.pe\/index.php?rest_route=%2Fwp%2Fv2%2Fproduct_tag&post=4313"}],"curies":[{"name":"wp","href":"https:\/\/api.w.org\/{rel}","templated":true}]}}