{"id":4293,"date":"2026-04-23T22:25:44","date_gmt":"2026-04-23T20:25:44","guid":{"rendered":"http:\/\/localhost\/borrador\/?post_type=product&#038;p=4293"},"modified":"2026-05-06T13:08:33","modified_gmt":"2026-05-06T18:08:33","slug":"cable-de-bloqueo-ajustable","status":"publish","type":"product","link":"https:\/\/valesafety.com.pe\/?product=cable-de-bloqueo-ajustable","title":{"rendered":"Cable De Bloqueo Ajustable"},"content":{"rendered":"<h2>Cable De Bloqueo Ajustable<\/h2>\n<ul>\n<li>Cable ajustable de alta resistencia , ideal para m\u00faltiples aplicaciones.<\/li>\n<li>Sistema de bloqueo con mecanismo seguro , evitando liberaciones accidentales.<\/li>\n<li>Dise\u00f1ado para entornos industriales , garantizando la protecci\u00f3n de los trabajadores.<\/li>\n<li>Compatible con diferentes tipos de candados de seguridad .<\/li>\n<li>Cumple con normativas de seguridad LOTO , asegurando la m\u00e1xima protecci\u00f3n.<\/li>\n<\/ul>\n<h3 class=\"\" data-start=\"1294\" data-end=\"1348\"><strong data-start=\"1298\" data-end=\"1346\">Aplicaciones del Cable De Bloqueo Ajustable:<\/strong><\/h3>\n<ul>\n<li data-start=\"1349\" data-end=\"1600\">Mantenimiento y reparaci\u00f3n de equipos industriales.<\/li>\n<li data-start=\"1349\" data-end=\"1600\">Supervisi\u00f3n e intervenci\u00f3n en maquinaria peligrosa.<\/li>\n<li data-start=\"1349\" data-end=\"1600\">Seguridad en procesos el\u00e9ctricos, hidr\u00e1ulicos y neum\u00e1ticos.<\/li>\n<li data-start=\"1349\" data-end=\"1600\">Implementaci\u00f3n en programas de <strong data-start=\"1558\" data-end=\"1597\">Control de Energ\u00eda Peligrosa (LOTO)<\/strong> .<\/li>\n<\/ul>\n<p>Necesitas m\u00e1s productos encu\u00e9ntralos en nuestra <a href=\"https:\/\/valesafety.com.pe\/tienda\">tienda\u00a0<\/a><\/p>\n<p>Para m\u00e1s informaci\u00f3n sobre este y otros productos, no dudes en contactarnos por\u00a0<a href=\"http:\/\/wa.me\/51923151009\" target=\"_blank\" rel=\"noopener\">WhatsApp<\/a>.<\/p>\n","protected":false},"excerpt":{"rendered":"<div class=\"flex-1 overflow-hidden\">\n<div class=\"react-scroll-to-bottom--css-vqvqz-79elbk h-full\">\n<div class=\"react-scroll-to-bottom--css-vqvqz-1n7m0yu\">\n<div class=\"flex flex-col text-sm pb-9\">\n<div class=\"w-full text-token-text-primary\" dir=\"auto\" data-testid=\"conversation-turn-153\" data-scroll-anchor=\"true\">\n<div class=\"py-2 juice:py-[18px] px-3 text-base md:px-4 m-auto md:px-5 lg:px-1 xl:px-5\">\n<div class=\"mx-auto flex flex-1 gap-3 text-base juice:gap-4 juice:md:gap-6 md:max-w-3xl lg:max-w-[40rem] xl:max-w-[48rem]\">\n<div class=\"group\/conversation-turn relative flex w-full min-w-0 flex-col agent-turn\">\n<div class=\"flex-col gap-1 md:gap-3\">\n<div class=\"flex flex-grow flex-col max-w-full\">\n<div class=\"min-h-[20px] text-message flex flex-col items-start whitespace-pre-wrap break-words [.text-message+&amp;]:mt-5 juice:w-full juice:items-end overflow-x-auto gap-2\" dir=\"auto\" data-message-author-role=\"assistant\" data-message-id=\"cf5b4448-2608-490c-a3a5-b2dbce0e0475\">\n<div class=\"flex w-full flex-col gap-1 juice:empty:hidden juice:first:pt-[3px]\">\n<div class=\"markdown prose w-full break-words dark:prose-invert dark\">\n<p class=\"\" data-start=\"391\" data-end=\"677\">El Cable De Bloqueo Ajustable es una herramienta clave en los procedimientos de seguridad LOTO (Lockout\/Tagout), permitiendo un control eficaz de la energ\u00eda peligrosa en operaciones de mantenimiento, reparaci\u00f3n y supervisi\u00f3n de maquinaria e instalaciones industriales .<\/p>\n<p class=\"\" data-start=\"679\" data-end=\"846\">Este sistema de bloqueo es vers\u00e1til y f\u00e1cil de usar, ideal para garantizar la seguridad del personal al trabajar con equipos el\u00e9ctricos, hidr\u00e1ulicos y mec\u00e1nicos .<\/p>\n<\/div>\n<\/div>\n<\/div>\n<\/div>\n<\/div>\n<\/div>\n<\/div>\n<\/div>\n<\/div>\n<\/div>\n<\/div>\n<\/div>\n<\/div>\n","protected":false},"featured_media":4352,"comment_status":"closed","ping_status":"closed","template":"","meta":{"_acf_changed":false},"product_brand":[32],"product_cat":[45],"product_tag":[267,268],"class_list":{"0":"post-4293","1":"product","2":"type-product","3":"status-publish","4":"has-post-thumbnail","6":"product_brand-loto-master","7":"product_cat-bloqueo-y-etiquetado","8":"product_tag-bloqueo","9":"product_tag-candados","11":"first","12":"instock","13":"shipping-taxable","14":"purchasable","15":"product-type-simple"},"acf":[],"_links":{"self":[{"href":"https:\/\/valesafety.com.pe\/index.php?rest_route=\/wp\/v2\/product\/4293","targetHints":{"allow":["GET"]}}],"collection":[{"href":"https:\/\/valesafety.com.pe\/index.php?rest_route=\/wp\/v2\/product"}],"about":[{"href":"https:\/\/valesafety.com.pe\/index.php?rest_route=\/wp\/v2\/types\/product"}],"replies":[{"embeddable":true,"href":"https:\/\/valesafety.com.pe\/index.php?rest_route=%2Fwp%2Fv2%2Fcomments&post=4293"}],"wp:featuredmedia":[{"embeddable":true,"href":"https:\/\/valesafety.com.pe\/index.php?rest_route=\/wp\/v2\/media\/4352"}],"wp:attachment":[{"href":"https:\/\/valesafety.com.pe\/index.php?rest_route=%2Fwp%2Fv2%2Fmedia&parent=4293"}],"wp:term":[{"taxonomy":"product_brand","embeddable":true,"href":"https:\/\/valesafety.com.pe\/index.php?rest_route=%2Fwp%2Fv2%2Fproduct_brand&post=4293"},{"taxonomy":"product_cat","embeddable":true,"href":"https:\/\/valesafety.com.pe\/index.php?rest_route=%2Fwp%2Fv2%2Fproduct_cat&post=4293"},{"taxonomy":"product_tag","embeddable":true,"href":"https:\/\/valesafety.com.pe\/index.php?rest_route=%2Fwp%2Fv2%2Fproduct_tag&post=4293"}],"curies":[{"name":"wp","href":"https:\/\/api.w.org\/{rel}","templated":true}]}}