{"id":4269,"date":"2026-04-23T22:25:07","date_gmt":"2026-04-23T20:25:07","guid":{"rendered":"http:\/\/localhost\/borrador\/?post_type=product&#038;p=4269"},"modified":"2026-05-07T10:23:00","modified_gmt":"2026-05-07T15:23:00","slug":"respirador-advantage-200ls","status":"publish","type":"product","link":"https:\/\/valesafety.com.pe\/?product=respirador-advantage-200ls","title":{"rendered":"Respirador Advantage 200LS"},"content":{"rendered":"<h2>Respirador Advantage 200LS<\/h2>\n<ul class=\"fa-ul\">\n<li>Ideal para presupuestos ajustados.<\/li>\n<li><i class=\"fas fa-check fa-li text-green\"><\/i>Durabilidad extendida.<\/li>\n<li><i class=\"fas fa-check fa-li text-green\"><\/i>Peso reducido, permite el uso por largos periodos de tiempo.<\/li>\n<li><i class=\"fas fa-check fa-li text-green\"><\/i>V\u00e1lvulas de exhalaci\u00f3n, respirar es m\u00e1s c\u00f3modo que con las mascarillas desechables. Menos cansancio.<\/li>\n<li>Material: Kraton (termopl\u00e1stico) y PVC, con superficie de AnthroCurve.<\/li>\n<li>Ajustes: 4 puntos de ajuste.<\/li>\n<\/ul>\n<p>Necesitas m\u00e1s productos encu\u00e9ntralos en nuestra <a href=\"https:\/\/valesafety.com.pe\/tienda\">tienda\u00a0<\/a><\/p>\n<p>Para m\u00e1s informaci\u00f3n sobre este y otros productos, no dudes en contactarnos por\u00a0<a href=\"http:\/\/wa.me\/51923151009\" target=\"_blank\" rel=\"noopener\">WhatsApp<\/a>.<\/p>\n","protected":false},"excerpt":{"rendered":"<div class=\"flex-1 overflow-hidden\">\n<div class=\"react-scroll-to-bottom--css-vqvqz-79elbk h-full\">\n<div class=\"react-scroll-to-bottom--css-vqvqz-1n7m0yu\">\n<div class=\"flex flex-col text-sm pb-9\">\n<div class=\"w-full text-token-text-primary\" dir=\"auto\" data-testid=\"conversation-turn-139\" data-scroll-anchor=\"true\">\n<div class=\"py-2 juice:py-[18px] px-3 text-base md:px-4 m-auto md:px-5 lg:px-1 xl:px-5\">\n<div class=\"mx-auto flex flex-1 gap-3 text-base juice:gap-4 juice:md:gap-6 md:max-w-3xl lg:max-w-[40rem] xl:max-w-[48rem]\">\n<div class=\"group\/conversation-turn relative flex w-full min-w-0 flex-col agent-turn\">\n<div class=\"flex-col gap-1 md:gap-3\">\n<div class=\"flex flex-grow flex-col max-w-full\">\n<div class=\"min-h-[20px] text-message flex flex-col items-start whitespace-pre-wrap break-words [.text-message+&amp;]:mt-5 juice:w-full juice:items-end overflow-x-auto gap-2\" dir=\"auto\" data-message-author-role=\"assistant\" data-message-id=\"f19aa761-d4b2-4e4b-a651-52fcd640f972\">\n<div class=\"flex w-full flex-col gap-1 juice:empty:hidden juice:first:pt-[3px]\">\n<div class=\"markdown prose w-full break-words dark:prose-invert dark\">\n<p>El Respirador Advantage 200LS cuenta con un dise\u00f1o ligero y c\u00f3modo, ofrece una protecci\u00f3n eficaz contra gases y vapores org\u00e1nicos, garantizando la seguridad y la comodidad del usuario durante la jornada laboral.<\/p>\n<h3 class=\"pdp-redesign--section-heading\"><strong>Puntos destacados<\/strong><\/h3>\n<div class=\"pdp-redesign--section-content\">\n<ul>\n<li>Ligera y econ\u00f3mica<\/li>\n<li>Goma termopl\u00e1stica que mejora la suavidad y disminuye el peso<\/li>\n<li>Sistema Multiflex que iguala la presi\u00f3n facial<\/li>\n<li>AnthroCurve adaptable a cada configuraci\u00f3n facial del usuario<\/li>\n<\/ul>\n<\/div>\n<\/div>\n<\/div>\n<\/div>\n<\/div>\n<\/div>\n<\/div>\n<\/div>\n<\/div>\n<\/div>\n<\/div>\n<\/div>\n<\/div>\n<\/div>\n","protected":false},"featured_media":4332,"comment_status":"closed","ping_status":"closed","template":"","meta":{"_acf_changed":false},"product_brand":[33],"product_cat":[62,100],"product_tag":[254,262],"class_list":{"0":"post-4269","1":"product","2":"type-product","3":"status-publish","4":"has-post-thumbnail","6":"product_brand-msa","7":"product_cat-proteccion-respiratoria","8":"product_cat-respiradores","9":"product_tag-msa","10":"product_tag-respirador","12":"first","13":"instock","14":"shipping-taxable","15":"purchasable","16":"product-type-simple"},"acf":[],"_links":{"self":[{"href":"https:\/\/valesafety.com.pe\/index.php?rest_route=\/wp\/v2\/product\/4269","targetHints":{"allow":["GET"]}}],"collection":[{"href":"https:\/\/valesafety.com.pe\/index.php?rest_route=\/wp\/v2\/product"}],"about":[{"href":"https:\/\/valesafety.com.pe\/index.php?rest_route=\/wp\/v2\/types\/product"}],"replies":[{"embeddable":true,"href":"https:\/\/valesafety.com.pe\/index.php?rest_route=%2Fwp%2Fv2%2Fcomments&post=4269"}],"wp:featuredmedia":[{"embeddable":true,"href":"https:\/\/valesafety.com.pe\/index.php?rest_route=\/wp\/v2\/media\/4332"}],"wp:attachment":[{"href":"https:\/\/valesafety.com.pe\/index.php?rest_route=%2Fwp%2Fv2%2Fmedia&parent=4269"}],"wp:term":[{"taxonomy":"product_brand","embeddable":true,"href":"https:\/\/valesafety.com.pe\/index.php?rest_route=%2Fwp%2Fv2%2Fproduct_brand&post=4269"},{"taxonomy":"product_cat","embeddable":true,"href":"https:\/\/valesafety.com.pe\/index.php?rest_route=%2Fwp%2Fv2%2Fproduct_cat&post=4269"},{"taxonomy":"product_tag","embeddable":true,"href":"https:\/\/valesafety.com.pe\/index.php?rest_route=%2Fwp%2Fv2%2Fproduct_tag&post=4269"}],"curies":[{"name":"wp","href":"https:\/\/api.w.org\/{rel}","templated":true}]}}