{"id":4201,"date":"2026-04-23T22:23:16","date_gmt":"2026-04-23T20:23:16","guid":{"rendered":"http:\/\/localhost\/borrador\/?post_type=product&#038;p=4201"},"modified":"2026-05-06T14:43:37","modified_gmt":"2026-05-06T19:43:37","slug":"cartucho-6006-3m","status":"publish","type":"product","link":"https:\/\/valesafety.com.pe\/?product=cartucho-6006-3m","title":{"rendered":"Cartucho 6006 3M"},"content":{"rendered":"<h2>Cartucho 6006 3M<\/h2>\n<ul>\n<li class=\"\" data-start=\"759\" data-end=\"886\">\n<p class=\"\" data-start=\"761\" data-end=\"886\"><strong data-start=\"761\" data-end=\"783\">Aprobado por NIOSH<\/strong> : Protecci\u00f3n certificada contra vapores org\u00e1nicos, gases \u00e1cidos, amoniaco, metilamina y formaldeh\u00eddo.<\/p>\n<\/li>\n<li class=\"\" data-start=\"887\" data-end=\"981\">\n<p class=\"\" data-start=\"889\" data-end=\"981\"><strong data-start=\"889\" data-end=\"927\">Compatibilidad con respiradores 3M<\/strong> : Compatible con las series <strong data-start=\"955\" data-end=\"978\">6000, 7000 y FF-400<\/strong> .<\/p>\n<\/li>\n<li class=\"\" data-start=\"982\" data-end=\"1077\">\n<p class=\"\" data-start=\"984\" data-end=\"1077\"><strong data-start=\"984\" data-end=\"1020\">Dise\u00f1o barrido hacia atr\u00e1s de bajo perfil<\/strong> : Mejora la comodidad y el campo de visi\u00f3n del usuario.<\/p>\n<\/li>\n<li class=\"\" data-start=\"1078\" data-end=\"1176\">\n<p class=\"\" data-start=\"1080\" data-end=\"1176\"><strong data-start=\"1080\" data-end=\"1119\">Resistencia m\u00ednima a la respiraci\u00f3n<\/strong> : Facilita la respiraci\u00f3n sin comprometer la seguridad.<\/p>\n<\/li>\n<li class=\"\" data-start=\"1177\" data-end=\"1273\">\n<p class=\"\" data-start=\"1179\" data-end=\"1273\"><strong data-start=\"1179\" data-end=\"1216\">Sistema de conexi\u00f3n tipo bayoneta<\/strong> : Instalaci\u00f3n r\u00e1pida con un ajuste de cuarto de vuelta.<\/p>\n<\/li>\n<li class=\"\" data-start=\"1274\" data-end=\"1392\">\n<p class=\"\" data-start=\"1276\" data-end=\"1392\"><strong data-start=\"1276\" data-end=\"1318\">Reducci\u00f3n de necesidades de inventario<\/strong> : Su versatilidad permite el uso en m\u00faltiples aplicaciones industriales.<\/p>\n<\/li>\n<li class=\"\" data-start=\"1393\" data-end=\"1547\">\n<p class=\"\" data-start=\"1395\" data-end=\"1547\"><strong data-start=\"1395\" data-end=\"1435\">Cumple con las regulaciones de seguridad<\/strong> : OSHA exige el uso de gafas a prueba de gas con respiradores de media cara cuando se usa contra formaldeh\u00eddo.<\/p>\n<\/li>\n<\/ul>\n<h4 class=\"\" data-start=\"1549\" data-end=\"1585\"><strong data-start=\"1554\" data-end=\"1583\">Aplicaciones recomendadas<\/strong><\/h4>\n<p class=\"\" data-start=\"1586\" data-end=\"1752\">El cartucho multi-g\u00e1s y vapor de 3M es ideal para su uso en <strong data-start=\"1645\" data-end=\"1737\">industrias que requieren una protecci\u00f3n avanzada contra una variedad de gases peligrosos<\/strong> , tales como:<\/p>\n<ul data-start=\"1753\" data-end=\"2241\">\n<li class=\"\" data-start=\"1753\" data-end=\"1863\">\n<p class=\"\" data-start=\"1755\" data-end=\"1863\"><strong data-start=\"1755\" data-end=\"1808\">Petroqu\u00edmica y procesamiento de metales primarios<\/strong> : Protecci\u00f3n en entornos con vapores y gases t\u00f3xicos.<\/p>\n<\/li>\n<li class=\"\" data-start=\"1864\" data-end=\"1953\">\n<p class=\"\" data-start=\"1866\" data-end=\"1953\"><strong data-start=\"1866\" data-end=\"1887\">Industria qu\u00edmica<\/strong> : Seguridad en la manipulaci\u00f3n de sustancias qu\u00edmicas vol\u00e1tiles.<\/p>\n<\/li>\n<li class=\"\" data-start=\"1954\" data-end=\"2042\">\n<p class=\"\" data-start=\"1956\" data-end=\"2042\"><strong data-start=\"1956\" data-end=\"1978\">Servicios p\u00fablicos<\/strong> : Protecci\u00f3n en procesos de tratamiento de agua y saneamiento.<\/p>\n<\/li>\n<li class=\"\" data-start=\"2043\" data-end=\"2142\">\n<p class=\"\" data-start=\"2045\" data-end=\"2142\"><strong data-start=\"2045\" data-end=\"2071\">Industria farmac\u00e9utica<\/strong> : Prevenci\u00f3n de inhalaci\u00f3n de vapores en la fabricaci\u00f3n de productos.<\/p>\n<\/li>\n<li class=\"\" data-start=\"2143\" data-end=\"2241\">\n<p class=\"\" data-start=\"2145\" data-end=\"2241\"><strong data-start=\"2145\" data-end=\"2156\">Miner\u00eda<\/strong> : Protecci\u00f3n contra gases peligrosos en operaciones subterr\u00e1neas ya cielo abierto<\/p>\n<\/li>\n<\/ul>\n<p>Necesitas m\u00e1s productos encu\u00e9ntralos en nuestra <a href=\"https:\/\/valesafety.com.pe\/tienda\">tienda\u00a0<\/a><\/p>\n<p>Para m\u00e1s informaci\u00f3n sobre este y otros productos, no dudes en contactarnos por\u00a0<a href=\"http:\/\/wa.me\/51923151009\" target=\"_blank\" rel=\"noopener\">WhatsApp<\/a>.<\/p>\n","protected":false},"excerpt":{"rendered":"<p class=\"\" data-start=\"107\" data-end=\"453\">El <strong data-start=\"110\" data-end=\"142\">cartucho 6006 3M multi-g\u00e1s y vapor<\/strong> est\u00e1 dise\u00f1ado para brindar <strong data-start=\"170\" data-end=\"270\">protecci\u00f3n respiratoria confiable contra una amplia variedad de vapores org\u00e1nicos y gases \u00e1cidos<\/strong> , incluyendo <strong data-start=\"283\" data-end=\"322\">amoniaco, metilamina y formaldeh\u00eddo<\/strong> . Su dise\u00f1o ergon\u00f3mico y su <strong data-start=\"350\" data-end=\"374\">aprobaci\u00f3n por NIOSH<\/strong> lo convierten en una opci\u00f3n ideal para entornos industriales de alto riesgo.<\/p>\n<p class=\"\" data-start=\"455\" data-end=\"719\">Cuenta con un <strong data-start=\"469\" data-end=\"504\">dise\u00f1o inclinado de bajo perfil<\/strong> , lo que mejora el campo de visi\u00f3n y el equilibrio del usuario. Adem\u00e1s, su construcci\u00f3n <strong data-start=\"592\" data-end=\"641\">ligera y de baja resistencia a la respiraci\u00f3n<\/strong> permite una experiencia m\u00e1s c\u00f3moda durante jornadas de trabajo prolongadas.<\/p>\n","protected":false},"featured_media":4266,"comment_status":"closed","ping_status":"closed","template":"","meta":{"_acf_changed":false},"product_brand":[38],"product_cat":[98,62],"product_tag":[],"class_list":{"0":"post-4201","1":"product","2":"type-product","3":"status-publish","4":"has-post-thumbnail","6":"product_brand-3m","7":"product_cat-filtros","8":"product_cat-proteccion-respiratoria","10":"first","11":"instock","12":"shipping-taxable","13":"purchasable","14":"product-type-simple"},"acf":[],"_links":{"self":[{"href":"https:\/\/valesafety.com.pe\/index.php?rest_route=\/wp\/v2\/product\/4201","targetHints":{"allow":["GET"]}}],"collection":[{"href":"https:\/\/valesafety.com.pe\/index.php?rest_route=\/wp\/v2\/product"}],"about":[{"href":"https:\/\/valesafety.com.pe\/index.php?rest_route=\/wp\/v2\/types\/product"}],"replies":[{"embeddable":true,"href":"https:\/\/valesafety.com.pe\/index.php?rest_route=%2Fwp%2Fv2%2Fcomments&post=4201"}],"wp:featuredmedia":[{"embeddable":true,"href":"https:\/\/valesafety.com.pe\/index.php?rest_route=\/wp\/v2\/media\/4266"}],"wp:attachment":[{"href":"https:\/\/valesafety.com.pe\/index.php?rest_route=%2Fwp%2Fv2%2Fmedia&parent=4201"}],"wp:term":[{"taxonomy":"product_brand","embeddable":true,"href":"https:\/\/valesafety.com.pe\/index.php?rest_route=%2Fwp%2Fv2%2Fproduct_brand&post=4201"},{"taxonomy":"product_cat","embeddable":true,"href":"https:\/\/valesafety.com.pe\/index.php?rest_route=%2Fwp%2Fv2%2Fproduct_cat&post=4201"},{"taxonomy":"product_tag","embeddable":true,"href":"https:\/\/valesafety.com.pe\/index.php?rest_route=%2Fwp%2Fv2%2Fproduct_tag&post=4201"}],"curies":[{"name":"wp","href":"https:\/\/api.w.org\/{rel}","templated":true}]}}