{"id":4183,"date":"2026-04-23T22:22:46","date_gmt":"2026-04-23T20:22:46","guid":{"rendered":"http:\/\/localhost\/borrador\/?post_type=product&#038;p=4183"},"modified":"2026-05-06T15:05:02","modified_gmt":"2026-05-06T20:05:02","slug":"casco-delta-plus-quartz","status":"publish","type":"product","link":"https:\/\/valesafety.com.pe\/?product=casco-delta-plus-quartz","title":{"rendered":"Casco Delta Plus Quartz"},"content":{"rendered":"<h2>Casco Delta Plus Quartz<\/h2>\n<ul>\n<li>Casco de obra ventilado de polipropileno (PP) de alta densidad, con tratamiento ultravioleta.<\/li>\n<li>Arn\u00e9s interior polietileno con ocho puntos de fijaci\u00f3n.<\/li>\n<li>Sudadera de esponja.<\/li>\n<li>Ajuste gu\u00eda corredera: desde los 53 a los 63 cm de circunferencia de la cabeza.<\/li>\n<li>Dos posicionamientos posibles del contorno de la cabeza (alto\/bajo) para una mejor comodidad.<\/li>\n<li>Casco ventilado con ventilaci\u00f3n regulable.<\/li>\n<\/ul>\n<p>Necesitas m\u00e1s productos encu\u00e9ntralos en nuestra <a href=\"https:\/\/valesafety.com.pe\/tienda\">tienda\u00a0<\/a><\/p>\n<p>Para m\u00e1s informaci\u00f3n sobre este y otros productos, no dudes en contactarnos por\u00a0<a href=\"http:\/\/wa.me\/51923151009\" target=\"_blank\" rel=\"noopener\">WhatsApp<\/a>.<\/p>\n","protected":false},"excerpt":{"rendered":"<p data-pm-slice=\"1 1 []\">El Casco Delta Plus Quartz es esencial en entornos laborales exigentes. Protege contra impactos y penetraci\u00f3n gracias a su dise\u00f1o ergon\u00f3mico y materiales de alta resistencia, garantizando seguridad y comodidad para el usuario durante periodos prolongados de uso.<\/p>\n","protected":false},"featured_media":4241,"comment_status":"closed","ping_status":"closed","template":"","meta":{"_acf_changed":false},"product_brand":[27],"product_cat":[46,74],"product_tag":[207,211],"class_list":{"0":"post-4183","1":"product","2":"type-product","3":"status-publish","4":"has-post-thumbnail","6":"product_brand-deltaplus","7":"product_cat-casco-de-seguridad","8":"product_cat-cascos-de-seguridad","9":"product_tag-casco-de-seguridad","10":"product_tag-casco-deltaplus","12":"first","13":"instock","14":"shipping-taxable","15":"purchasable","16":"product-type-simple"},"acf":[],"_links":{"self":[{"href":"https:\/\/valesafety.com.pe\/index.php?rest_route=\/wp\/v2\/product\/4183","targetHints":{"allow":["GET"]}}],"collection":[{"href":"https:\/\/valesafety.com.pe\/index.php?rest_route=\/wp\/v2\/product"}],"about":[{"href":"https:\/\/valesafety.com.pe\/index.php?rest_route=\/wp\/v2\/types\/product"}],"replies":[{"embeddable":true,"href":"https:\/\/valesafety.com.pe\/index.php?rest_route=%2Fwp%2Fv2%2Fcomments&post=4183"}],"wp:featuredmedia":[{"embeddable":true,"href":"https:\/\/valesafety.com.pe\/index.php?rest_route=\/wp\/v2\/media\/4241"}],"wp:attachment":[{"href":"https:\/\/valesafety.com.pe\/index.php?rest_route=%2Fwp%2Fv2%2Fmedia&parent=4183"}],"wp:term":[{"taxonomy":"product_brand","embeddable":true,"href":"https:\/\/valesafety.com.pe\/index.php?rest_route=%2Fwp%2Fv2%2Fproduct_brand&post=4183"},{"taxonomy":"product_cat","embeddable":true,"href":"https:\/\/valesafety.com.pe\/index.php?rest_route=%2Fwp%2Fv2%2Fproduct_cat&post=4183"},{"taxonomy":"product_tag","embeddable":true,"href":"https:\/\/valesafety.com.pe\/index.php?rest_route=%2Fwp%2Fv2%2Fproduct_tag&post=4183"}],"curies":[{"name":"wp","href":"https:\/\/api.w.org\/{rel}","templated":true}]}}